000
CDUS46 KOTX 301245
CLIEAT


CLIMATE REPORT
NATIONAL WEATHER SERVICE SPOKANE, WA
545 AM PDT TUE JUN 30 2015


...................................

...THE WENATCHEE WA PANGBORN FIELD CLIMATE SUMMARY FOR JUNE 29 2015...

CLIMATE NORMAL PERIOD 1981 TO 2010
CLIMATE RECORD PERIOD 1959 TO 2015


WEATHER ITEM   OBSERVED TIME   RECORD YEAR NORMAL DEPARTURE LAST
                VALUE   (LST)  VALUE       VALUE  FROM      YEAR
                                                  NORMAL
..................................................................
TEMPERATURE (F)
 YESTERDAY
  MAXIMUM         99    538 PM 102    2008  82     17       77
  MINIMUM         73    743 AM  43    1964  58     15       60
  AVERAGE         86                        70     16       69

PRECIPITATION (IN)
  YESTERDAY        0.04          0.24 1992   0.02   0.02     0.00
  MONTH TO DATE    0.04                      0.59  -0.55     0.44
  SINCE OCT 1      6.91                      7.19  -0.28     3.31
  SINCE JAN 1      3.73                      4.24  -0.51     2.75

SNOWFALL (IN)
  YESTERDAY       MM

DEGREE DAYS
 HEATING
  YESTERDAY        0                         1     -1        0
  MONTH TO DATE    0                        57    -57       15
  SINCE JUN 1      0                        57    -57       15
  SINCE JUL 1   4498                      5771  -1273     5638

 COOLING
  YESTERDAY       21                         6     15        4
  MONTH TO DATE  361                       104    257      150
  SINCE JUN 1    361                       104    257      150
  SINCE JAN 1    460                       251    209      208
..................................................................


WIND (MPH)
  HIGHEST WIND SPEED    25   HIGHEST WIND DIRECTION     W (290)
  HIGHEST GUST SPEED    30   HIGHEST GUST DIRECTION     W (290)
  AVERAGE WIND SPEED    11.6


SKY COVER
  POSSIBLE SUNSHINE  MM
  AVERAGE SKY COVER 0.0


WEATHER CONDITIONS
 THE FOLLOWING WEATHER WAS RECORDED YESTERDAY.
  THUNDERSTORM
  LIGHT RAIN


RELATIVE HUMIDITY (PERCENT)
 HIGHEST    64           800 AM
 LOWEST     18           600 PM
 AVERAGE    41

..........................................................


THE WENATCHEE WA PANGBORN FIELD CLIMATE NORMALS FOR TODAY
                         NORMAL    RECORD    YEAR
 MAXIMUM TEMPERATURE (F)   82       102      1987
 MINIMUM TEMPERATURE (F)   58        46      1970


SUNRISE AND SUNSET
JUNE 30 2015..........SUNRISE   507 AM PDT   SUNSET   901 PM PDT
JULY  1 2015..........SUNRISE   508 AM PDT   SUNSET   901 PM PDT


-  INDICATES NEGATIVE NUMBERS.
R  INDICATES RECORD WAS SET OR TIED.
MM INDICATES DATA IS MISSING.
T  INDICATES TRACE AMOUNT.




$$
