000
CDUS46 KOTX 220821
CLIEAT


CLIMATE REPORT
NATIONAL WEATHER SERVICE SPOKANE, WA
121 AM PDT MON SEP 22 2014


...................................

...THE WENATCHEE WA PANGBORN FIELD CLIMATE SUMMARY FOR SEPTEMBER 21 2014...

CLIMATE NORMAL PERIOD 1981 TO 2010
CLIMATE RECORD PERIOD 1959 TO 2014


WEATHER ITEM   OBSERVED TIME   RECORD YEAR NORMAL DEPARTURE LAST
                VALUE   (LST)  VALUE       VALUE  FROM      YEAR
                                                  NORMAL
..................................................................
TEMPERATURE (F)
 YESTERDAY
  MAXIMUM         89    415 PM  92    1967  75     14       75
  MINIMUM         56    525 AM  38    1983  51      5       56
  AVERAGE         73                        62     11       66

PRECIPITATION (IN)
  YESTERDAY        0.00          0.02 1972   0.01  -0.01      T
  MONTH TO DATE    T                         0.23  -0.23     0.62
  SINCE OCT 1      4.52                      7.90  -3.38    10.30
  SINCE JAN 1      3.96                      4.95  -0.99     6.50

SNOWFALL (IN)
  YESTERDAY       MM             0.0  1999   0.0   MM       MM
  MONTH TO DATE   MM                         0.0   MM       MM
  SINCE SEP 1     MM                         0.0   MM       MM
  SINCE JUL 1     MM                         0.0   MM       MM
  SNOW DEPTH      MM

DEGREE DAYS
 HEATING
  YESTERDAY        0                         4     -4        0
  MONTH TO DATE   16                        48    -32       13
  SINCE SEP 1     16                        48    -32       13
  SINCE JUL 1     16                        62    -46       13

 COOLING
  YESTERDAY        8                         2      6        1
  MONTH TO DATE   98                        72     26      147
  SINCE SEP 1     98                        72     26      147
  SINCE JAN 1   1189                       860    329     1028
..................................................................


WIND (MPH)
  HIGHEST WIND SPEED    14   HIGHEST WIND DIRECTION     W (290)
  HIGHEST GUST SPEED    15   HIGHEST GUST DIRECTION     W (290)
  AVERAGE WIND SPEED     4.4


SKY COVER
  POSSIBLE SUNSHINE  MM
  AVERAGE SKY COVER 0.0


WEATHER CONDITIONS
 THE FOLLOWING WEATHER WAS RECORDED YESTERDAY.
  NO SIGNIFICANT WEATHER WAS OBSERVED.


RELATIVE HUMIDITY (PERCENT)
 HIGHEST    57           500 AM
 LOWEST     18           300 PM
 AVERAGE    38

..........................................................


THE WENATCHEE WA PANGBORN FIELD CLIMATE NORMALS FOR TODAY
                         NORMAL    RECORD    YEAR
 MAXIMUM TEMPERATURE (F)   74        90      1966
 MINIMUM TEMPERATURE (F)   50        39      1996


SUNRISE AND SUNSET
SEPTEMBER 22 2014.....SUNRISE   648 AM PDT   SUNSET   658 PM PDT
SEPTEMBER 23 2014.....SUNRISE   649 AM PDT   SUNSET   656 PM PDT


-  INDICATES NEGATIVE NUMBERS.
R  INDICATES RECORD WAS SET OR TIED.
MM INDICATES DATA IS MISSING.
T  INDICATES TRACE AMOUNT.




$$
