000
CDUS46 KOTX 260828
CLIEAT


CLIMATE REPORT
NATIONAL WEATHER SERVICE SPOKANE, WA
128 AM PDT TUE SEP 26 2017


...................................

...THE WENATCHEE WA PANGBORN FIELD CLIMATE SUMMARY FOR SEPTEMBER 25 2017...

CLIMATE NORMAL PERIOD 1981 TO 2010
CLIMATE RECORD PERIOD 1959 TO 2017


WEATHER ITEM   OBSERVED TIME   RECORD YEAR NORMAL DEPARTURE LAST
                VALUE   (LST)  VALUE       VALUE  FROM      YEAR
                                                  NORMAL
..................................................................
TEMPERATURE (F)
 YESTERDAY
  MAXIMUM         69    146 PM  87    1962  73     -4       79
  MINIMUM         54    710 AM  34    1972  49      5       57
  AVERAGE         62                        61      1       68

PRECIPITATION (IN)
  YESTERDAY        T             0.36 1977   0.01  -0.01     0.00
  MONTH TO DATE    0.02                      0.28  -0.26     0.05
  SINCE OCT 1      9.90                      7.95   1.95    11.21
  SINCE JAN 1      7.08                      5.00   2.08     7.35

SNOWFALL (IN)
  YESTERDAY       MM

DEGREE DAYS
 HEATING
  YESTERDAY        3                         5     -2        0
  MONTH TO DATE   86                        67     19       68
  SINCE SEP 1     86                        67     19       68
  SINCE JUL 1     86                        81      5       72

 COOLING
  YESTERDAY        0                         1     -1        3
  MONTH TO DATE  113                        77     36       20
  SINCE SEP 1    113                        77     36       20
  SINCE JAN 1   1058                       865    193      793
..................................................................


WIND (MPH)
  HIGHEST WIND SPEED    15   HIGHEST WIND DIRECTION    NW (300)
  HIGHEST GUST SPEED    18   HIGHEST GUST DIRECTION     W (290)
  AVERAGE WIND SPEED     4.7


SKY COVER
  POSSIBLE SUNSHINE  MM
  AVERAGE SKY COVER 0.4


WEATHER CONDITIONS
 THE FOLLOWING WEATHER WAS RECORDED YESTERDAY.
  LIGHT RAIN


RELATIVE HUMIDITY (PERCENT)
 HIGHEST    77           700 AM
 LOWEST     48           600 PM
 AVERAGE    63

..........................................................


THE WENATCHEE WA PANGBORN FIELD CLIMATE NORMALS FOR TODAY
                         NORMAL    RECORD    YEAR
 MAXIMUM TEMPERATURE (F)   72        86      2003
                                             1994
 MINIMUM TEMPERATURE (F)   49        37      1972


SUNRISE AND SUNSET
SEPTEMBER 26 2017.....SUNRISE   653 AM PDT   SUNSET   650 PM PDT
SEPTEMBER 27 2017.....SUNRISE   655 AM PDT   SUNSET   648 PM PDT


-  INDICATES NEGATIVE NUMBERS.
R  INDICATES RECORD WAS SET OR TIED.
MM INDICATES DATA IS MISSING.
T  INDICATES TRACE AMOUNT.




$$
