000
CDUS46 KOTX 280436
CLIEAT


CLIMATE REPORT
NATIONAL WEATHER SERVICE SPOKANE, WA
836 PM PST SAT DEC 27 2014


...................................

...THE WENATCHEE WA PANGBORN FIELD CLIMATE SUMMARY FOR DECEMBER 27 2014...
VALID TODAY AS OF 0800 PM LOCAL TIME.

CLIMATE NORMAL PERIOD 1981 TO 2010
CLIMATE RECORD PERIOD 1959 TO 2014


WEATHER ITEM   OBSERVED TIME   RECORD YEAR NORMAL DEPARTURE LAST
                VALUE   (LST)  VALUE       VALUE  FROM      YEAR
                                                  NORMAL
..................................................................
TEMPERATURE (F)
 TODAY
  MAXIMUM         37    253 PM  57    1980  31      6       33
  MINIMUM         29    538 AM   1    1996  22      7       25
  AVERAGE         33                        27      6       29

PRECIPITATION (IN)
  TODAY            0.04          0.65 1965   0.05  -0.01     0.00
  MONTH TO DATE    1.25                      1.25   0.00     0.11
  SINCE OCT 1      3.09                      2.80   0.29     0.56
  SINCE JAN 1      7.21                      7.86  -0.65     7.25

SNOWFALL (IN)
  TODAY           MM

DEGREE DAYS
 HEATING
  TODAY           32                        38     -6       36
  MONTH TO DATE  776                       993   -217     1059
  SINCE DEC 1    776                       993   -217     1059
  SINCE JUL 1   1882                      2365   -483     2424

 COOLING
  TODAY            0                         0      0        0
  MONTH TO DATE    0                         0      0        0
  SINCE DEC 1      0                         0      0        0
  SINCE JAN 1   1218                       790    428     1028
..................................................................


WIND (MPH)
  HIGHEST WIND SPEED    12   HIGHEST WIND DIRECTION     W (280)
  HIGHEST GUST SPEED    13   HIGHEST GUST DIRECTION     W (280)
  AVERAGE WIND SPEED     1.0


SKY COVER
  POSSIBLE SUNSHINE  MM
  AVERAGE SKY COVER 0.4


WEATHER CONDITIONS
 THE FOLLOWING WEATHER WAS RECORDED TODAY.
  LIGHT SNOW
  FOG
  FOG W/VISIBILITY <= 1/4 MILE


RELATIVE HUMIDITY (PERCENT)
 HIGHEST    85           200 AM
 LOWEST     75           100 PM
 AVERAGE    80

..........................................................


THE WENATCHEE WA PANGBORN FIELD CLIMATE NORMALS FOR TOMORROW
                         NORMAL    RECORD    YEAR
 MAXIMUM TEMPERATURE (F)   31        52      2011
 MINIMUM TEMPERATURE (F)   22       -16      1968


SUNRISE AND SUNSET
DECEMBER 27 2014......SUNRISE   748 AM PST   SUNSET   416 PM PST
DECEMBER 28 2014......SUNRISE   748 AM PST   SUNSET   417 PM PST


-  INDICATES NEGATIVE NUMBERS.
R  INDICATES RECORD WAS SET OR TIED.
MM INDICATES DATA IS MISSING.
T  INDICATES TRACE AMOUNT.




$$
