000
CDUS46 KOTX 300427
CLIEAT


CLIMATE REPORT
NATIONAL WEATHER SERVICE SPOKANE, WA
925 PM PDT MON MAY 29 2017


...................................

...THE WENATCHEE WA PANGBORN FIELD CLIMATE SUMMARY FOR MAY 29 2017...
VALID TODAY AS OF 0800 PM LOCAL TIME.

CLIMATE NORMAL PERIOD 1981 TO 2010
CLIMATE RECORD PERIOD 1959 TO 2017


WEATHER ITEM   OBSERVED TIME   RECORD YEAR NORMAL DEPARTURE LAST
                VALUE   (LST)  VALUE       VALUE  FROM      YEAR
                                                  NORMAL
..................................................................
TEMPERATURE (F)
 TODAY
  MAXIMUM         91    317 PM  98    1986  75     16       75
  MINIMUM         59    440 AM  40    1976  52      7       53
  AVERAGE         75                        63     12       64

PRECIPITATION (IN)
  TODAY            0.00          0.16 1970   0.03  -0.03      T
  MONTH TO DATE    0.59                      0.62  -0.03     0.94
  SINCE OCT 1      9.60                      6.54   3.06    10.24
  SINCE JAN 1      6.78                      3.59   3.19     6.38

DEGREE DAYS
 HEATING
  TODAY            0                         4     -4        1
  MONTH TO DATE  198                       193      5       70
  SINCE MAR 1   1410                      1245    165      836
  SINCE JUL 1   6201                      5709    492     4709

 COOLING
  TODAY           10                         2      8        0
  MONTH TO DATE   44                        32     12       27
  SINCE MAR 1     44                        70    -26       39
  SINCE JAN 1     44                        70    -26       39
..................................................................


WIND (MPH)
  HIGHEST WIND SPEED    17   HIGHEST WIND DIRECTION     W (280)
  HIGHEST GUST SPEED    20   HIGHEST GUST DIRECTION     W (290)
  AVERAGE WIND SPEED     7.3


SKY COVER
  POSSIBLE SUNSHINE  MM
  AVERAGE SKY COVER 0.0


WEATHER CONDITIONS
 THE FOLLOWING WEATHER WAS RECORDED TODAY.
  NO SIGNIFICANT WEATHER WAS OBSERVED.


RELATIVE HUMIDITY (PERCENT)
 HIGHEST    60           400 AM
 LOWEST     16           300 PM
 AVERAGE    38

..........................................................


THE WENATCHEE WA PANGBORN FIELD CLIMATE NORMALS FOR TOMORROW
                         NORMAL    RECORD    YEAR
 MAXIMUM TEMPERATURE (F)   75       103      1986
 MINIMUM TEMPERATURE (F)   52        42      1984


SUNRISE AND SUNSET
MAY 29 2017...........SUNRISE   510 AM PDT   SUNSET   847 PM PDT
MAY 30 2017...........SUNRISE   509 AM PDT   SUNSET   848 PM PDT


-  INDICATES NEGATIVE NUMBERS.
R  INDICATES RECORD WAS SET OR TIED.
MM INDICATES DATA IS MISSING.
T  INDICATES TRACE AMOUNT.




$$
