000
CDUS46 KOTX 270856
CLIEAT


CLIMATE REPORT
NATIONAL WEATHER SERVICE SPOKANE, WA
156 AM PDT THU JUL 27 2017


...................................

...THE WENATCHEE WA PANGBORN FIELD CLIMATE SUMMARY FOR JULY 26 2017...

CLIMATE NORMAL PERIOD 1981 TO 2010
CLIMATE RECORD PERIOD 1959 TO 2017


WEATHER ITEM   OBSERVED TIME   RECORD YEAR NORMAL DEPARTURE LAST
                VALUE   (LST)  VALUE       VALUE  FROM      YEAR
                                                  NORMAL
..................................................................
TEMPERATURE (F)
 YESTERDAY
  MAXIMUM         95    419 PM 106    1998  89      6       95
  MINIMUM         66    533 AM  53    1983  63      3       70
  AVERAGE         81                        76      5       83

PRECIPITATION (IN)
  YESTERDAY        0.00          0.65 1978   0.01  -0.01     0.00
  MONTH TO DATE    0.00                      0.24  -0.24     0.26
  SINCE OCT 1      9.82                      7.44   2.38    11.16
  SINCE JAN 1      7.00                      4.49   2.51     7.30

SNOWFALL (IN)
  YESTERDAY       MM

DEGREE DAYS
 HEATING
  YESTERDAY        0                         0      0        0
  MONTH TO DATE    0                         2     -2        2
  SINCE JUN 1     40                        60    -20       58
  SINCE JUL 1      0                         2     -2        2

 COOLING
  YESTERDAY       16                        11      5       18
  MONTH TO DATE  316                       235     81      161
  SINCE JUN 1    440                       527    -87      341
  SINCE JAN 1    496                       674   -178      383
..................................................................


WIND (MPH)
  HIGHEST WIND SPEED    20   HIGHEST WIND DIRECTION    NW (310)
  HIGHEST GUST SPEED    24   HIGHEST GUST DIRECTION    NW (300)
  AVERAGE WIND SPEED     9.4


SKY COVER
  POSSIBLE SUNSHINE  MM
  AVERAGE SKY COVER 0.0


WEATHER CONDITIONS
 THE FOLLOWING WEATHER WAS RECORDED YESTERDAY.
  NO SIGNIFICANT WEATHER WAS OBSERVED.


RELATIVE HUMIDITY (PERCENT)
 HIGHEST    53           600 AM
 LOWEST     17           300 PM
 AVERAGE    35

..........................................................


THE WENATCHEE WA PANGBORN FIELD CLIMATE NORMALS FOR TODAY
                         NORMAL    RECORD    YEAR
 MAXIMUM TEMPERATURE (F)   89       108      1998
 MINIMUM TEMPERATURE (F)   63        54      1976


SUNRISE AND SUNSET
JULY 27 2017..........SUNRISE   533 AM PDT   SUNSET   841 PM PDT
JULY 28 2017..........SUNRISE   534 AM PDT   SUNSET   839 PM PDT


-  INDICATES NEGATIVE NUMBERS.
R  INDICATES RECORD WAS SET OR TIED.
MM INDICATES DATA IS MISSING.
T  INDICATES TRACE AMOUNT.




$$
