000
CDUS43 KMPX 210904
CLIEAU


CLIMATE REPORT
NATIONAL WEATHER SERVICE CHANHASSEN MN
303 AM CST SAT JAN 21 2017


...................................

...THE EAU CLAIRE WI CLIMATE SUMMARY FOR JANUARY 20 2017...

CLIMATE NORMAL PERIOD 1981 TO 2010
CLIMATE RECORD PERIOD 1893 TO 2017


WEATHER ITEM   OBSERVED TIME   RECORD YEAR NORMAL DEPARTURE LAST
                VALUE   (LST)  VALUE       VALUE  FROM      YEAR
                                                  NORMAL
..................................................................
TEMPERATURE (F)
 YESTERDAY
  MAXIMUM         36    548 PM  49    1908  23     13       20
  MINIMUM         33    946 AM -30    1994   5     28        5
  AVERAGE         35                        14     21       13

PRECIPITATION (IN)
  YESTERDAY        0.13          0.48 1974   0.03   0.10      T
  MONTH TO DATE    1.83                      0.57   1.26     0.36
  SINCE DEC 1      3.93                      1.57   2.36     4.20
  SINCE JAN 1      1.83                      0.57   1.26     0.36

SNOWFALL (IN)
  YESTERDAY        0.0           6.7  1982   0.5   -0.5       T
  MONTH TO DATE   11.4                       8.4    3.0      4.0
  SINCE DEC 1     30.6                      17.9   12.7     13.4
  SINCE JUL 1     32.3                      24.2    8.1     14.8
  SNOW DEPTH       6

DEGREE DAYS
 HEATING
  YESTERDAY       30                        51    -21       52
  MONTH TO DATE 1037                      1015     22     1065
  SINCE DEC 1   2448                      2445      3     2119
  SINCE JUL 1   3657                      4191   -534     3481

 COOLING
  YESTERDAY        0                         0      0        0
  MONTH TO DATE    0                         0      0        0
  SINCE DEC 1      0                         0      0        0
  SINCE JAN 1      0                         0      0        0
..................................................................


WIND (MPH)
  HIGHEST WIND SPEED    12   HIGHEST WIND DIRECTION    SE (140)
  HIGHEST GUST SPEED    15   HIGHEST GUST DIRECTION    SE (150)
  AVERAGE WIND SPEED     6.5


SKY COVER
  POSSIBLE SUNSHINE  MM
  AVERAGE SKY COVER 1.0


WEATHER CONDITIONS
 THE FOLLOWING WEATHER WAS RECORDED YESTERDAY.
  LIGHT RAIN
  FOG


RELATIVE HUMIDITY (PERCENT)
 HIGHEST   100           500 AM
 LOWEST     92          1200 AM
 AVERAGE    96

..........................................................


THE EAU CLAIRE WI CLIMATE NORMALS FOR TODAY
                         NORMAL    RECORD    YEAR
 MAXIMUM TEMPERATURE (F)   23        47      1908
 MINIMUM TEMPERATURE (F)    5       -29      1984


SUNRISE AND SUNSET
JANUARY 21 2017.......SUNRISE   736 AM CST   SUNSET   459 PM CST
JANUARY 22 2017.......SUNRISE   735 AM CST   SUNSET   501 PM CST


-  INDICATES NEGATIVE NUMBERS.
R  INDICATES RECORD WAS SET OR TIED.
MM INDICATES DATA IS MISSING.
T  INDICATES TRACE AMOUNT.




$$
