000
CDUS43 KMPX 270652
CLIEAU


CLIMATE REPORT
NATIONAL WEATHER SERVICE CHANHASSEN MN
1252 AM CST SAT DEC 27 2014


...................................

...THE EAU CLAIRE WI CLIMATE SUMMARY FOR DECEMBER 26 2014...

CLIMATE NORMAL PERIOD 1981 TO 2010
CLIMATE RECORD PERIOD 1893 TO 2014


WEATHER ITEM   OBSERVED TIME   RECORD YEAR NORMAL DEPARTURE LAST
                VALUE   (LST)  VALUE       VALUE  FROM      YEAR
                                                  NORMAL
..................................................................
TEMPERATURE (F)
 YESTERDAY
  MAXIMUM         36   1216 PM  52    1936  24     12       22
  MINIMUM         26   1229 AM -27    1914   8     18       10
  AVERAGE         31                        16     15       16

PRECIPITATION (IN)
  YESTERDAY        0.06          0.86 1936   0.03   0.03      T
  MONTH TO DATE    0.43                      0.87  -0.44     1.52
  SINCE DEC 1      0.43                      0.87  -0.44     1.52
  SINCE JAN 1     42.73                     30.85  11.88    35.89

SNOWFALL (IN)
  YESTERDAY       MM             5.4  1985   0.3   MM        0.1
  MONTH TO DATE    1.6                       7.9   -6.3     18.7
  SINCE DEC 1      1.6                       7.9   -6.3     18.7
  SINCE JUL 1     15.8                      14.2    1.6     20.9
  SNOW DEPTH      MM

DEGREE DAYS
 HEATING
  YESTERDAY       34                        49    -15       49
  MONTH TO DATE  981                      1183   -202     1376
  SINCE DEC 1    981                      1183   -202     1376
  SINCE JUL 1   2953                      2929     24     3121

 COOLING
  YESTERDAY        0                         0      0        0
  MONTH TO DATE    0                         0      0        0
  SINCE DEC 1      0                         0      0        0
  SINCE JAN 1    500                       579    -79      653
..................................................................


WIND (MPH)
  HIGHEST WIND SPEED    13   HIGHEST WIND DIRECTION     N (360)
  HIGHEST GUST SPEED    16   HIGHEST GUST DIRECTION     N (10)
  AVERAGE WIND SPEED     6.3


SKY COVER
  POSSIBLE SUNSHINE  MM
  AVERAGE SKY COVER 0.9


WEATHER CONDITIONS
 THE FOLLOWING WEATHER WAS RECORDED YESTERDAY.
  LIGHT SNOW
  FOG


RELATIVE HUMIDITY (PERCENT)
 HIGHEST    92          1200 AM
 LOWEST     75           100 PM
 AVERAGE    84

..........................................................


THE EAU CLAIRE WI CLIMATE NORMALS FOR TODAY
                         NORMAL    RECORD    YEAR
 MAXIMUM TEMPERATURE (F)   24        45      1994
 MINIMUM TEMPERATURE (F)    7       -25      1933


SUNRISE AND SUNSET
DECEMBER 27 2014......SUNRISE   743 AM CST   SUNSET   431 PM CST
DECEMBER 28 2014......SUNRISE   743 AM CST   SUNSET   432 PM CST


-  INDICATES NEGATIVE NUMBERS.
R  INDICATES RECORD WAS SET OR TIED.
MM INDICATES DATA IS MISSING.
T  INDICATES TRACE AMOUNT.




$$
