000
CDUS43 KMPX 240647
CLIEAU


CLIMATE REPORT
NATIONAL WEATHER SERVICE CHANHASSEN MN
147 AM CDT THU APR 24 2014


...................................

...THE EAU CLAIRE WI CLIMATE SUMMARY FOR APRIL 23 2014...

CLIMATE NORMAL PERIOD 1981 TO 2010
CLIMATE RECORD PERIOD 1893 TO 2014


WEATHER ITEM   OBSERVED TIME   RECORD YEAR NORMAL DEPARTURE LAST
                VALUE   (LST)  VALUE       VALUE  FROM      YEAR
                                                  NORMAL
..................................................................
TEMPERATURE (F)
 YESTERDAY
  MAXIMUM         53    416 PM  86    1960  62     -9       43
  MINIMUM         29    342 AM  18    1893  37     -8       27
  AVERAGE         41                        50     -9       35

PRECIPITATION (IN)
  YESTERDAY        0.22          1.21 1990   0.10   0.12     0.19
  MONTH TO DATE    2.89                      2.00   0.89     5.21
  SINCE MAR 1      3.62                      3.73  -0.11     8.03
  SINCE JAN 1      6.82                      5.43   1.39    10.60

SNOWFALL (IN)
  YESTERDAY        0.0           2.0  1893   0.0    0.0      0.2
  MONTH TO DATE    9.1                       1.7    7.4      8.8
  SINCE MAR 1     13.1                      10.3    2.8     32.5
  SINCE JUL 1     74.8                      46.6   28.2     75.0
  SNOW DEPTH       0

DEGREE DAYS
 HEATING
  YESTERDAY       24                        16      8       30
  MONTH TO DATE  551                       478     73      722
  SINCE MAR 1   1835                      1522    313     1991
  SINCE JUL 1   8727                      7543   1184     7850

 COOLING
  YESTERDAY        0                         0      0        0
  MONTH TO DATE    0                         0      0        0
  SINCE MAR 1      0                         0      0        0
  SINCE JAN 1      0                         0      0        0
..................................................................


WIND (MPH)
  HIGHEST WIND SPEED    16   HIGHEST WIND DIRECTION     E (110)
  HIGHEST GUST SPEED    21   HIGHEST GUST DIRECTION     E (100)
  AVERAGE WIND SPEED     8.7


SKY COVER
  POSSIBLE SUNSHINE  MM
  AVERAGE SKY COVER 0.4


WEATHER CONDITIONS
 THE FOLLOWING WEATHER WAS RECORDED YESTERDAY.
  LIGHT RAIN


RELATIVE HUMIDITY (PERCENT)
 HIGHEST    89           800 PM
 LOWEST     29           400 PM
 AVERAGE    59

..........................................................


THE EAU CLAIRE WI CLIMATE NORMALS FOR TODAY
                         NORMAL    RECORD    YEAR
 MAXIMUM TEMPERATURE (F)   62        88      2009
 MINIMUM TEMPERATURE (F)   38        15      1956


SUNRISE AND SUNSET
APRIL 24 2014.........SUNRISE   606 AM CDT   SUNSET   803 PM CDT
APRIL 25 2014.........SUNRISE   605 AM CDT   SUNSET   804 PM CDT


-  INDICATES NEGATIVE NUMBERS.
R  INDICATES RECORD WAS SET OR TIED.
MM INDICATES DATA IS MISSING.
T  INDICATES TRACE AMOUNT.




$$
