000
CDUS42 KAKQ 281244
CLIECG

CLIMATE REPORT
NATIONAL WEATHER SERVICE WAKEFIELD, VA
743 AM EST SAT FEB 28 2015


...................................

...THE ELIZABETH CITY NC CLIMATE SUMMARY FOR FEBRUARY 27 2015...

CLIMATE NORMAL PERIOD 1981 TO 2010
CLIMATE RECORD PERIOD 1934 TO 2015


WEATHER ITEM   OBSERVED TIME   RECORD YEAR NORMAL DEPARTURE LAST
                VALUE   (LST)  VALUE       VALUE  FROM      YEAR
                                                  NORMAL
..................................................................
TEMPERATURE (F)
 YESTERDAY
  MAXIMUM         45    240 PM  82    1997  56    -11       52
  MINIMUM         26    633 AM  17    1934  36    -10       24
  AVERAGE         36                        46    -10       38

PRECIPITATION (IN)
  YESTERDAY        0.00          1.05 1982   0.11  -0.11     0.00
  MONTH TO DATE    2.64                      3.07  -0.43     1.97
  SINCE DEC 1      9.79                      8.89   0.90     9.29
  SINCE JAN 1      6.65                      6.33   0.32     4.14

SNOWFALL (IN)
  YESTERDAY        0.0           6.0  1963  MM     MM
  MONTH TO DATE    T                        MM     MM
  SINCE NOV 1      T                        MM     MM
  SINCE JUL 1      T                        MM     MM
  SNOW DEPTH       M

DEGREE DAYS
 HEATING
  YESTERDAY       29                        19     10       27
  MONTH TO DATE  833                       565    268      571
  SINCE DEC 1   1985                      1937     48     1979
  SINCE JUL 1   2500                      2452     48     2542

 COOLING
  YESTERDAY        0                         0      0        0
  MONTH TO DATE    0                         0      0        0
  SINCE DEC 1      2                         3     -1       14
  SINCE JAN 1      2                         1      1        0
..................................................................


WIND (MPH)
  HIGHEST WIND SPEED    20   HIGHEST WIND DIRECTION    NE (40)
  HIGHEST GUST SPEED    22   HIGHEST GUST DIRECTION    NE (40)
  AVERAGE WIND SPEED     8.1


SKY COVER
  POSSIBLE SUNSHINE  MM
  AVERAGE SKY COVER 0.1


WEATHER CONDITIONS
 THE FOLLOWING WEATHER WAS RECORDED YESTERDAY.
  FOG
  HAZE


RELATIVE HUMIDITY (PERCENT)
 HIGHEST    92           400 AM
 LOWEST     57           100 PM
 AVERAGE    75

..........................................................


THE ELIZABETH CITY NC CLIMATE NORMALS FOR TODAY
                         NORMAL    RECORD    YEAR
 MAXIMUM TEMPERATURE (F)   56        82      1962
 MINIMUM TEMPERATURE (F)   36        14      1934


SUNRISE AND SUNSET
FEBRUARY 28 2015......SUNRISE   637 AM EST   SUNSET   558 PM EST
MARCH  1 2015.........SUNRISE   635 AM EST   SUNSET   559 PM EST


-  INDICATES NEGATIVE NUMBERS.
R  INDICATES RECORD WAS SET OR TIED.
MM INDICATES DATA IS MISSING.
T  INDICATES TRACE AMOUNT.




$$
