000
CDUS42 KAKQ 300545
CLIECG


CLIMATE REPORT
NATIONAL WEATHER SERVICE WAKEFIELD, VA
145 AM EDT TUE MAY 30 2017


...................................

...THE ELIZABETH CITY NC CLIMATE SUMMARY FOR MAY 29 2017...

CLIMATE NORMAL PERIOD 1981 TO 2010
CLIMATE RECORD PERIOD 1934 TO 2017


WEATHER ITEM   OBSERVED TIME   RECORD YEAR NORMAL DEPARTURE LAST
                VALUE   (LST)  VALUE       VALUE  FROM      YEAR
                                                  NORMAL
..................................................................
TEMPERATURE (F)
 YESTERDAY
  MAXIMUM         87    317 PM  99    1941  80      7       81
  MINIMUM         69    630 AM  37    1997  61      8       70
  AVERAGE         78                        71      7       76

PRECIPITATION (IN)
  YESTERDAY        0.00          3.34 2000   0.14  -0.14     0.89
  MONTH TO DATE    6.03                      3.35   2.68     3.70
  SINCE MAR 1     12.34                     10.47   1.87     9.96
  SINCE JAN 1     16.95                     16.91   0.04    17.55

SNOWFALL (IN)
  YESTERDAY        0.0           0.0  2002  MM     MM
  MONTH TO DATE    0.0                      MM     MM
  SINCE NOV 1      1.2                      MM     MM
  SINCE JUL 1      1.2                      MM     MM
  SNOW DEPTH       0

DEGREE DAYS
 HEATING
  YESTERDAY        0                         1     -1        0
  MONTH TO DATE   34                        67    -33       58
  SINCE MAR 1    592                       756   -164      570
  SINCE JUL 1   2687                      3228   -541     2481

 COOLING
  YESTERDAY       13                         6      7       11
  MONTH TO DATE  139                       108     31       97
  SINCE MAR 1    270                       148    122      152
  SINCE JAN 1    273                       150    123      152
..................................................................


WIND (MPH)
  HIGHEST WIND SPEED    16   HIGHEST WIND DIRECTION    SE (130)
  HIGHEST GUST SPEED    20   HIGHEST GUST DIRECTION    SE (130)
  AVERAGE WIND SPEED     7.8


SKY COVER
  POSSIBLE SUNSHINE  MM
  AVERAGE SKY COVER 0.4


WEATHER CONDITIONS
 THE FOLLOWING WEATHER WAS RECORDED YESTERDAY.
  FOG
  FOG W/VISIBILITY <= 1/4 MILE


RELATIVE HUMIDITY (PERCENT)
 HIGHEST   100          1200 AM
 LOWEST     51           200 PM
 AVERAGE    76

..........................................................


THE ELIZABETH CITY NC CLIMATE NORMALS FOR TODAY
                         NORMAL    RECORD    YEAR
 MAXIMUM TEMPERATURE (F)   81        96      2011
 MINIMUM TEMPERATURE (F)   61        49      2008


SUNRISE AND SUNSET
MAY 30 2017...........SUNRISE   549 AM EDT   SUNSET   816 PM EDT
MAY 31 2017...........SUNRISE   549 AM EDT   SUNSET   816 PM EDT


-  INDICATES NEGATIVE NUMBERS.
R  INDICATES RECORD WAS SET OR TIED.
MM INDICATES DATA IS MISSING.
T  INDICATES TRACE AMOUNT.




$$
