000
CDUS42 KAKQ 010827
CLIECG


CLIMATE REPORT
NATIONAL WEATHER SERVICE WAKEFIELD, VA
426 AM EDT WED OCT 1 2014


...................................

...THE ELIZABETH CITY NC CLIMATE SUMMARY FOR SEPTEMBER 30 2014...

CLIMATE NORMAL PERIOD 1981 TO 2010
CLIMATE RECORD PERIOD 1934 TO 2014


WEATHER ITEM   OBSERVED TIME   RECORD YEAR NORMAL DEPARTURE LAST
                VALUE   (LST)  VALUE       VALUE  FROM      YEAR
                                                  NORMAL
..................................................................
TEMPERATURE (F)
 YESTERDAY
  MAXIMUM         79    135 PM  90    1986  77      2       78
  MINIMUM         61   1136 PM  42    1970  59      2       54
  AVERAGE         70                        68      2       66

PRECIPITATION (IN)
  YESTERDAY        T             5.86 2010   0.12  -0.12     0.00
  MONTH TO DATE    6.00                      3.93   2.07     0.84
  SINCE SEP 1      6.00                      3.93   2.07     0.84
  SINCE JAN 1     33.44                     37.89  -4.45    30.87

SNOWFALL (IN)
  YESTERDAY        0.0           0.0  2002  MM     MM
  MONTH TO DATE    0.0                      MM     MM
  SINCE NOV 1     10.2                      MM     MM
  SINCE JUL 1      0.0                      MM     MM
  SNOW DEPTH       0

DEGREE DAYS
 HEATING
  YESTERDAY        0                         1     -1        0
  MONTH TO DATE    1                        10     -9       15
  SINCE SEP 1      1                        12    -11       15
  SINCE JUL 1      1                        12    -11       15

 COOLING
  YESTERDAY        5                         4      1        1
  MONTH TO DATE  260                       226     34      191
  SINCE SEP 1    260                       226     34      191
  SINCE JAN 1   1503                      1522    -19     1571
..................................................................


WIND (MPH)
  HIGHEST WIND SPEED    15   HIGHEST WIND DIRECTION    NE (40)
  HIGHEST GUST SPEED    24   HIGHEST GUST DIRECTION    NW (330)
  AVERAGE WIND SPEED     6.5


SKY COVER
  POSSIBLE SUNSHINE  MM
  AVERAGE SKY COVER 0.2


WEATHER CONDITIONS
 THE FOLLOWING WEATHER WAS RECORDED YESTERDAY.
  LIGHT RAIN


RELATIVE HUMIDITY (PERCENT)
 HIGHEST   100          1100 PM
 LOWEST     58           200 PM
 AVERAGE    79

..........................................................


THE ELIZABETH CITY NC CLIMATE NORMALS FOR TODAY
                         NORMAL    RECORD    YEAR
 MAXIMUM TEMPERATURE (F)   77        92      1986
 MINIMUM TEMPERATURE (F)   58        41      1947


SUNRISE AND SUNSET
OCTOBER  1 2014.......SUNRISE   700 AM EDT   SUNSET   648 PM EDT
OCTOBER  2 2014.......SUNRISE   701 AM EDT   SUNSET   647 PM EDT


-  INDICATES NEGATIVE NUMBERS.
R  INDICATES RECORD WAS SET OR TIED.
MM INDICATES DATA IS MISSING.
T  INDICATES TRACE AMOUNT.




$$
