000
CDUS42 KAKQ 270531
CLIECG


CLIMATE REPORT
NATIONAL WEATHER SERVICE WAKEFIELD, VA
130 AM EDT WED MAY 27 2015


...................................

...THE ELIZABETH CITY NC CLIMATE SUMMARY FOR MAY 26 2015...

CLIMATE NORMAL PERIOD 1981 TO 2010
CLIMATE RECORD PERIOD 1934 TO 2015


WEATHER ITEM   OBSERVED TIME   RECORD YEAR NORMAL DEPARTURE LAST
                VALUE   (LST)  VALUE       VALUE  FROM      YEAR
                                                  NORMAL
..................................................................
TEMPERATURE (F)
 YESTERDAY
  MAXIMUM         84    307 PM  95    1953  80      4       84
  MINIMUM         61    515 AM  42    2013  60      1       59
  AVERAGE         73                        70      3       72

PRECIPITATION (IN)
  YESTERDAY        0.00          1.79 1965   0.13  -0.13     0.00
  MONTH TO DATE    3.42                      2.94   0.48     2.29
  SINCE MAR 1     10.50                     10.06   0.44    10.78
  SINCE JAN 1     17.30                     16.50   0.80    14.92

SNOWFALL (IN)
  YESTERDAY        0.0           T    1949  MM     MM
  MONTH TO DATE    0.0                      MM     MM
  SINCE NOV 1      T                        MM     MM
  SINCE JUL 1      T                        MM     MM
  SNOW DEPTH       0

DEGREE DAYS
 HEATING
  YESTERDAY        0                         1     -1        0
  MONTH TO DATE   29                        64    -35       22
  SINCE MAR 1    701                       753    -52      760
  SINCE JUL 1   3235                      3225     10     3335

 COOLING
  YESTERDAY        8                         6      2        7
  MONTH TO DATE  120                        90     30      148
  SINCE MAR 1    153                       130     23      177
  SINCE JAN 1    155                       132     23      177
..................................................................


WIND (MPH)
  HIGHEST WIND SPEED    17   HIGHEST WIND DIRECTION     S (170)
  HIGHEST GUST SPEED    23   HIGHEST GUST DIRECTION     S (160)
  AVERAGE WIND SPEED     9.0


SKY COVER
  POSSIBLE SUNSHINE  MM
  AVERAGE SKY COVER 0.1


WEATHER CONDITIONS
 THE FOLLOWING WEATHER WAS RECORDED YESTERDAY.
  HAZE


RELATIVE HUMIDITY (PERCENT)
 HIGHEST    93           300 AM
 LOWEST     55           100 PM
 AVERAGE    74

..........................................................


THE ELIZABETH CITY NC CLIMATE NORMALS FOR TODAY
                         NORMAL    RECORD    YEAR
 MAXIMUM TEMPERATURE (F)   80        97      1941
 MINIMUM TEMPERATURE (F)   60        38      1997


SUNRISE AND SUNSET
MAY 27 2015...........SUNRISE   551 AM EDT   SUNSET   813 PM EDT
MAY 28 2015...........SUNRISE   550 AM EDT   SUNSET   814 PM EDT


-  INDICATES NEGATIVE NUMBERS.
R  INDICATES RECORD WAS SET OR TIED.
MM INDICATES DATA IS MISSING.
T  INDICATES TRACE AMOUNT.




$$
