000
CDUS42 KAKQ 280836
CLIECG


CLIMATE REPORT
NATIONAL WEATHER SERVICE WAKEFIELD, VA
435 AM EDT MON JUL 28 2014


...................................

...THE ELIZABETH CITY NC CLIMATE SUMMARY FOR JULY 27 2014...

CLIMATE NORMAL PERIOD 1981 TO 2010
CLIMATE RECORD PERIOD 1934 TO 2014


WEATHER ITEM   OBSERVED TIME   RECORD YEAR NORMAL DEPARTURE LAST
                VALUE   (LST)  VALUE       VALUE  FROM      YEAR
                                                  NORMAL
..................................................................
TEMPERATURE (F)
 YESTERDAY
  MAXIMUM         85   1156 AM 100    1940  88     -3       85
  MINIMUM         75    902 PM  58    1977  70      5       65
  AVERAGE         80                        79      1       75

PRECIPITATION (IN)
  YESTERDAY        0.01          3.17 1937   0.20  -0.19     0.00
  MONTH TO DATE    5.38                      4.89   0.49     5.70
  SINCE JUN 1      9.21                      9.38  -0.17    12.32
  SINCE JAN 1     24.17                     26.55  -2.38    22.99

SNOWFALL (IN)
  YESTERDAY        0.0           0.0  2002  MM     MM
  MONTH TO DATE    0.0                      MM     MM
  SINCE NOV 1     10.2                      MM     MM
  SINCE JUL 1      0.0                      MM     MM
  SNOW DEPTH       0

DEGREE DAYS
 HEATING
  YESTERDAY        0                         0      0        0
  MONTH TO DATE    0                         0      0        0
  SINCE JUN 1      5                         3      2        0
  SINCE JUL 1      0                         0      0        0

 COOLING
  YESTERDAY       15                        14      1       10
  MONTH TO DATE  338                       373    -35      420
  SINCE JUN 1    649                       687    -38      768
  SINCE JAN 1    858                       851      7      974
..................................................................


WIND (MPH)
  HIGHEST WIND SPEED    17   HIGHEST WIND DIRECTION    SW (230)
  HIGHEST GUST SPEED    22   HIGHEST GUST DIRECTION    SW (210)
  AVERAGE WIND SPEED     8.1


SKY COVER
  POSSIBLE SUNSHINE  MM
  AVERAGE SKY COVER 0.1


WEATHER CONDITIONS
 THE FOLLOWING WEATHER WAS RECORDED YESTERDAY.
  LIGHT RAIN
  FOG
  HAZE


RELATIVE HUMIDITY (PERCENT)
 HIGHEST    94          1200 AM
 LOWEST     69           500 PM
 AVERAGE    82

..........................................................


THE ELIZABETH CITY NC CLIMATE NORMALS FOR TODAY
                         NORMAL    RECORD    YEAR
 MAXIMUM TEMPERATURE (F)   88        99      1952
 MINIMUM TEMPERATURE (F)   70        57      1962


SUNRISE AND SUNSET
JULY 28 2014..........SUNRISE   608 AM EDT   SUNSET   814 PM EDT
JULY 29 2014..........SUNRISE   609 AM EDT   SUNSET   813 PM EDT


-  INDICATES NEGATIVE NUMBERS.
R  INDICATES RECORD WAS SET OR TIED.
MM INDICATES DATA IS MISSING.
T  INDICATES TRACE AMOUNT.




$$
