000
CDUS45 KGJT 160742
CLIEEO


CLIMATE REPORT
NATIONAL WEATHER SERVICE GRAND JUNCTION CO
134 AM MDT WED AUG 16 2017


...................................

...THE MEEKER CO CLIMATE SUMMARY FOR AUGUST 15 2017...

CLIMATE NORMAL PERIOD 1981 TO 2010
CLIMATE RECORD PERIOD 9999 TO 9999


WEATHER ITEM   OBSERVED TIME   RECORD YEAR NORMAL DEPARTURE LAST
                VALUE   (LST)  VALUE       VALUE  FROM      YEAR
                                                  NORMAL
..................................................................
TEMPERATURE (F)
 YESTERDAY
  MAXIMUM         76   1253 PM  MM      MM  84     -8       91
  MINIMUM         51    554 AM  MM      MM  49      2       43
  AVERAGE         64                        67     -3       67

PRECIPITATION (IN)
  YESTERDAY        0.13         MM      MM   0.04   0.09     0.00
  MONTH TO DATE    1.21                      0.60   0.61     0.16
  SINCE JUN 1      3.90                      2.99   0.91     2.31
  SINCE JAN 1     10.16                      9.14   1.02    10.17

SNOWFALL (IN)
  YESTERDAY       MM            MM      MM  MM     MM       MM
  MONTH TO DATE   MM                        MM     MM       MM
  SINCE JUN 1     MM                        MM     MM       MM
  SINCE JUL 1     MM                        MM     MM       MM
  SNOW DEPTH      MM

DEGREE DAYS
 HEATING
  YESTERDAY        1                         1      0        0
  MONTH TO DATE    6                         8     -2        7
  SINCE JUN 1     62                       172   -110       49
  SINCE JUL 1      6                        28    -22       17

 COOLING
  YESTERDAY        0                         2     -2        2
  MONTH TO DATE   33                        43    -10       39
  SINCE JUN 1    261                       145    116      211
  SINCE JAN 1    261                       146    115      211
..................................................................


WIND (MPH)
  HIGHEST WIND SPEED    31   HIGHEST WIND DIRECTION    NW (300)
  HIGHEST GUST SPEED    43   HIGHEST GUST DIRECTION    NW (300)
  AVERAGE WIND SPEED     5.0


SKY COVER
  POSSIBLE SUNSHINE  MM
  AVERAGE SKY COVER 0.5


WEATHER CONDITIONS
 THE FOLLOWING WEATHER WAS RECORDED YESTERDAY.
  THUNDERSTORM
  HEAVY RAIN
  RAIN
  LIGHT RAIN


RELATIVE HUMIDITY (PERCENT)
 HIGHEST    93           100 AM
 LOWEST     23           100 PM
 AVERAGE    58

..........................................................


THE MEEKER CO CLIMATE NORMALS FOR TODAY
                         NORMAL    RECORD    YEAR
 MAXIMUM TEMPERATURE (F)   84        MM        MM
 MINIMUM TEMPERATURE (F)   49        MM        MM


SUNRISE AND SUNSET
AUGUST 16 2017........SUNRISE   624 AM MDT   SUNSET   806 PM MDT
AUGUST 17 2017........SUNRISE   625 AM MDT   SUNSET   805 PM MDT


-  INDICATES NEGATIVE NUMBERS.
R  INDICATES RECORD WAS SET OR TIED.
MM INDICATES DATA IS MISSING.
T  INDICATES TRACE AMOUNT.




$$
