000
CDUS45 KGJT 180724
CLIEEO


CLIMATE REPORT
NATIONAL WEATHER SERVICE GRAND JUNCTION CO
124 AM MDT WED OCT 18 2017


...................................

...THE MEEKER CO CLIMATE SUMMARY FOR OCTOBER 17 2017...

CLIMATE NORMAL PERIOD 1981 TO 2010
CLIMATE RECORD PERIOD 9999 TO 9999


WEATHER ITEM   OBSERVED TIME   RECORD YEAR NORMAL DEPARTURE LAST
                VALUE   (LST)  VALUE       VALUE  FROM      YEAR
                                                  NORMAL
..................................................................
TEMPERATURE (F)
 YESTERDAY
  MAXIMUM         71    322 PM  MM      MM  60     11       64
  MINIMUM         22    629 AM  MM      MM  28     -6       41
  AVERAGE         47                        44      3       53

PRECIPITATION (IN)
  YESTERDAY        0.00         MM      MM   0.06  -0.06     0.04
  MONTH TO DATE    1.46                      1.06   0.40     0.57
  SINCE SEP 1      3.30                      2.82   0.48     1.71
  SINCE JAN 1     13.52                     12.68   0.84    12.18

SNOWFALL (IN)
  YESTERDAY       MM            MM      MM  MM     MM       MM
  MONTH TO DATE   MM                        MM     MM       MM
  SINCE SEP 1     MM                        MM     MM       MM
  SINCE JUL 1     MM                        MM     MM       MM
  SNOW DEPTH      MM

DEGREE DAYS
 HEATING
  YESTERDAY       18                        21     -3       12
  MONTH TO DATE  359                       303     56      241
  SINCE SEP 1    564                       556      8      449
  SINCE JUL 1    573                       610    -37      512

 COOLING
  YESTERDAY        0                         0      0        0
  MONTH TO DATE    0                         0      0        0
  SINCE SEP 1     26                         4     22        6
  SINCE JAN 1    321                       172    149      225
..................................................................


WIND (MPH)
  HIGHEST WIND SPEED    14   HIGHEST WIND DIRECTION     W (280)
  HIGHEST GUST SPEED    17   HIGHEST GUST DIRECTION     W (290)
  AVERAGE WIND SPEED     4.0


SKY COVER
  POSSIBLE SUNSHINE  MM
  AVERAGE SKY COVER 0.0


WEATHER CONDITIONS
 THE FOLLOWING WEATHER WAS RECORDED YESTERDAY.
  NO SIGNIFICANT WEATHER WAS OBSERVED.


RELATIVE HUMIDITY (PERCENT)
 HIGHEST    63           300 AM
 LOWEST      7           200 PM
 AVERAGE    35

..........................................................


THE MEEKER CO CLIMATE NORMALS FOR TODAY
                         NORMAL    RECORD    YEAR
 MAXIMUM TEMPERATURE (F)   60        MM        MM
 MINIMUM TEMPERATURE (F)   28        MM        MM


SUNRISE AND SUNSET
OCTOBER 18 2017.......SUNRISE   726 AM MDT   SUNSET   627 PM MDT
OCTOBER 19 2017.......SUNRISE   727 AM MDT   SUNSET   626 PM MDT


-  INDICATES NEGATIVE NUMBERS.
R  INDICATES RECORD WAS SET OR TIED.
MM INDICATES DATA IS MISSING.
T  INDICATES TRACE AMOUNT.




$$
