000
CDUS44 KBMX 270817
CLIEET


CLIMATE REPORT
NATIONAL WEATHER SERVICE BIRMINGHAM, AL
316 AM CDT FRI MAY 27 2016


...................................

...THE SHELBY COUNTY AIRPORT CLIMATE SUMMARY FOR MAY 26 2016...

CLIMATE NORMAL PERIOD 1981 TO 2010
CLIMATE RECORD PERIOD 9999 TO 9999


WEATHER ITEM   OBSERVED TIME   RECORD YEAR NORMAL DEPARTURE LAST
                VALUE   (LST)  VALUE       VALUE  FROM      YEAR
                                                  NORMAL
..................................................................
TEMPERATURE (F)
 YESTERDAY
  MAXIMUM         91    243 PM  MM      MM  83      8       79
  MINIMUM         63    503 AM  MM      MM  63      0       66
  AVERAGE         77                        73      4       73

PRECIPITATION (IN)
  YESTERDAY        0.00                      0.15  -0.15     0.06
  MONTH TO DATE    1.51                      3.69  -2.18     1.16
  SINCE MAR 1     11.88                     12.06  -0.18    11.76
  SINCE JAN 1     22.52                     23.14  -0.62    21.13

DEGREE DAYS
 COOLING
  YESTERDAY       12                         8      4        8
  MONTH TO DATE  134                       149    -15      189
  SINCE MAR 1    229                       220      9      298
  SINCE JAN 1    236                       224     12      298
..................................................................


WIND (MPH)
  HIGHEST WIND SPEED    15   HIGHEST WIND DIRECTION     S (170)
  HIGHEST GUST SPEED    21   HIGHEST GUST DIRECTION     S (170)
  AVERAGE WIND SPEED     4.5


SKY COVER
  POSSIBLE SUNSHINE  MM
  AVERAGE SKY COVER 0.1


WEATHER CONDITIONS
 THE FOLLOWING WEATHER WAS RECORDED YESTERDAY.
  FOG


RELATIVE HUMIDITY (PERCENT)
 HIGHEST    93           500 AM
 LOWEST     37           100 PM
 AVERAGE    65

..........................................................


THE SHELBY COUNTY AIRPORT CLIMATE NORMALS FOR TODAY
                         NORMAL    RECORD    YEAR
 MAXIMUM TEMPERATURE (F)   84        MM        MM
 MINIMUM TEMPERATURE (F)   63        MM        MM


SUNRISE AND SUNSET
MAY 27 2016...........SUNRISE   541 AM CDT   SUNSET   748 PM CDT
MAY 28 2016...........SUNRISE   540 AM CDT   SUNSET   749 PM CDT


-  INDICATES NEGATIVE NUMBERS.
R  INDICATES RECORD WAS SET OR TIED.
MM INDICATES DATA IS MISSING.
T  INDICATES TRACE AMOUNT.




$$
