000
CDUS44 KBMX 280020
CLIEET


CLIMATE REPORT
NATIONAL WEATHER SERVICE BIRMINGHAM, AL
720 PM CDT THU APR 27 2017


...................................

...THE SHELBY COUNTY AIRPORT CLIMATE SUMMARY FOR APRIL 27 2017...
VALID TODAY AS OF 0700 PM LOCAL TIME.

CLIMATE NORMAL PERIOD 1981 TO 2010
CLIMATE RECORD PERIOD 9999 TO 9999


WEATHER ITEM   OBSERVED TIME   RECORD YEAR NORMAL DEPARTURE LAST
                VALUE   (LST)  VALUE       VALUE  FROM      YEAR
                                                  NORMAL
..................................................................
TEMPERATURE (F)
 TODAY
  MAXIMUM         80    206 PM  MM      MM  77      3       80
  MINIMUM         67    756 AM  MM      MM  54     13       62
  AVERAGE         74                        66      8       71

PRECIPITATION (IN)
  TODAY            0.21                      0.13   0.08     0.08
  MONTH TO DATE    4.55                      3.52   1.03     4.12
  SINCE MAR 1      9.73                      8.00   1.73     9.97
  SINCE JAN 1     20.83                     19.08   1.75    20.61

SNOWFALL (IN)
  TODAY            0.0                      MM     MM        0.0
  MONTH TO DATE    0.0                      MM     MM        0.0
  SINCE MAR 1      0.0                      MM     MM        0.0
  SINCE JUL 1      0.0                      MM     MM         T
  SNOW DEPTH       0

DEGREE DAYS
 HEATING
  TODAY            0                         2     -2        0
  MONTH TO DATE   38                       124    -86       75
  SINCE MAR 1    264                       433   -169      251
  SINCE JUL 1   1585                      2562   -977     1829

 COOLING
  TODAY            9                         3      6        6
  MONTH TO DATE  123                        49     74       35
  SINCE MAR 1    178                        62    116       68
  SINCE JAN 1    188                        66    122       75
..................................................................


WIND (MPH)
  HIGHEST WIND SPEED    17   HIGHEST WIND DIRECTION     S (160)
  HIGHEST GUST SPEED    24   HIGHEST GUST DIRECTION     S (170)
  AVERAGE WIND SPEED     7.0


SKY COVER
  POSSIBLE SUNSHINE  MM
  AVERAGE SKY COVER 0.6


WEATHER CONDITIONS
 THE FOLLOWING WEATHER WAS RECORDED TODAY.
  THUNDERSTORM
  HEAVY RAIN
  LIGHT RAIN
  FOG


RELATIVE HUMIDITY (PERCENT)
 HIGHEST   100           700 AM
 LOWEST     52           400 PM
 AVERAGE    76

..........................................................


THE SHELBY COUNTY AIRPORT CLIMATE NORMALS FOR TOMORROW
                         NORMAL    RECORD    YEAR
 MAXIMUM TEMPERATURE (F)   77        MM        MM
 MINIMUM TEMPERATURE (F)   54        MM        MM


SUNRISE AND SUNSET
APRIL 27 2017.........SUNRISE   603 AM CDT   SUNSET   727 PM CDT
APRIL 28 2017.........SUNRISE   602 AM CDT   SUNSET   727 PM CDT


-  INDICATES NEGATIVE NUMBERS.
R  INDICATES RECORD WAS SET OR TIED.
MM INDICATES DATA IS MISSING.
T  INDICATES TRACE AMOUNT.




$$
