000
CDUS44 KBMX 300743
CLIEET


CLIMATE REPORT
NATIONAL WEATHER SERVICE BIRMINGHAM, AL
237 AM CDT SUN AUG 30 2015


...................................

...THE SHELBY COUNTY AIRPORT CLIMATE SUMMARY FOR AUGUST 29 2015...

CLIMATE NORMAL PERIOD 1981 TO 2010
CLIMATE RECORD PERIOD 9999 TO 9999


WEATHER ITEM   OBSERVED TIME   RECORD YEAR NORMAL DEPARTURE LAST
                VALUE   (LST)  VALUE       VALUE  FROM      YEAR
                                                  NORMAL
..................................................................
TEMPERATURE (F)
 YESTERDAY
  MAXIMUM         85   1129 AM  MM      MM  89     -4       94
  MINIMUM         71   1159 PM  MM      MM  69      2       67
  AVERAGE         78                        79     -1       81

PRECIPITATION (IN)
  YESTERDAY        0.04                      0.15  -0.11     0.00
  MONTH TO DATE    5.14                      4.46   0.68     2.87
  SINCE JUN 1     18.13                     13.85   4.28    11.40
  SINCE JAN 1     42.34                     37.78   4.56    38.90

DEGREE DAYS
 COOLING
  YESTERDAY       13                        14     -1       16
  MONTH TO DATE  444                       442      2      480
  SINCE JUN 1   1393                      1303     90     1341
  SINCE JAN 1   1743                      1572    171     1635
..................................................................


WIND (MPH)
  HIGHEST WIND SPEED    10   HIGHEST WIND DIRECTION    SE (140)
  HIGHEST GUST SPEED    15   HIGHEST GUST DIRECTION    SE (140)
  AVERAGE WIND SPEED     3.5


SKY COVER
  POSSIBLE SUNSHINE  MM
  AVERAGE SKY COVER 0.4


WEATHER CONDITIONS
 THE FOLLOWING WEATHER WAS RECORDED YESTERDAY.
  THUNDERSTORM
  LIGHT RAIN
  FOG


RELATIVE HUMIDITY (PERCENT)
 HIGHEST    93           300 AM
 LOWEST     79          1100 AM
 AVERAGE    86

..........................................................


THE SHELBY COUNTY AIRPORT CLIMATE NORMALS FOR TODAY
                         NORMAL    RECORD    YEAR
 MAXIMUM TEMPERATURE (F)   89        MM        MM
 MINIMUM TEMPERATURE (F)   69        MM        MM


SUNRISE AND SUNSET
AUGUST 30 2015........SUNRISE   620 AM CDT   SUNSET   715 PM CDT
AUGUST 31 2015........SUNRISE   621 AM CDT   SUNSET   714 PM CDT


-  INDICATES NEGATIVE NUMBERS.
R  INDICATES RECORD WAS SET OR TIED.
MM INDICATES DATA IS MISSING.
T  INDICATES TRACE AMOUNT.




$$
