960
CDUS44 KBMX 270734
CLIEET


CLIMATE REPORT
NATIONAL WEATHER SERVICE BIRMINGHAM, AL
233 AM CDT TUE JUN 27 2017


...................................

...THE SHELBY COUNTY AIRPORT CLIMATE SUMMARY FOR JUNE 26 2017...

CLIMATE NORMAL PERIOD 1981 TO 2010
CLIMATE RECORD PERIOD 9999 TO 9999


WEATHER ITEM   OBSERVED TIME   RECORD YEAR NORMAL DEPARTURE LAST
                VALUE   (LST)  VALUE       VALUE  FROM      YEAR
                                                  NORMAL
..................................................................
TEMPERATURE (F)
 YESTERDAY
  MAXIMUM         86    327 PM  MM      MM  89     -3       96
  MINIMUM         62    422 AM  MM      MM  69     -7       73
  AVERAGE         74                        79     -5       85

PRECIPITATION (IN)
  YESTERDAY        0.00                      0.15  -0.15      T
  MONTH TO DATE   11.65                      4.03   7.62     2.56
  SINCE JUN 1     11.65                      4.03   7.62     2.56
  SINCE JAN 1     39.43                     27.96  11.47    25.08

DEGREE DAYS
 COOLING
  YESTERDAY        9                        14     -5       20
  MONTH TO DATE  312                       317     -5      390
  SINCE JUN 1    312                       317     -5      390
  SINCE JAN 1    734                       586    148      694
..................................................................


WIND (MPH)
  HIGHEST WIND SPEED    10   HIGHEST WIND DIRECTION    NE (40)
  HIGHEST GUST SPEED    16   HIGHEST GUST DIRECTION     N (360)
  AVERAGE WIND SPEED     2.2


SKY COVER
  POSSIBLE SUNSHINE  MM
  AVERAGE SKY COVER 0.0


WEATHER CONDITIONS
 THE FOLLOWING WEATHER WAS RECORDED YESTERDAY.
  FOG


RELATIVE HUMIDITY (PERCENT)
 HIGHEST   100           100 AM
 LOWEST     37          1100 AM
 AVERAGE    69

..........................................................


THE SHELBY COUNTY AIRPORT CLIMATE NORMALS FOR TODAY
                         NORMAL    RECORD    YEAR
 MAXIMUM TEMPERATURE (F)   89        MM        MM
 MINIMUM TEMPERATURE (F)   70        MM        MM


SUNRISE AND SUNSET
JUNE 27 2017..........SUNRISE   540 AM CDT   SUNSET   800 PM CDT
JUNE 28 2017..........SUNRISE   541 AM CDT   SUNSET   800 PM CDT


-  INDICATES NEGATIVE NUMBERS.
R  INDICATES RECORD WAS SET OR TIED.
MM INDICATES DATA IS MISSING.
T  INDICATES TRACE AMOUNT.




$$
