000
CDUS46 KEKA 011212
CLIEKA


CLIMATE REPORT
NATIONAL WEATHER SERVICE EUREKA CA
509 AM PDT MON SEP 1 2014


...................................

...THE EUREKA CA CLIMATE SUMMARY FOR AUGUST 31 2014...

CLIMATE NORMAL PERIOD 1981 TO 2010
CLIMATE RECORD PERIOD 1886 TO 2014


WEATHER ITEM   OBSERVED RECORD YEAR NORMAL DEPARTURE LAST
                VALUE   VALUE       VALUE  FROM      YEAR
                                           NORMAL
...........................................................
TEMPERATURE (F)
 YESTERDAY
  MAXIMUM         68     72    1997  64      4       64
                               1896
  MINIMUM         56     45    1999  52      4       56
                               1890
  AVERAGE         62                 58      4       60

PRECIPITATION (IN)
  YESTERDAY        0.00   0.37 1896   0.02  -0.02     0.01
  MONTH TO DATE    0.02               0.31  -0.29     0.08
  SINCE JUL 1      0.04               0.49  -0.45     0.08
  SINCE JAN 1     16.03              23.77  -7.74    11.56

SNOWFALL (IN)
  YESTERDAY        0.0    0.0  2002   0.0    0.0      0.0
                               2001
  MONTH TO DATE    0.0                0.0    0.0      0.0
  SINCE JUN 1      0.0                0.0    0.0      0.0
  SINCE JUL 1      0.0                0.0    0.0      0.0
  SNOW DEPTH       0

DEGREE DAYS
 HEATING
  YESTERDAY        3                  7     -4        5
  MONTH TO DATE  175                197    -22      159
  SINCE JUN 1    615                692    -77      642
  SINCE JUL 1    363                426    -63      419

 COOLING
  YESTERDAY        0                  0      0        0
  MONTH TO DATE    0                  0      0        5
  SINCE JUN 1      0                  0      0        5
  SINCE JAN 1      1                  0      1        5
...........................................................


WIND (MPH)
  HIGHEST WIND SPEED    14   HIGHEST WIND DIRECTION     N (350)
  HIGHEST GUST SPEED    24   HIGHEST GUST DIRECTION     N (360)
  AVERAGE WIND SPEED     5.1


SKY COVER
  AVERAGE SKY COVER 0.4


WEATHER CONDITIONS
 THE FOLLOWING WEATHER WAS RECORDED YESTERDAY.
  NO SIGNIFICANT WEATHER WAS OBSERVED.


..........................................................


THE EUREKA CA CLIMATE NORMALS FOR TODAY
                         NORMAL    RECORD    YEAR
 MAXIMUM TEMPERATURE (F)   64        75      1979
 MINIMUM TEMPERATURE (F)   52        44      2008


SUNRISE AND SUNSET
SEPTEMBER  1 2014.....SUNRISE   644 AM PDT   SUNSET   749 PM PDT
SEPTEMBER  2 2014.....SUNRISE   645 AM PDT   SUNSET   747 PM PDT


-  INDICATES NEGATIVE NUMBERS.
R  INDICATES RECORD WAS SET OR TIED.
MM INDICATES DATA IS MISSING.
T  INDICATES TRACE AMOUNT.




&&

..........................................................

TOTAL SEASON     NORMAL   % OF NORMAL     LAST SEASON

     0.04          0.49        8             0.08

$$
