000
CDUS46 KEKA 231215
CLIEKA


CLIMATE REPORT
NATIONAL WEATHER SERVICE EUREKA CA
513 AM PDT SAT JUL 23 2016


...................................

...THE EUREKA CA CLIMATE SUMMARY FOR JULY 22 2016...

CLIMATE NORMAL PERIOD 1981 TO 2010
CLIMATE RECORD PERIOD 1886 TO 2016


WEATHER ITEM   OBSERVED RECORD YEAR NORMAL DEPARTURE LAST
                VALUE   VALUE       VALUE  FROM      YEAR
                                           NORMAL
...........................................................
TEMPERATURE (F)
 YESTERDAY
  MAXIMUM         65     73    2007  64      1       65
  MINIMUM         54     47    1962  52      2       56
                               1924
                               1893
  AVERAGE         60                 58      2       61

PRECIPITATION (IN)
  YESTERDAY        0.00   0.32 1993   0.01  -0.01     0.00
  MONTH TO DATE    0.51               0.14   0.37     0.15
  SINCE OCT 1     48.00              39.39   8.61    30.82
  SINCE JAN 1     27.28              23.42   3.86    12.44

SNOWFALL (IN)
  YESTERDAY        0.0    0.0  2002   0.0    0.0      0.0
                               2001
  MONTH TO DATE    0.0                0.0    0.0      0.0
  SINCE JUN 1      0.0                0.0    0.0      0.0
  SINCE JUL 1      0.0                0.0    0.0      0.0
  SNOW DEPTH       0

DEGREE DAYS
 HEATING
  YESTERDAY        5                  7     -2        4
  MONTH TO DATE  143                165    -22       89
  SINCE JUN 1    367                431    -64      330
  SINCE JUL 1    143                165    -22       89

 COOLING
  YESTERDAY        0                  0      0        0
  MONTH TO DATE    0                  0      0        1
  SINCE JUN 1      0                  0      0        1
  SINCE JAN 1      0                  0      0        1
...........................................................


WIND (MPH)
  HIGHEST WIND SPEED     9   HIGHEST WIND DIRECTION    NW (330)
  HIGHEST GUST SPEED    21   HIGHEST GUST DIRECTION    NW (330)
  AVERAGE WIND SPEED     5.5


SKY COVER
  AVERAGE SKY COVER 0.4


WEATHER CONDITIONS
 THE FOLLOWING WEATHER WAS RECORDED YESTERDAY.
  FOG


..........................................................


THE EUREKA CA CLIMATE NORMALS FOR TODAY
                         NORMAL    RECORD    YEAR
 MAXIMUM TEMPERATURE (F)   64        72      2007
 MINIMUM TEMPERATURE (F)   52        46      1887


SUNRISE AND SUNSET
JULY 23 2016..........SUNRISE   605 AM PDT   SUNSET   840 PM PDT
JULY 24 2016..........SUNRISE   606 AM PDT   SUNSET   840 PM PDT


-  INDICATES NEGATIVE NUMBERS.
R  INDICATES RECORD WAS SET OR TIED.
MM INDICATES DATA IS MISSING.
T  INDICATES TRACE AMOUNT.




&&

..........................................................

TOTAL SEASON     NORMAL   % OF NORMAL     LAST SEASON

    48.00         39.39        122            30.82


$$
