000
CDUS46 KEKA 260023
CLIEKA


CLIMATE REPORT
NATIONAL WEATHER SERVICE EUREKA CA
522 PM PDT THU AUG 25 2016


...................................

...THE EUREKA CA CLIMATE SUMMARY FOR AUGUST 25 2016...
VALID TODAY AS OF 0500 PM LOCAL TIME.

CLIMATE NORMAL PERIOD 1981 TO 2010
CLIMATE RECORD PERIOD 1886 TO 2016


WEATHER ITEM   OBSERVED RECORD YEAR NORMAL DEPARTURE LAST
                VALUE   VALUE       VALUE  FROM      YEAR
                                           NORMAL
...........................................................
TEMPERATURE (F)
 TODAY
  MAXIMUM         58     74    1997  65     -7       63
  MINIMUM         50     47    1993  53     -3       55
                               1970
                               1908
  AVERAGE         54                 59     -5       59

PRECIPITATION (IN)
  TODAY            0.00   0.89 1968   0.01  -0.01     0.00
  MONTH TO DATE    T                  0.22  -0.22     0.05
  SINCE OCT 1     48.03              39.65   8.38    30.87
  SINCE JAN 1     27.31              23.68   3.63    12.49

SNOWFALL (IN)
  TODAY            0.0   MM      MM   0.0    0.0      0.0
  MONTH TO DATE    0.0                0.0    0.0      0.0
  SINCE JUN 1      0.0                0.0    0.0      0.0
  SINCE JUL 1      0.0                0.0    0.0      0.0
  SNOW DEPTH      MM

...........................................................


WIND (MPH)
  HIGHEST WIND SPEED     9   HIGHEST WIND DIRECTION     W (260)
  HIGHEST GUST SPEED     9   HIGHEST GUST DIRECTION    MM
  AVERAGE WIND SPEED     3.8


SKY COVER
  AVERAGE SKY COVER 0.0


WEATHER CONDITIONS
 THE FOLLOWING WEATHER WAS RECORDED TODAY.
  FOG


..........................................................


THE EUREKA CA CLIMATE NORMALS FOR TOMORROW
                         NORMAL    RECORD    YEAR
 MAXIMUM TEMPERATURE (F)   65        77      1894
 MINIMUM TEMPERATURE (F)   53        46      1908
                                             1895


SUNRISE AND SUNSET
AUGUST 25 2016........SUNRISE   637 AM PDT   SUNSET   759 PM PDT
AUGUST 26 2016........SUNRISE   638 AM PDT   SUNSET   757 PM PDT


-  INDICATES NEGATIVE NUMBERS.
R  INDICATES RECORD WAS SET OR TIED.
MM INDICATES DATA IS MISSING.
T  INDICATES TRACE AMOUNT.




&&

..........................................................

TOTAL SEASON     NORMAL   % OF NORMAL     LAST SEASON

    48.03         39.65        121            30.87


$$
