000
CDUS41 KRLX 280732
CLIEKN


CLIMATE REPORT
NATIONAL WEATHER SERVICE CHARLESTON WV
324 AM EDT MON JUL 28 2014


...................................

...THE ELKINS WV CLIMATE SUMMARY FOR JULY 27 2014...

CLIMATE NORMAL PERIOD 1981 TO 2010
CLIMATE RECORD PERIOD 1899 TO 2014


WEATHER ITEM   OBSERVED TIME   RECORD YEAR NORMAL DEPARTURE LAST
                VALUE   (LST)  VALUE       VALUE  FROM      YEAR
                                                  NORMAL
..................................................................
TEMPERATURE (F)
 YESTERDAY
  MAXIMUM         82    433 PM  93    1941  81      1       72
                                      1936
                                      1901
  MINIMUM         64    952 PM  42    1946  59      5       58
  AVERAGE         73                        70      3       65

PRECIPITATION (IN)
  YESTERDAY        1.03          2.01 1932   0.17   0.86     0.12
  MONTH TO DATE    5.04                      4.72   0.32     3.91
  SINCE JAN 1     24.90                     28.33  -3.43    24.47

SNOWFALL (IN)
  YESTERDAY        0.0
  MONTH TO DATE    0.0
  SINCE SEP 1     92.3
  SNOW DEPTH       0

DEGREE DAYS
 HEATING
  YESTERDAY        0                         0      0        0
  MONTH TO DATE   18                         8     10        1
  SINCE JUN 1     32                        63    -31       13
  SINCE JUL 1     18                         8     10        1

 COOLING
  YESTERDAY        8                         5      3        0
  MONTH TO DATE  142                       137      5      204
  SINCE JUN 1    287                       229     58      301
  SINCE JAN 1    323                       252     71      326
..................................................................


WIND (MPH)
  HIGHEST WIND SPEED    28   HIGHEST WIND DIRECTION     W (270)
  HIGHEST GUST SPEED    37   HIGHEST GUST DIRECTION     W (270)
  AVERAGE WIND SPEED     5.1


SKY COVER
  POSSIBLE SUNSHINE  MM
  AVERAGE SKY COVER 0.7


WEATHER CONDITIONS
 THE FOLLOWING WEATHER WAS RECORDED YESTERDAY.
  HEAVY RAIN
  RAIN
  LIGHT RAIN
  FOG
  HAZE


RELATIVE HUMIDITY (PERCENT)
 HIGHEST    93          1100 PM
 LOWEST     51           400 PM
 AVERAGE    72

..........................................................


THE ELKINS WV CLIMATE NORMALS FOR TODAY
                         NORMAL    RECORD    YEAR
 MAXIMUM TEMPERATURE (F)   81        94      1993
 MINIMUM TEMPERATURE (F)   59        42      1977
                                             1962


SUNRISE AND SUNSET
JULY 28 2014..........SUNRISE   617 AM EDT   SUNSET   834 PM EDT
JULY 29 2014..........SUNRISE   618 AM EDT   SUNSET   833 PM EDT


-  INDICATES NEGATIVE NUMBERS.
R  INDICATES RECORD WAS SET OR TIED.
MM INDICATES DATA IS MISSING.
T  INDICATES TRACE AMOUNT.




$$
