000
CDUS41 KRLX 280716
CLIEKN


CLIMATE REPORT
NATIONAL WEATHER SERVICE CHARLESTON WV
315 AM EDT THU JUL 28 2016


...................................

...THE ELKINS WV CLIMATE SUMMARY FOR JULY 27 2016...

CLIMATE NORMAL PERIOD 1981 TO 2010
CLIMATE RECORD PERIOD 1899 TO 2016


WEATHER ITEM   OBSERVED TIME   RECORD YEAR NORMAL DEPARTURE LAST
                VALUE   (LST)  VALUE       VALUE  FROM      YEAR
                                                  NORMAL
..................................................................
TEMPERATURE (F)
 YESTERDAY
  MAXIMUM         87    338 PM  93    1941  81      6       86
                                      1936
                                      1901
  MINIMUM         68    630 AM  42    1946  59      9       68
  AVERAGE         78                        70      8       77

PRECIPITATION (IN)
  YESTERDAY        0.00          2.01 1932   0.17  -0.17     0.00
  MONTH TO DATE    3.40                      4.72  -1.32     4.54
  SINCE JAN 1     25.90                     28.33  -2.43    34.91

SNOWFALL (IN)
  YESTERDAY        0.0
  MONTH TO DATE    0.0
  SINCE SEP 1     59.0
  SNOW DEPTH       0

DEGREE DAYS
 HEATING
  YESTERDAY        0                         0      0        0
  MONTH TO DATE    0                         8     -8        0
  SINCE JUN 1     28                        63    -35       21
  SINCE JUL 1      0                         8     -8        0

 COOLING
  YESTERDAY       13                         5      8       12
  MONTH TO DATE  216                       137     79      169
  SINCE JUN 1    337                       229    108      322
  SINCE JAN 1    366                       252    114      387
..................................................................


WIND (MPH)
  HIGHEST WIND SPEED    12   HIGHEST WIND DIRECTION    NW (300)
  HIGHEST GUST SPEED    16   HIGHEST GUST DIRECTION    NW (330)
  AVERAGE WIND SPEED     1.7


SKY COVER
  POSSIBLE SUNSHINE  MM
  AVERAGE SKY COVER 0.5


WEATHER CONDITIONS
 THE FOLLOWING WEATHER WAS RECORDED YESTERDAY.
  FOG


RELATIVE HUMIDITY (PERCENT)
 HIGHEST    97           100 AM
 LOWEST     55           100 PM
 AVERAGE    76

..........................................................


THE ELKINS WV CLIMATE NORMALS FOR TODAY
                         NORMAL    RECORD    YEAR
 MAXIMUM TEMPERATURE (F)   81        94      1993
 MINIMUM TEMPERATURE (F)   59        42      1977
                                             1962


SUNRISE AND SUNSET
JULY 28 2016..........SUNRISE   617 AM EDT   SUNSET   834 PM EDT
JULY 29 2016..........SUNRISE   618 AM EDT   SUNSET   833 PM EDT


-  INDICATES NEGATIVE NUMBERS.
R  INDICATES RECORD WAS SET OR TIED.
MM INDICATES DATA IS MISSING.
T  INDICATES TRACE AMOUNT.




$$
