000
CDUS41 KRLX 240718
CLIEKN


CLIMATE REPORT
NATIONAL WEATHER SERVICE CHARLESTON WV
318 AM EDT TUE MAY 24 2016


...................................

...THE ELKINS WV CLIMATE SUMMARY FOR MAY 23 2016...

CLIMATE NORMAL PERIOD 1981 TO 2010
CLIMATE RECORD PERIOD 1899 TO 2016


WEATHER ITEM   OBSERVED TIME   RECORD YEAR NORMAL DEPARTURE LAST
                VALUE   (LST)  VALUE       VALUE  FROM      YEAR
                                                  NORMAL
..................................................................
TEMPERATURE (F)
 YESTERDAY
  MAXIMUM         67    249 PM  87    1966  72     -5       73
  MINIMUM         46    511 AM  29    2006  48     -2       39
  AVERAGE         57                        60     -3       56

PRECIPITATION (IN)
  YESTERDAY        0.08          1.56 1985   0.17  -0.09     0.00
  MONTH TO DATE    6.21                      3.78   2.43     1.35
  SINCE JAN 1     17.41                     17.87  -0.46    21.41

SNOWFALL (IN)
  YESTERDAY        0.0
  MONTH TO DATE    T
  SINCE SEP 1     59.0
  SNOW DEPTH       0

DEGREE DAYS
 HEATING
  YESTERDAY        8                         6      2        9
  MONTH TO DATE  223                       195     28      103
  SINCE MAR 1   1211                      1437   -226     1299
  SINCE JUL 1   4953                      5758   -805     5930

 COOLING
  YESTERDAY        0                         1     -1        0
  MONTH TO DATE    3                        10     -7       32
  SINCE MAR 1      6                        13     -7       35
  SINCE JAN 1      6                        13     -7       35
..................................................................


WIND (MPH)
  HIGHEST WIND SPEED    15   HIGHEST WIND DIRECTION    NW (330)
  HIGHEST GUST SPEED    20   HIGHEST GUST DIRECTION    NW (320)
  AVERAGE WIND SPEED     2.1


SKY COVER
  POSSIBLE SUNSHINE  MM
  AVERAGE SKY COVER 0.7


WEATHER CONDITIONS
 THE FOLLOWING WEATHER WAS RECORDED YESTERDAY.
  LIGHT RAIN
  FOG
  FOG W/VISIBILITY <= 1/4 MILE


RELATIVE HUMIDITY (PERCENT)
 HIGHEST    93           500 AM
 LOWEST     56           300 PM
 AVERAGE    75

..........................................................


THE ELKINS WV CLIMATE NORMALS FOR TODAY
                         NORMAL    RECORD    YEAR
 MAXIMUM TEMPERATURE (F)   72        85      1991
                                             1944
                                             1939
 MINIMUM TEMPERATURE (F)   48        31      1963
                                             1905


SUNRISE AND SUNSET
MAY 24 2016...........SUNRISE   600 AM EDT   SUNSET   833 PM EDT
MAY 25 2016...........SUNRISE   559 AM EDT   SUNSET   834 PM EDT


-  INDICATES NEGATIVE NUMBERS.
R  INDICATES RECORD WAS SET OR TIED.
MM INDICATES DATA IS MISSING.
T  INDICATES TRACE AMOUNT.




$$
