000
CDUS41 KRLX 230722
CLIEKN


CLIMATE REPORT
NATIONAL WEATHER SERVICE CHARLESTON WV
320 AM EDT SAT AUG 23 2014


...................................

...THE ELKINS WV CLIMATE SUMMARY FOR AUGUST 22 2014...

CLIMATE NORMAL PERIOD 1981 TO 2010
CLIMATE RECORD PERIOD 1899 TO 2014


WEATHER ITEM   OBSERVED TIME   RECORD YEAR NORMAL DEPARTURE LAST
                VALUE   (LST)  VALUE       VALUE  FROM      YEAR
                                                  NORMAL
..................................................................
TEMPERATURE (F)
 YESTERDAY
  MAXIMUM         79    431 PM  95    1936  80     -1       80
  MINIMUM         67    641 AM  44    1925  58      9       59
                                      1922
  AVERAGE         73                        69      4       70

PRECIPITATION (IN)
  YESTERDAY        0.27          2.17 1987   0.12   0.15     0.00
  MONTH TO DATE    2.55                      2.82  -0.27     4.02
  SINCE JAN 1     27.69                     31.79  -4.10    28.90

SNOWFALL (IN)
  YESTERDAY        0.0
  MONTH TO DATE    0.0
  SINCE SEP 1     92.3
  SNOW DEPTH       0

DEGREE DAYS
 HEATING
  YESTERDAY        0                         1     -1        0
  MONTH TO DATE   18                         7     11       19
  SINCE JUN 1     65                        74     -9       35
  SINCE JUL 1     51                        19     32       23

 COOLING
  YESTERDAY        8                         4      4        5
  MONTH TO DATE   75                       108    -33       91
  SINCE JUN 1    363                       366     -3      396
  SINCE JAN 1    399                       389     10      421
..................................................................


WIND (MPH)
  HIGHEST WIND SPEED     8   HIGHEST WIND DIRECTION    NW (310)
  HIGHEST GUST SPEED    12   HIGHEST GUST DIRECTION     W (280)
  AVERAGE WIND SPEED     1.4


SKY COVER
  POSSIBLE SUNSHINE  MM
  AVERAGE SKY COVER 0.8


WEATHER CONDITIONS
 THE FOLLOWING WEATHER WAS RECORDED YESTERDAY.
  HEAVY RAIN
  RAIN
  LIGHT RAIN
  FOG


RELATIVE HUMIDITY (PERCENT)
 HIGHEST    97           900 PM
 LOWEST     67           600 PM
 AVERAGE    82

..........................................................


THE ELKINS WV CLIMATE NORMALS FOR TODAY
                         NORMAL    RECORD    YEAR
 MAXIMUM TEMPERATURE (F)   80        89      1918
 MINIMUM TEMPERATURE (F)   57        42      1981
                                             1925


SUNRISE AND SUNSET
AUGUST 23 2014........SUNRISE   640 AM EDT   SUNSET   803 PM EDT
AUGUST 24 2014........SUNRISE   641 AM EDT   SUNSET   802 PM EDT


-  INDICATES NEGATIVE NUMBERS.
R  INDICATES RECORD WAS SET OR TIED.
MM INDICATES DATA IS MISSING.
T  INDICATES TRACE AMOUNT.




$$
