000
CDUS41 KRLX 242218
CLIEKN


CLIMATE REPORT
NATIONAL WEATHER SERVICE CHARLESTON WV
517 PM EST WED DEC 24 2014


...................................

...THE ELKINS WV CLIMATE SUMMARY FOR DECEMBER 24 2014...
VALID TODAY AS OF 0500 PM LOCAL TIME.

CLIMATE NORMAL PERIOD 1981 TO 2010
CLIMATE RECORD PERIOD 1899 TO 2014


WEATHER ITEM   OBSERVED TIME   RECORD YEAR NORMAL DEPARTURE LAST
                VALUE   (LST)  VALUE       VALUE  FROM      YEAR
                                                  NORMAL
..................................................................
TEMPERATURE (F)
 TODAY
  MAXIMUM         62    342 PM  65    1965  40     22       29
                                      1964
  MINIMUM         47    215 AM -22    1989  21     26        8
  AVERAGE         55                        30     25       19

PRECIPITATION (IN)
  TODAY            0.07          0.97 1984   0.11  -0.04     0.02
  MONTH TO DATE    3.43                      2.58   0.85     5.16
  SINCE DEC 1      3.43                      2.58   0.85     5.16
  SINCE JAN 1     41.81                     45.25  -3.44    44.90

DEGREE DAYS
 HEATING
  TODAY           10                        35    -25       46
  MONTH TO DATE  659                       763   -104      678
  SINCE DEC 1    659                       763   -104      678
  SINCE JUL 1   2015                      2047    -32     1973

 COOLING
  TODAY            0                         0      0        0
  MONTH TO DATE    0                         0      0        0
  SINCE DEC 1      0                         0      0        0
  SINCE JAN 1    505                       475     30      533
..................................................................


WIND (MPH)
  HIGHEST WIND SPEED    15   HIGHEST WIND DIRECTION    SE (140)
  HIGHEST GUST SPEED    24   HIGHEST GUST DIRECTION    SE (140)
  AVERAGE WIND SPEED     6.1


SKY COVER
  POSSIBLE SUNSHINE  MM
  AVERAGE SKY COVER 0.5


WEATHER CONDITIONS
 THE FOLLOWING WEATHER WAS RECORDED TODAY.
  LIGHT RAIN
  FOG


RELATIVE HUMIDITY (PERCENT)
 HIGHEST   100          1200 AM
 LOWEST     72           400 PM
 AVERAGE    86

..........................................................


THE ELKINS WV CLIMATE NORMALS FOR TOMORROW
                         NORMAL    RECORD    YEAR
 MAXIMUM TEMPERATURE (F)   40        68      1982
 MINIMUM TEMPERATURE (F)   21       -17      1983


SUNRISE AND SUNSET
DECEMBER 24 2014......SUNRISE   736 AM EST   SUNSET   502 PM EST
DECEMBER 25 2014......SUNRISE   736 AM EST   SUNSET   503 PM EST


-  INDICATES NEGATIVE NUMBERS.
R  INDICATES RECORD WAS SET OR TIED.
MM INDICATES DATA IS MISSING.
T  INDICATES TRACE AMOUNT.




$$
