000
CDUS41 KRLX 010716
CLIEKN


CLIMATE REPORT
NATIONAL WEATHER SERVICE CHARLESTON WV
315 AM EDT SUN MAY 1 2016


...................................

...THE ELKINS WV CLIMATE SUMMARY FOR APRIL 30 2016...

CLIMATE NORMAL PERIOD 1981 TO 2010
CLIMATE RECORD PERIOD 1899 TO 2016


WEATHER ITEM   OBSERVED TIME   RECORD YEAR NORMAL DEPARTURE LAST
                VALUE   (LST)  VALUE       VALUE  FROM      YEAR
                                                  NORMAL
..................................................................
TEMPERATURE (F)
 YESTERDAY
  MAXIMUM         70    213 PM  87    1899  67      3       64
  MINIMUM         48    149 AM  24    1977  41      7       48
  AVERAGE         59                        54      5       56

PRECIPITATION (IN)
  YESTERDAY        0.13          1.90 1966   0.13   0.00     0.25
  MONTH TO DATE    3.45                      3.80  -0.35     6.97
  SINCE JAN 1     11.20                     14.09  -2.89    20.06

SNOWFALL (IN)
  YESTERDAY       MM
  MONTH TO DATE    8.4
  SINCE SEP 1     59.0
  SNOW DEPTH       0

DEGREE DAYS
 HEATING
  YESTERDAY        6                        11     -5        9
  MONTH TO DATE  426                       463    -37      395
  SINCE MAR 1    988                      1242   -254     1196
  SINCE JUL 1   4730                      5563   -833     5827

 COOLING
  YESTERDAY        0                         0      0        0
  MONTH TO DATE    3                         3      0        3
  SINCE MAR 1      3                         3      0        3
  SINCE JAN 1      3                         3      0        3
..................................................................


WIND (MPH)
  HIGHEST WIND SPEED    14   HIGHEST WIND DIRECTION     S (180)
  HIGHEST GUST SPEED    18   HIGHEST GUST DIRECTION     S (190)
  AVERAGE WIND SPEED     3.3


SKY COVER
  POSSIBLE SUNSHINE  MM
  AVERAGE SKY COVER 0.7


WEATHER CONDITIONS
 THE FOLLOWING WEATHER WAS RECORDED YESTERDAY.
  LIGHT RAIN


RELATIVE HUMIDITY (PERCENT)
 HIGHEST    93           500 AM
 LOWEST     44           200 PM
 AVERAGE    69

..........................................................


THE ELKINS WV CLIMATE NORMALS FOR TODAY
                         NORMAL    RECORD    YEAR
 MAXIMUM TEMPERATURE (F)   67        88      1942
 MINIMUM TEMPERATURE (F)   41        24      1971
                                             1969


SUNRISE AND SUNSET
MAY  1 2016...........SUNRISE   621 AM EDT   SUNSET   812 PM EDT
MAY  2 2016...........SUNRISE   620 AM EDT   SUNSET   813 PM EDT


-  INDICATES NEGATIVE NUMBERS.
R  INDICATES RECORD WAS SET OR TIED.
MM INDICATES DATA IS MISSING.
T  INDICATES TRACE AMOUNT.




$$
