000
CDUS41 KRLX 180824
CLIEKN


CLIMATE REPORT
NATIONAL WEATHER SERVICE CHARLESTON WV
324 AM EST WED JAN 18 2017


...................................

...THE ELKINS WV CLIMATE SUMMARY FOR JANUARY 17 2017...

CLIMATE NORMAL PERIOD 1981 TO 2010
CLIMATE RECORD PERIOD 1899 TO 2017


WEATHER ITEM   OBSERVED TIME   RECORD YEAR NORMAL DEPARTURE LAST
                VALUE   (LST)  VALUE       VALUE  FROM      YEAR
                                                  NORMAL
..................................................................
TEMPERATURE (F)
 YESTERDAY
  MAXIMUM         61    353 PM  67    1932  39     22       30
  MINIMUM         43   1204 AM -18    2009  19     24       16
                                      1957
  AVERAGE         52                        29     23       23

PRECIPITATION (IN)
  YESTERDAY        0.35          0.88 1907   0.11   0.24     0.08
  MONTH TO DATE    3.98                      1.77   2.21     0.83
  SINCE JAN 1      3.98                      1.77   2.21     0.83

SNOWFALL (IN)
  YESTERDAY        0.0
  MONTH TO DATE    4.7
  SINCE SEP 1     14.9
  SNOW DEPTH       0

DEGREE DAYS
 HEATING
  YESTERDAY       13                        36    -23       42
  MONTH TO DATE  499                       612   -113      614
  SINCE DEC 1   1417                      1619   -202     1199
  SINCE JUL 1   2362                      2903   -541     2202

 COOLING
  YESTERDAY        0                         0      0        0
  MONTH TO DATE    0                         0      0        0
  SINCE DEC 1      0                         0      0        0
  SINCE JAN 1      0                         0      0        0
..................................................................


WIND (MPH)
  HIGHEST WIND SPEED    22   HIGHEST WIND DIRECTION    SW (230)
  HIGHEST GUST SPEED    33   HIGHEST GUST DIRECTION     W (250)
  AVERAGE WIND SPEED     8.3


SKY COVER
  POSSIBLE SUNSHINE  MM
  AVERAGE SKY COVER 0.8


WEATHER CONDITIONS
 THE FOLLOWING WEATHER WAS RECORDED YESTERDAY.
  HEAVY RAIN
  RAIN
  LIGHT RAIN
  FOG
  FOG W/VISIBILITY <= 1/4 MILE


RELATIVE HUMIDITY (PERCENT)
 HIGHEST    93           700 AM
 LOWEST     60           900 PM
 AVERAGE    77

..........................................................


THE ELKINS WV CLIMATE NORMALS FOR TODAY
                         NORMAL    RECORD    YEAR
 MAXIMUM TEMPERATURE (F)   39        67      1929
 MINIMUM TEMPERATURE (F)   19       -14      2003
                                             1994


SUNRISE AND SUNSET
JANUARY 18 2017.......SUNRISE   735 AM EST   SUNSET   525 PM EST
JANUARY 19 2017.......SUNRISE   735 AM EST   SUNSET   526 PM EST


-  INDICATES NEGATIVE NUMBERS.
R  INDICATES RECORD WAS SET OR TIED.
MM INDICATES DATA IS MISSING.
T  INDICATES TRACE AMOUNT.




$$
