000
CDUS45 KLKN 210935
CLIEKO


CLIMATE REPORT
NATIONAL WEATHER SERVICE ELKO NV
231 AM PDT FRI JUL 21 2017


...................................

...THE ELKO AIRPORT NV CLIMATE SUMMARY FOR JULY 20 2017...

CLIMATE NORMAL PERIOD 1981 TO 2010
CLIMATE RECORD PERIOD 1888 TO 2017


WEATHER ITEM   OBSERVED TIME   RECORD YEAR NORMAL DEPARTURE LAST
                VALUE   (LST)  VALUE       VALUE  FROM      YEAR
                                                  NORMAL
..................................................................
TEMPERATURE (F)
 YESTERDAY
  MAXIMUM         95    217 PM 104    1931  92      3       93
  MINIMUM         53    212 AM  30    1932  51      2       50
  AVERAGE         74                        71      3       72

PRECIPITATION (IN)
  YESTERDAY        0.00          0.24 2014   0.02  -0.02     0.00
                                      1951
  MONTH TO DATE    T                         0.23  -0.23     0.01
  SINCE OCT 1     13.46                      8.83   4.63    12.15
  SINCE JAN 1      7.83                      5.77   2.06     7.61

SNOWFALL (IN)
  YESTERDAY        0.0           0.0  1888   0.0    0.0      0.0
  MONTH TO DATE    0.0                       0.0    0.0      0.0
  SINCE JUN 1      T                         0.0    0.0       T
  SINCE JUL 1      0.0                       0.0    0.0      0.0
  SNOW DEPTH       0

DEGREE DAYS
 HEATING
  YESTERDAY        0                         0      0        0
  MONTH TO DATE    0                        17    -17        9
  SINCE JUN 1     62                       148    -86       39
  SINCE JUL 1      0                        17    -17        9

 COOLING
  YESTERDAY        9                         7      2        7
  MONTH TO DATE  225                       108    117      119
  SINCE JUN 1    338                       155    183      250
  SINCE JAN 1    342                       159    183      250
..................................................................


WIND (MPH)
  HIGHEST WIND SPEED    21   HIGHEST WIND DIRECTION     W (270)
  HIGHEST GUST SPEED    24   HIGHEST GUST DIRECTION     W (250)
  AVERAGE WIND SPEED     5.4



WEATHER CONDITIONS
 THE FOLLOWING WEATHER WAS RECORDED YESTERDAY.
  HAZE


RELATIVE HUMIDITY (PERCENT)
 HIGHEST    38           400 AM
 LOWEST      6           200 PM
 AVERAGE    22

..........................................................


THE ELKO AIRPORT NV CLIMATE NORMALS FOR TODAY
                         NORMAL    RECORD    YEAR
 MAXIMUM TEMPERATURE (F)   92       103      1931
 MINIMUM TEMPERATURE (F)   51        35      1897


SUNRISE AND SUNSET
JULY 21 2017..........SUNRISE   530 AM PDT   SUNSET   809 PM PDT
JULY 22 2017..........SUNRISE   531 AM PDT   SUNSET   808 PM PDT


-  INDICATES NEGATIVE NUMBERS.
R  INDICATES RECORD WAS SET OR TIED.
MM INDICATES DATA IS MISSING.
T  INDICATES TRACE AMOUNT.




$$
