000
CDUS45 KLKN 300031
CLIEKO


CLIMATE REPORT
NATIONAL WEATHER SERVICE ELKO NV
526 PM PDT SUN MAR 29 2015


...................................

...THE ELKO AIRPORT NV CLIMATE SUMMARY FOR MARCH 29 2015...
VALID TODAY AS OF 0500 PM LOCAL TIME.

CLIMATE NORMAL PERIOD 1981 TO 2010
CLIMATE RECORD PERIOD 1888 TO 2015


WEATHER ITEM   OBSERVED TIME   RECORD YEAR NORMAL DEPARTURE LAST
                VALUE   (LST)  VALUE       VALUE  FROM      YEAR
                                                  NORMAL
..................................................................
TEMPERATURE (F)
 TODAY
  MAXIMUM         70    334 PM  75    1978  55     15       60
  MINIMUM         23    513 AM  12    1926  29     -6       28
                                      1898
  AVERAGE         47                        42      5       44

PRECIPITATION (IN)
  TODAY            0.00          0.34 1957   0.03  -0.03     0.08
  MONTH TO DATE    0.16                      0.94  -0.78     0.94
  SINCE OCT 1      2.89                      5.96  -3.07     4.89
  SINCE JAN 1      0.65                      2.90  -2.25     3.28

SNOWFALL (IN)
  TODAY            0.0           2.6  1972   0.2   -0.2      0.0
  MONTH TO DATE    0.7                       4.8   -4.1      2.2
  SINCE MAR 1      0.7                       4.8   -4.1      2.2
  SINCE JUL 1     10.1                      37.3  -27.2     14.5
  SNOW DEPTH       0

DEGREE DAYS
 HEATING
  TODAY           18                        23     -5       21
  MONTH TO DATE  605                       764   -159      701
  SINCE MAR 1    605                       764   -159      701
  SINCE JUL 1   4613                      5932  -1319     5432

 COOLING
  TODAY            0                         0      0        0
  MONTH TO DATE    0                         0      0        0
  SINCE MAR 1      0                         0      0        0
  SINCE JAN 1      0                         0      0        0
..................................................................


WIND (MPH)
  HIGHEST WIND SPEED     8   HIGHEST WIND DIRECTION    SW (240)
  HIGHEST GUST SPEED    12   HIGHEST GUST DIRECTION     W (280)



WEATHER CONDITIONS
 THE FOLLOWING WEATHER WAS RECORDED TODAY.
  NO SIGNIFICANT WEATHER WAS OBSERVED.


RELATIVE HUMIDITY (PERCENT)
 HIGHEST    60           300 AM
 LOWEST      5           300 PM
 AVERAGE    33

..........................................................


THE ELKO AIRPORT NV CLIMATE NORMALS FOR TOMORROW
                         NORMAL    RECORD    YEAR
 MAXIMUM TEMPERATURE (F)   55        76      1966
 MINIMUM TEMPERATURE (F)   29         8      1898


SUNRISE AND SUNSET
MARCH 29 2015.........SUNRISE   632 AM PDT   SUNSET   705 PM PDT
MARCH 30 2015.........SUNRISE   630 AM PDT   SUNSET   706 PM PDT


-  INDICATES NEGATIVE NUMBERS.
R  INDICATES RECORD WAS SET OR TIED.
MM INDICATES DATA IS MISSING.
T  INDICATES TRACE AMOUNT.




$$
