000
CDUS45 KLKN 210032
CLIEKO


CLIMATE REPORT
NATIONAL WEATHER SERVICE ELKO NV
431 PM PST MON NOV   2017


...................................

...THE ELKO AIRPORT NV CLIMATE SUMMARY FOR NOVEMBER 20 2017...
VALID TODAY AS OF 0400 PM LOCAL TIME.

CLIMATE NORMAL PERIOD 1981 TO 2010
CLIMATE RECORD PERIOD 1888 TO 2017


WEATHER ITEM   OBSERVED TIME   RECORD YEAR NORMAL DEPARTURE LAST
                VALUE   (LST)  VALUE       VALUE  FROM      YEAR
                                                  NORMAL
..................................................................
TEMPERATURE (F)
 TODAY
  MAXIMUM         49    204 PM  78    1894  46      3       62
  MINIMUM         32    640 AM  -6    1977  20     12       30
  AVERAGE         41                        33      8       46

PRECIPITATION (IN)
  TODAY            0.02          0.60 1900   0.04  -0.02     0.00
  MONTH TO DATE    0.98                      0.73   0.25     0.06
  SINCE OCT 1      1.11                      1.48  -0.37     2.36
  SINCE JAN 1     11.04                      8.33   2.71    11.08

SNOWFALL (IN)
  TODAY            0.0           6.0  1900   0.2   -0.2      0.0
  MONTH TO DATE    0.7                       2.5   -1.8      0.4
  SINCE SEP 1      0.7                       3.2   -2.5      0.4
  SINCE JUL 1      0.7                       3.2   -2.5      0.4
  SNOW DEPTH       0

DEGREE DAYS
 HEATING
  TODAY           24                        32     -8       19
  MONTH TO DATE  499                       565    -66      403
  SINCE SEP 1   1363                      1343     20     1011
  SINCE JUL 1   1367                      1394    -27     1024

 COOLING
  TODAY            0                         0      0        0
  MONTH TO DATE    0                         0      0        0
  SINCE SEP 1     89                        21     68       16
  SINCE JAN 1    785                       383    402      560
..................................................................


WIND (MPH)
  HIGHEST WIND SPEED     7   HIGHEST WIND DIRECTION     E (110)
  HIGHEST GUST SPEED     8   HIGHEST GUST DIRECTION    SW (220)



WEATHER CONDITIONS
 THE FOLLOWING WEATHER WAS RECORDED TODAY.
  LIGHT RAIN


RELATIVE HUMIDITY (PERCENT)
 HIGHEST    82           300 AM
 LOWEST     61           100 PM
 AVERAGE    72

..........................................................


THE ELKO AIRPORT NV CLIMATE NORMALS FOR TOMORROW
                         NORMAL    RECORD    YEAR
 MAXIMUM TEMPERATURE (F)   45        76      1894
 MINIMUM TEMPERATURE (F)   20        -3      1931
                                             1929


SUNRISE AND SUNSET
NOVEMBER 20 2017......SUNRISE   636 AM PST   SUNSET   421 PM PST
NOVEMBER 21 2017......SUNRISE   638 AM PST   SUNSET   420 PM PST


-  INDICATES NEGATIVE NUMBERS.
R  INDICATES RECORD WAS SET OR TIED.
MM INDICATES DATA IS MISSING.
T  INDICATES TRACE AMOUNT.




$$
