000
CDUS45 KLKN 240934
CLIEKO


CLIMATE REPORT
NATIONAL WEATHER SERVICE ELKO NV
134 AM PST MON NOV 24 2014


...................................

...THE ELKO AIRPORT NV CLIMATE SUMMARY FOR NOVEMBER 23 2014...

CLIMATE NORMAL PERIOD 1981 TO 2010
CLIMATE RECORD PERIOD 1888 TO 2014


WEATHER ITEM   OBSERVED TIME   RECORD YEAR NORMAL DEPARTURE LAST
                VALUE   (LST)  VALUE       VALUE  FROM      YEAR
                                                  NORMAL
..................................................................
TEMPERATURE (F)
 YESTERDAY
  MAXIMUM         40    213 PM  71    1894  44     -4       50
  MINIMUM         24   1109 PM  -8    1994  19      5       21
  AVERAGE         32                        32      0       36

PRECIPITATION (IN)
  YESTERDAY        0.00          0.90 1896   0.03  -0.03     0.00
  MONTH TO DATE    1.10                      0.84   0.26     0.36
  SINCE OCT 1      1.10                      1.59  -0.49     0.96
  SINCE JAN 1      9.15                      8.44   0.71     5.81

SNOWFALL (IN)
  YESTERDAY        0.0           5.0  1965   0.2   -0.2      0.0
  MONTH TO DATE    1.9                       3.2   -1.3      2.8
  SINCE SEP 1      1.9                       3.9   -2.0      5.7
  SINCE JUL 1      1.9                       3.9   -2.0      5.7
  SNOW DEPTH       T

DEGREE DAYS
 HEATING
  YESTERDAY       33                        33      0       29
  MONTH TO DATE  671                       664      7      576
  SINCE SEP 1   1173                      1442   -269     1353
  SINCE JUL 1   1193                      1493   -300     1353

 COOLING
  YESTERDAY        0                         0      0        0
  MONTH TO DATE    0                         0      0        0
  SINCE SEP 1     45                        21     24       66
  SINCE JAN 1    549                       383    166      776
..................................................................


WIND (MPH)
  HIGHEST WIND SPEED    17   HIGHEST WIND DIRECTION     W (250)
  HIGHEST GUST SPEED    23   HIGHEST GUST DIRECTION     W (250)
  AVERAGE WIND SPEED     5.8



WEATHER CONDITIONS
 THE FOLLOWING WEATHER WAS RECORDED YESTERDAY.
  NO SIGNIFICANT WEATHER WAS OBSERVED.


RELATIVE HUMIDITY (PERCENT)
 HIGHEST    85          1200 AM
 LOWEST     48           200 PM
 AVERAGE    67

..........................................................


THE ELKO AIRPORT NV CLIMATE NORMALS FOR TODAY
                         NORMAL    RECORD    YEAR
 MAXIMUM TEMPERATURE (F)   44        72      1894
 MINIMUM TEMPERATURE (F)   19       -12      1931


SUNRISE AND SUNSET
NOVEMBER 24 2014......SUNRISE   641 AM PST   SUNSET   419 PM PST
NOVEMBER 25 2014......SUNRISE   642 AM PST   SUNSET   418 PM PST


-  INDICATES NEGATIVE NUMBERS.
R  INDICATES RECORD WAS SET OR TIED.
MM INDICATES DATA IS MISSING.
T  INDICATES TRACE AMOUNT.




$$
