000
CDUS45 KLKN 220931
CLIEKO


CLIMATE REPORT
NATIONAL WEATHER SERVICE ELKO NV
130 AM PST MON JAN 22 2018


...................................

...THE ELKO AIRPORT NV CLIMATE SUMMARY FOR JANUARY 21 2018...

CLIMATE NORMAL PERIOD 1981 TO 2010
CLIMATE RECORD PERIOD 1888 TO 2018


WEATHER ITEM   OBSERVED TIME   RECORD YEAR NORMAL DEPARTURE LAST
                VALUE   (LST)  VALUE       VALUE  FROM      YEAR
                                                  NORMAL
..................................................................
TEMPERATURE (F)
 YESTERDAY
  MAXIMUM         37    212 PM  54    1981  36      1       36
                                      1950
                                      1899
  MINIMUM         17    726 AM -43    1937  14      3       20
  AVERAGE         27                        25      2       28

PRECIPITATION (IN)
  YESTERDAY        T             0.70 1914   0.03  -0.03     0.01
  MONTH TO DATE    0.45                      0.80  -0.35     2.26
  SINCE OCT 1      2.15                      3.86  -1.71     7.89
  SINCE JAN 1      0.45                      0.80  -0.35     2.26

SNOWFALL (IN)
  YESTERDAY        T             2.8  1949   0.3   -0.3      0.3
  MONTH TO DATE    0.9                       7.5   -6.6     27.2
  SINCE DEC 1      5.7                      17.4  -11.7     39.4
  SINCE JUL 1      6.4                      23.1  -16.7     44.9
  SNOW DEPTH       0

DEGREE DAYS
 HEATING
  YESTERDAY       38                        40     -2       37
  MONTH TO DATE  598                       840   -242      872
  SINCE DEC 1   1772                      2050   -278     2126
  SINCE JUL 1   3360                      3788   -428     3471

 COOLING
  YESTERDAY        0                         0      0        0
  MONTH TO DATE    0                         0      0        0
  SINCE DEC 1      0                         0      0        0
  SINCE JAN 1      0                         0      0        0
..................................................................


WIND (MPH)
  HIGHEST WIND SPEED    18   HIGHEST WIND DIRECTION     W (250)
  HIGHEST GUST SPEED    22   HIGHEST GUST DIRECTION     W (250)
  AVERAGE WIND SPEED     4.8



WEATHER CONDITIONS
 THE FOLLOWING WEATHER WAS RECORDED YESTERDAY.
  NO SIGNIFICANT WEATHER WAS OBSERVED.


RELATIVE HUMIDITY (PERCENT)
 HIGHEST    84           400 AM
 LOWEST     47           300 PM
 AVERAGE    66

..........................................................


THE ELKO AIRPORT NV CLIMATE NORMALS FOR TODAY
                         NORMAL    RECORD    YEAR
 MAXIMUM TEMPERATURE (F)   36        63      1981
 MINIMUM TEMPERATURE (F)   14       -30      1930
                                             1890


SUNRISE AND SUNSET
JANUARY 22 2018.......SUNRISE   701 AM PST   SUNSET   448 PM PST
JANUARY 23 2018.......SUNRISE   701 AM PST   SUNSET   450 PM PST


-  INDICATES NEGATIVE NUMBERS.
R  INDICATES RECORD WAS SET OR TIED.
MM INDICATES DATA IS MISSING.
T  INDICATES TRACE AMOUNT.




$$
