000
CDUS45 KLKN 281245
CLIEKO


CLIMATE REPORT
NATIONAL WEATHER SERVICE ELKO NV
545 AM PDT FRI AUG 28 2015


...................................

...THE ELKO AIRPORT NV CLIMATE SUMMARY FOR AUGUST 27 2015...

CLIMATE NORMAL PERIOD 1981 TO 2010
CLIMATE RECORD PERIOD 1888 TO 2015


WEATHER ITEM   OBSERVED TIME   RECORD YEAR NORMAL DEPARTURE LAST
                VALUE   (LST)  VALUE       VALUE  FROM      YEAR
                                                  NORMAL
..................................................................
TEMPERATURE (F)
 YESTERDAY
  MAXIMUM         90    337 PM 101    1924  86      4       83
  MINIMUM         52    537 AM  24    1992  46      6       46
                                      1910
  AVERAGE         71                        66      5       65

PRECIPITATION (IN)
  YESTERDAY        0.00          4.13 1970   0.01  -0.01     0.00
  MONTH TO DATE    0.61                      0.32   0.29     1.27
  SINCE OCT 1      8.98                      9.29  -0.31     9.28
  SINCE JAN 1      6.74                      6.23   0.51     7.67

SNOWFALL (IN)
  YESTERDAY        0.0           0.0  1888   0.0    0.0      0.0
  MONTH TO DATE    0.0                       0.0    0.0      0.0
  SINCE JUN 1      0.0                       0.0    0.0      0.0
  SINCE JUL 1      0.0                       0.0    0.0      0.0
  SNOW DEPTH       0

DEGREE DAYS
 HEATING
  YESTERDAY        0                         2     -2        0
  MONTH TO DATE    1                        22    -21       18
  SINCE JUN 1     34                       172   -138      110
  SINCE JUL 1     10                        41    -31       18

 COOLING
  YESTERDAY        6                         3      3        0
  MONTH TO DATE  191                       123     68      120
  SINCE JUN 1    557                       350    207      493
  SINCE JAN 1    564                       354    210      496
..................................................................


WIND (MPH)
  HIGHEST WIND SPEED    17   HIGHEST WIND DIRECTION    SW (240)
  HIGHEST GUST SPEED    21   HIGHEST GUST DIRECTION    SW (210)
  AVERAGE WIND SPEED     4.7



WEATHER CONDITIONS
 THE FOLLOWING WEATHER WAS RECORDED YESTERDAY.
  HAZE


RELATIVE HUMIDITY (PERCENT)
 HIGHEST    61           600 AM
 LOWEST     12           400 PM
 AVERAGE    37

..........................................................


THE ELKO AIRPORT NV CLIMATE NORMALS FOR TODAY
                         NORMAL    RECORD    YEAR
 MAXIMUM TEMPERATURE (F)   86       100      1924
 MINIMUM TEMPERATURE (F)   45        28      1942


SUNRISE AND SUNSET
AUGUST 28 2015........SUNRISE   606 AM PDT   SUNSET   722 PM PDT
AUGUST 29 2015........SUNRISE   607 AM PDT   SUNSET   721 PM PDT


-  INDICATES NEGATIVE NUMBERS.
R  INDICATES RECORD WAS SET OR TIED.
MM INDICATES DATA IS MISSING.
T  INDICATES TRACE AMOUNT.




$$
