000
CDUS45 KLKN 250932
CLIEKO


CLIMATE REPORT
NATIONAL WEATHER SERVICE ELKO NV
126 AM PST TUE NOV 25 2014


...................................

...THE ELKO AIRPORT NV CLIMATE SUMMARY FOR NOVEMBER 24 2014...

CLIMATE NORMAL PERIOD 1981 TO 2010
CLIMATE RECORD PERIOD 1888 TO 2014


WEATHER ITEM   OBSERVED TIME   RECORD YEAR NORMAL DEPARTURE LAST
                VALUE   (LST)  VALUE       VALUE  FROM      YEAR
                                                  NORMAL
..................................................................
TEMPERATURE (F)
 YESTERDAY
  MAXIMUM         43    255 PM  72    1894  44     -1       47
  MINIMUM         22    342 AM -12    1931  19      3       17
  AVERAGE         33                        31      2       32

PRECIPITATION (IN)
  YESTERDAY        0.00          0.80 1918   0.04  -0.04     0.00
  MONTH TO DATE    1.10                      0.88   0.22     0.36
  SINCE OCT 1      1.10                      1.63  -0.53     0.96
  SINCE JAN 1      9.15                      8.48   0.67     5.81

SNOWFALL (IN)
  YESTERDAY        0.0           5.0  1918   0.2   -0.2      0.0
  MONTH TO DATE    1.9                       3.4   -1.5      2.8
  SINCE SEP 1      1.9                       4.1   -2.2      5.7
  SINCE JUL 1      1.9                       4.1   -2.2      5.7
  SNOW DEPTH       T

DEGREE DAYS
 HEATING
  YESTERDAY       32                        34     -2       33
  MONTH TO DATE  703                       698      5      609
  SINCE SEP 1   1205                      1476   -271     1386
  SINCE JUL 1   1225                      1527   -302     1386

 COOLING
  YESTERDAY        0                         0      0        0
  MONTH TO DATE    0                         0      0        0
  SINCE SEP 1     45                        21     24       66
  SINCE JAN 1    549                       383    166      776
..................................................................


WIND (MPH)
  HIGHEST WIND SPEED    16   HIGHEST WIND DIRECTION     W (260)
  HIGHEST GUST SPEED    18   HIGHEST GUST DIRECTION     W (260)
  AVERAGE WIND SPEED     5.2



WEATHER CONDITIONS
 THE FOLLOWING WEATHER WAS RECORDED YESTERDAY.
  NO SIGNIFICANT WEATHER WAS OBSERVED.


RELATIVE HUMIDITY (PERCENT)
 HIGHEST    88           100 AM
 LOWEST     43           100 PM
 AVERAGE    66

..........................................................


THE ELKO AIRPORT NV CLIMATE NORMALS FOR TODAY
                         NORMAL    RECORD    YEAR
 MAXIMUM TEMPERATURE (F)   43        68      1995
                                             1894
 MINIMUM TEMPERATURE (F)   19       -14      2010


SUNRISE AND SUNSET
NOVEMBER 25 2014......SUNRISE   642 AM PST   SUNSET   418 PM PST
NOVEMBER 26 2014......SUNRISE   643 AM PST   SUNSET   418 PM PST


-  INDICATES NEGATIVE NUMBERS.
R  INDICATES RECORD WAS SET OR TIED.
MM INDICATES DATA IS MISSING.
T  INDICATES TRACE AMOUNT.




$$
