000
CDUS45 KLKN 040936
CLIEKO


CLIMATE REPORT
NATIONAL WEATHER SERVICE ELKO NV
230 AM PDT SAT JUL 4 2015


...................................

...THE ELKO AIRPORT NV CLIMATE SUMMARY FOR JULY 3 2015...

CLIMATE NORMAL PERIOD 1981 TO 2010
CLIMATE RECORD PERIOD 1888 TO 2015


WEATHER ITEM   OBSERVED TIME   RECORD YEAR NORMAL DEPARTURE LAST
                VALUE   (LST)  VALUE       VALUE  FROM      YEAR
                                                  NORMAL
..................................................................
TEMPERATURE (F)
 YESTERDAY
  MAXIMUM         95    414 PM 104    1985  87      8       97
  MINIMUM         61    231 AM  30    1916  49     12       56
  AVERAGE         78                        68     10       77

PRECIPITATION (IN)
  YESTERDAY        0.03          0.52 1938   0.01   0.02     0.00
  MONTH TO DATE    0.03                      0.03   0.00     0.00
  SINCE OCT 1      7.61                      8.63  -1.02     7.46
  SINCE JAN 1      5.37                      5.57  -0.20     5.85

SNOWFALL (IN)
  YESTERDAY        0.0           0.0  1888   0.0    0.0      0.0
  MONTH TO DATE    0.0                       0.0    0.0      0.0
  SINCE JUN 1      0.0                       0.0    0.0      0.0
  SINCE JUL 1      0.0                       0.0    0.0      0.0
  SNOW DEPTH       0

DEGREE DAYS
 HEATING
  YESTERDAY        0                         1     -1        0
  MONTH TO DATE    0                         3     -3        0
  SINCE JUN 1     24                       134   -110       92
  SINCE JUL 1      0                         3     -3        0

 COOLING
  YESTERDAY       13                         4      9       12
  MONTH TO DATE   44                        12     32       31
  SINCE JUN 1    222                        59    163       60
  SINCE JAN 1    229                        63    166       63
..................................................................


WIND (MPH)
  HIGHEST WIND SPEED    17   HIGHEST WIND DIRECTION    NE (50)
  HIGHEST GUST SPEED    24   HIGHEST GUST DIRECTION    NE (50)
  AVERAGE WIND SPEED     5.5



WEATHER CONDITIONS
 THE FOLLOWING WEATHER WAS RECORDED YESTERDAY.
  NO SIGNIFICANT WEATHER WAS OBSERVED.


RELATIVE HUMIDITY (PERCENT)
 HIGHEST    78          1100 PM
 LOWEST     16           400 PM
 AVERAGE    47

..........................................................


THE ELKO AIRPORT NV CLIMATE NORMALS FOR TODAY
                         NORMAL    RECORD    YEAR
 MAXIMUM TEMPERATURE (F)   88       107      1981
 MINIMUM TEMPERATURE (F)   49        30      1901


SUNRISE AND SUNSET
JULY  4 2015..........SUNRISE   517 AM PDT   SUNSET   818 PM PDT
JULY  5 2015..........SUNRISE   517 AM PDT   SUNSET   818 PM PDT


-  INDICATES NEGATIVE NUMBERS.
R  INDICATES RECORD WAS SET OR TIED.
MM INDICATES DATA IS MISSING.
T  INDICATES TRACE AMOUNT.




$$
