000
CDUS45 KLKN 110929
CLIEKO


CLIMATE REPORT
NATIONAL WEATHER SERVICE ELKO NV
129 AM PST THU FEB 11 2016


...................................

...THE ELKO AIRPORT NV CLIMATE SUMMARY FOR FEBRUARY 10 2016...

CLIMATE NORMAL PERIOD 1981 TO 2010
CLIMATE RECORD PERIOD 1888 TO 2016


WEATHER ITEM   OBSERVED TIME   RECORD YEAR NORMAL DEPARTURE LAST
                VALUE   (LST)  VALUE       VALUE  FROM      YEAR
                                                  NORMAL
..................................................................
TEMPERATURE (F)
 YESTERDAY
  MAXIMUM         32    406 PM  67    1951  40     -8       50
  MINIMUM          6    603 AM -37    1933  17    -11       24
  AVERAGE         19                        28     -9       37

PRECIPITATION (IN)
  YESTERDAY        T             0.59 1962   0.02  -0.02     0.00
  MONTH TO DATE    0.09                      0.30  -0.21     0.09
  SINCE OCT 1      6.60                      4.48   2.12     2.53
  SINCE JAN 1      2.06                      1.42   0.64     0.29

SNOWFALL (IN)
  YESTERDAY        T             5.4  1994   0.3   -0.3      0.0
  MONTH TO DATE    1.3                       2.7   -1.4       T
  SINCE DEC 1     41.7                      23.1   18.6      5.6
  SINCE JUL 1     53.9                      28.8   25.1      7.5
  SNOW DEPTH       9

DEGREE DAYS
 HEATING
  YESTERDAY       46                        37      9       28
  MONTH TO DATE  471                       377     94      204
  SINCE DEC 1   3009                      2824    185     2164
  SINCE JUL 1   4490                      4562    -72     3524

 COOLING
  YESTERDAY        0                         0      0        0
  MONTH TO DATE    0                         0      0        0
  SINCE DEC 1      0                         0      0        0
  SINCE JAN 1      0                         0      0        0
..................................................................


WIND (MPH)
  HIGHEST WIND SPEED    10   HIGHEST WIND DIRECTION     E (70)
  HIGHEST GUST SPEED    12   HIGHEST GUST DIRECTION     E (70)
  AVERAGE WIND SPEED     4.2



WEATHER CONDITIONS
 THE FOLLOWING WEATHER WAS RECORDED YESTERDAY.
  FOG


RELATIVE HUMIDITY (PERCENT)
 HIGHEST   100           900 AM
 LOWEST     63           300 PM
 AVERAGE    82

..........................................................


THE ELKO AIRPORT NV CLIMATE NORMALS FOR TODAY
                         NORMAL    RECORD    YEAR
 MAXIMUM TEMPERATURE (F)   40        60      1961
 MINIMUM TEMPERATURE (F)   17       -27      1901


SUNRISE AND SUNSET
FEBRUARY 11 2016......SUNRISE   643 AM PST   SUNSET   512 PM PST
FEBRUARY 12 2016......SUNRISE   642 AM PST   SUNSET   514 PM PST


-  INDICATES NEGATIVE NUMBERS.
R  INDICATES RECORD WAS SET OR TIED.
MM INDICATES DATA IS MISSING.
T  INDICATES TRACE AMOUNT.




$$
