978
CDUS45 KLKN 250932
CLIEKO


CLIMATE REPORT
NATIONAL WEATHER SERVICE ELKO NV
231 AM PDT MON JUL 25 2016


...................................

...THE ELKO AIRPORT NV CLIMATE SUMMARY FOR JULY 24 2016...

CLIMATE NORMAL PERIOD 1981 TO 2010
CLIMATE RECORD PERIOD 1888 TO 2016


WEATHER ITEM   OBSERVED TIME   RECORD YEAR NORMAL DEPARTURE LAST
                VALUE   (LST)  VALUE       VALUE  FROM      YEAR
                                                  NORMAL
..................................................................
TEMPERATURE (F)
 YESTERDAY
  MAXIMUM         95    455 PM 107    1890  92      3       81
  MINIMUM         46    431 AM  34    1899  51     -5       54
  AVERAGE         71                        71      0       68

PRECIPITATION (IN)
  YESTERDAY        0.00          0.13 1982   0.02  -0.02     0.12
  MONTH TO DATE    0.01                      0.28  -0.27     0.78
  SINCE OCT 1     12.15                      8.88   3.27     8.36
  SINCE JAN 1      7.61                      5.82   1.79     6.12

SNOWFALL (IN)
  YESTERDAY        0.0           0.0  1888   0.0    0.0      0.0
  MONTH TO DATE    0.0                       0.0    0.0      0.0
  SINCE JUN 1      T                         0.0    0.0      0.0
  SINCE JUL 1      0.0                       0.0    0.0      0.0
  SNOW DEPTH       0

DEGREE DAYS
 HEATING
  YESTERDAY        0                         0      0        0
  MONTH TO DATE    9                        17     -8        4
  SINCE JUN 1     39                       148   -109       28
  SINCE JUL 1      9                        17     -8        4

 COOLING
  YESTERDAY        6                         7     -1        3
  MONTH TO DATE  145                       136      9      161
  SINCE JUN 1    276                       183     93      339
  SINCE JAN 1    276                       187     89      346
..................................................................


WIND (MPH)
  HIGHEST WIND SPEED    12   HIGHEST WIND DIRECTION    NE (50)
  HIGHEST GUST SPEED    18   HIGHEST GUST DIRECTION    SW (220)
  AVERAGE WIND SPEED     3.9



WEATHER CONDITIONS
 THE FOLLOWING WEATHER WAS RECORDED YESTERDAY.
  NO SIGNIFICANT WEATHER WAS OBSERVED.


RELATIVE HUMIDITY (PERCENT)
 HIGHEST    44           300 AM
 LOWEST      5           200 PM
 AVERAGE    25

..........................................................


THE ELKO AIRPORT NV CLIMATE NORMALS FOR TODAY
                         NORMAL    RECORD    YEAR
 MAXIMUM TEMPERATURE (F)   92       106      1890
 MINIMUM TEMPERATURE (F)   51        35      1999


SUNRISE AND SUNSET
JULY 25 2016..........SUNRISE   534 AM PDT   SUNSET   805 PM PDT
JULY 26 2016..........SUNRISE   534 AM PDT   SUNSET   804 PM PDT


-  INDICATES NEGATIVE NUMBERS.
R  INDICATES RECORD WAS SET OR TIED.
MM INDICATES DATA IS MISSING.
T  INDICATES TRACE AMOUNT.




$$
