917
CDUS44 KSHV 070855
CLIELD


CLIMATE REPORT
NATIONAL WEATHER SERVICE SHREVEPORT, LA
249 AM CST WED DEC 7 2016


...................................

...THE EL DORADO CLIMATE SUMMARY FOR DECEMBER 6 2016...

CLIMATE NORMAL PERIOD 1981 TO 2010
CLIMATE RECORD PERIOD 1907 TO 2016


WEATHER ITEM   OBSERVED TIME   RECORD YEAR NORMAL DEPARTURE LAST
                VALUE   (LST)  VALUE       VALUE  FROM      YEAR
                                                  NORMAL
..................................................................
TEMPERATURE (F)
 YESTERDAY
  MAXIMUM         53   1209 PM  82    1998  58     -5       66
  MINIMUM         45    719 AM  15    1950  37      8       31
  AVERAGE         49                        47      2       49

PRECIPITATION (IN)
  YESTERDAY        0.58          3.17 1944   0.19   0.39     0.00
  MONTH TO DATE    2.27                      1.12   1.15     0.00
  SINCE DEC 1      2.27                      1.12   1.15     0.00
  SINCE JAN 1     57.62                     48.86   8.76    47.29

SNOWFALL (IN)
  YESTERDAY       MM
  MONTH TO DATE    0.0
  SINCE DEC 1      0.0
  SINCE JUL 1      0.0
  SNOW DEPTH       0

DEGREE DAYS
 HEATING
  YESTERDAY       16                        18     -2       16
  MONTH TO DATE  103                       103      0      113
  SINCE DEC 1    103                       103      0      113
  SINCE JUL 1    376                       582   -206      407

 COOLING
  YESTERDAY        0                         0      0        0
  MONTH TO DATE    0                         0      0        0
  SINCE DEC 1      0                         0      0        0
  SINCE JAN 1   2391                      2126    265     2379
..................................................................


WIND (MPH)
  HIGHEST WIND SPEED    12   HIGHEST WIND DIRECTION    NW (310)
  HIGHEST GUST SPEED    14   HIGHEST GUST DIRECTION    NW (320)
  AVERAGE WIND SPEED     4.5


SKY COVER
  POSSIBLE SUNSHINE  MM
  AVERAGE SKY COVER 1.0


WEATHER CONDITIONS
 THE FOLLOWING WEATHER WAS RECORDED YESTERDAY.
  HEAVY RAIN
  RAIN
  LIGHT RAIN
  FOG


RELATIVE HUMIDITY (PERCENT)
 HIGHEST   100           500 AM
 LOWEST     83          1200 PM
 AVERAGE    92

..........................................................


THE EL DORADO CLIMATE NORMALS FOR TODAY
                         NORMAL    RECORD    YEAR
 MAXIMUM TEMPERATURE (F)   58        82      1939
 MINIMUM TEMPERATURE (F)   36        11      1950


SUNRISE AND SUNSET
DECEMBER  7 2016......SUNRISE   702 AM CST   SUNSET   504 PM CST
DECEMBER  8 2016......SUNRISE   703 AM CST   SUNSET   504 PM CST


-  INDICATES NEGATIVE NUMBERS.
R  INDICATES RECORD WAS SET OR TIED.
MM INDICATES DATA IS MISSING.
T  INDICATES TRACE AMOUNT.




$$
