000
CDUS44 KSHV 240737
CLIELD


CLIMATE REPORT
NATIONAL WEATHER SERVICE SHREVEPORT, LA
237 AM CDT FRI MAR 24 2017


...................................

...THE EL DORADO CLIMATE SUMMARY FOR MARCH 23 2017...

CLIMATE NORMAL PERIOD 1981 TO 2010
CLIMATE RECORD PERIOD 1907 TO 2017


WEATHER ITEM   OBSERVED TIME   RECORD YEAR NORMAL DEPARTURE LAST
                VALUE   (LST)  VALUE       VALUE  FROM      YEAR
                                                  NORMAL
..................................................................
TEMPERATURE (F)
 YESTERDAY
  MAXIMUM         85    219 PM  91    1995  70     15       75
  MINIMUM         52    546 AM  28    2002  45      7       59
                                      1915
  AVERAGE         69                        58     11       67

PRECIPITATION (IN)
  YESTERDAY        0.00          1.82 1969   0.14  -0.14      T
  MONTH TO DATE    1.01                      3.59  -2.58     9.76
  SINCE DEC 1     15.71                     17.86  -2.15    25.42
  SINCE JAN 1      9.42                     12.68  -3.26    17.36

SNOWFALL (IN)
  YESTERDAY        0.0
  MONTH TO DATE    0.0
  SINCE MAR 1      0.0
  SINCE JUL 1      T
  SNOW DEPTH       0

DEGREE DAYS
 HEATING
  YESTERDAY        0                         8     -8        0
  MONTH TO DATE  203                       250    -47      153
  SINCE MAR 1    203                       250    -47      153
  SINCE JUL 1   1655                      2478   -823     1892

 COOLING
  YESTERDAY        4                         1      3        2
  MONTH TO DATE   28                        14     14       17
  SINCE MAR 1     28                        14     14       17
  SINCE JAN 1     55                        20     35       23
..................................................................


WIND (MPH)
  HIGHEST WIND SPEED    20   HIGHEST WIND DIRECTION     S (190)
  HIGHEST GUST SPEED    24   HIGHEST GUST DIRECTION     S (200)
  AVERAGE WIND SPEED     8.0


SKY COVER
  POSSIBLE SUNSHINE  MM
  AVERAGE SKY COVER 0.0


WEATHER CONDITIONS
 THE FOLLOWING WEATHER WAS RECORDED YESTERDAY.
  NO SIGNIFICANT WEATHER WAS OBSERVED.


RELATIVE HUMIDITY (PERCENT)
 HIGHEST    89           500 AM
 LOWEST     28           200 PM
 AVERAGE    59

..........................................................


THE EL DORADO CLIMATE NORMALS FOR TODAY
                         NORMAL    RECORD    YEAR
 MAXIMUM TEMPERATURE (F)   71        92      1929
 MINIMUM TEMPERATURE (F)   45        25      1968


SUNRISE AND SUNSET
MARCH 24 2017.........SUNRISE   709 AM CDT   SUNSET   726 PM CDT
MARCH 25 2017.........SUNRISE   708 AM CDT   SUNSET   727 PM CDT


-  INDICATES NEGATIVE NUMBERS.
R  INDICATES RECORD WAS SET OR TIED.
MM INDICATES DATA IS MISSING.
T  INDICATES TRACE AMOUNT.




$$
