000
CDUS44 KSHV 292134
CLIELD


CLIMATE REPORT
NATIONAL WEATHER SERVICE SHREVEPORT, LA
431 PM CDT SUN MAY 29 2016


...................................

...THE EL DORADO CLIMATE SUMMARY FOR MAY 29 2016...
VALID TODAY AS OF 0400 PM LOCAL TIME.

CLIMATE NORMAL PERIOD 1981 TO 2010
CLIMATE RECORD PERIOD 1907 TO 2016


WEATHER ITEM   OBSERVED TIME   RECORD YEAR NORMAL DEPARTURE LAST
                VALUE   (LST)  VALUE       VALUE  FROM      YEAR
                                                  NORMAL
..................................................................
TEMPERATURE (F)
 TODAY
  MAXIMUM         91    256 PM  97    1926  85      6       86
  MINIMUM         64    256 AM  50    1984  64      0       66
  AVERAGE         78                        74      4       76

PRECIPITATION (IN)
  TODAY            0.01          1.17 2002   0.16  -0.15      T
  MONTH TO DATE    1.03                      4.75  -3.72     7.49
  SINCE DEC 1     36.57                     27.86   8.71    26.89
  SINCE JAN 1     28.51                     22.68   5.83    23.56

DEGREE DAYS
 HEATING
  TODAY            0                         0      0        0
  MONTH TO DATE   24                        16      8        6
  SINCE MAR 1    295                       442   -147      433
  SINCE JUL 1   2034                      2670   -636     2919

 COOLING
  TODAY           13                        10      3       11
  MONTH TO DATE  157                       193    -36      219
  SINCE MAR 1    251                       286    -35      320
  SINCE JAN 1    257                       292    -35      320
..................................................................


WIND (MPH)
  HIGHEST WIND SPEED     8   HIGHEST WIND DIRECTION    SE (150)
  HIGHEST GUST SPEED    11   HIGHEST GUST DIRECTION    SE (150)
  AVERAGE WIND SPEED     0.7


SKY COVER
  POSSIBLE SUNSHINE  MM
  AVERAGE SKY COVER 0.1


WEATHER CONDITIONS
 THE FOLLOWING WEATHER WAS RECORDED TODAY.
  LIGHT RAIN
  FOG
  FOG W/VISIBILITY <= 1/4 MILE


RELATIVE HUMIDITY (PERCENT)
 HIGHEST   100          1200 AM
 LOWEST     49           300 PM
 AVERAGE    75

..........................................................


THE EL DORADO CLIMATE NORMALS FOR TOMORROW
                         NORMAL    RECORD    YEAR
 MAXIMUM TEMPERATURE (F)   86        97      1977
 MINIMUM TEMPERATURE (F)   64        45      1984


SUNRISE AND SUNSET
MAY 29 2016...........SUNRISE   604 AM CDT   SUNSET   814 PM CDT
MAY 30 2016...........SUNRISE   603 AM CDT   SUNSET   815 PM CDT


-  INDICATES NEGATIVE NUMBERS.
R  INDICATES RECORD WAS SET OR TIED.
MM INDICATES DATA IS MISSING.
T  INDICATES TRACE AMOUNT.




$$
