000
CDUS44 KSHV 270750
CLIELD


CLIMATE REPORT
NATIONAL WEATHER SERVICE SHREVEPORT, LA
250 AM CDT THU APR 27 2017


...................................

...THE EL DORADO CLIMATE SUMMARY FOR APRIL 26 2017...

CLIMATE NORMAL PERIOD 1981 TO 2010
CLIMATE RECORD PERIOD 1907 TO 2017


WEATHER ITEM   OBSERVED TIME   RECORD YEAR NORMAL DEPARTURE LAST
                VALUE   (LST)  VALUE       VALUE  FROM      YEAR
                                                  NORMAL
..................................................................
TEMPERATURE (F)
 YESTERDAY
  MAXIMUM         80   1245 PM  90    1949  78      2       84
  MINIMUM         53   1159 PM  36    1949  54     -1       69
  AVERAGE         67                        66      1       77

PRECIPITATION (IN)
  YESTERDAY       MM            10.65 1958   0.14  MM        0.00
  MONTH TO DATE    7.44                      3.53   3.91     6.40
  SINCE DEC 1     23.85                     22.55   1.30    33.78
  SINCE JAN 1     17.56                     17.37   0.19    25.72

SNOWFALL (IN)
  YESTERDAY        0.0
  MONTH TO DATE    0.0
  SINCE MAR 1      0.0
  SINCE JUL 1      T
  SNOW DEPTH       0

DEGREE DAYS
 HEATING
  YESTERDAY        0                         2     -2        0
  MONTH TO DATE   37                       110    -73       70
  SINCE MAR 1    249                       418   -169      271
  SINCE JUL 1   1701                      2646   -945     2010

 COOLING
  YESTERDAY        2                         3     -1       12
  MONTH TO DATE   76                        57     19       40
  SINCE MAR 1    129                        79     50       67
  SINCE JAN 1    156                        85     71       73
..................................................................


WIND (MPH)
  HIGHEST WIND SPEED    24   HIGHEST WIND DIRECTION     S (170)
  HIGHEST GUST SPEED    33   HIGHEST GUST DIRECTION    SE (150)
  AVERAGE WIND SPEED    10.3


SKY COVER
  POSSIBLE SUNSHINE  MM
  AVERAGE SKY COVER 1.0


WEATHER CONDITIONS
 THE FOLLOWING WEATHER WAS RECORDED YESTERDAY.
  THUNDERSTORM
  LIGHT RAIN
  FOG


RELATIVE HUMIDITY (PERCENT)
 HIGHEST   100           900 PM
 LOWEST     71           100 PM
 AVERAGE    86

..........................................................


THE EL DORADO CLIMATE NORMALS FOR TODAY
                         NORMAL    RECORD    YEAR
 MAXIMUM TEMPERATURE (F)   78        93      1987
 MINIMUM TEMPERATURE (F)   55        39      1992


SUNRISE AND SUNSET
APRIL 27 2017.........SUNRISE   627 AM CDT   SUNSET   751 PM CDT
APRIL 28 2017.........SUNRISE   626 AM CDT   SUNSET   752 PM CDT


-  INDICATES NEGATIVE NUMBERS.
R  INDICATES RECORD WAS SET OR TIED.
MM INDICATES DATA IS MISSING.
T  INDICATES TRACE AMOUNT.




$$
