000
CDUS44 KSHV 192245
CLIELD


CLIMATE REPORT
NATIONAL WEATHER SERVICE SHREVEPORT, LA
444 PM CST FRI JAN 19 2018


...................................

...THE EL DORADO CLIMATE SUMMARY FOR JANUARY 19 2018...
VALID TODAY AS OF 0400 PM LOCAL TIME.

CLIMATE NORMAL PERIOD 1981 TO 2010
CLIMATE RECORD PERIOD 1907 TO 2018


WEATHER ITEM   OBSERVED TIME   RECORD YEAR NORMAL DEPARTURE LAST
                VALUE   (LST)  VALUE       VALUE  FROM      YEAR
                                                  NORMAL
..................................................................
TEMPERATURE (F)
 TODAY
  MAXIMUM         52    352 PM  80    1914  55     -3       60
  MINIMUM         24   1255 AM  -1    1930  33     -9       49
  AVERAGE         38                        44     -6       55

PRECIPITATION (IN)
  TODAY            0.00          3.46 1979   0.14  -0.14     0.02
  MONTH TO DATE    1.73                      2.53  -0.80     3.34
  SINCE DEC 1      7.36                      7.71  -0.35     9.63
  SINCE JAN 1      1.73                      2.53  -0.80     3.34

SNOWFALL (IN)
  TODAY            0.0
  MONTH TO DATE    2.8
  SINCE DEC 1      2.8
  SINCE JUL 1      2.8
  SNOW DEPTH       0

DEGREE DAYS
 HEATING
  TODAY           27                        21      6       10
  MONTH TO DATE  570                       408    162      276
  SINCE DEC 1   1163                      1016    147      796
  SINCE JUL 1   1565                      1495     70     1069

 COOLING
  TODAY            0                         0      0        0
  MONTH TO DATE    0                         0      0        9
  SINCE DEC 1      0                         4     -4       23
  SINCE JAN 1      0                         0      0        9
..................................................................


WIND (MPH)
  HIGHEST WIND SPEED    14   HIGHEST WIND DIRECTION     S (170)
  HIGHEST GUST SPEED    18   HIGHEST GUST DIRECTION     S (180)
  AVERAGE WIND SPEED     5.6


SKY COVER
  POSSIBLE SUNSHINE  MM
  AVERAGE SKY COVER 0.9


WEATHER CONDITIONS
 THE FOLLOWING WEATHER WAS RECORDED TODAY.
  NO SIGNIFICANT WEATHER WAS OBSERVED.


RELATIVE HUMIDITY (PERCENT)
 HIGHEST    81          1200 AM
 LOWEST     33           300 PM
 AVERAGE    57

..........................................................


THE EL DORADO CLIMATE NORMALS FOR TOMORROW
                         NORMAL    RECORD    YEAR
 MAXIMUM TEMPERATURE (F)   55        79      1954
 MINIMUM TEMPERATURE (F)   33        10      1943


SUNRISE AND SUNSET
JANUARY 19 2018.......SUNRISE   714 AM CST   SUNSET   531 PM CST
JANUARY 20 2018.......SUNRISE   713 AM CST   SUNSET   532 PM CST


-  INDICATES NEGATIVE NUMBERS.
R  INDICATES RECORD WAS SET OR TIED.
MM INDICATES DATA IS MISSING.
T  INDICATES TRACE AMOUNT.




$$
