000
CDUS44 KSHV 280754
CLIELD


CLIMATE REPORT
NATIONAL WEATHER SERVICE SHREVEPORT, LA
250 AM CDT THU MAY 28 2015


...................................

...THE EL DORADO CLIMATE SUMMARY FOR MAY 27 2015...

CLIMATE NORMAL PERIOD 1981 TO 2010
CLIMATE RECORD PERIOD 1907 TO 2015


WEATHER ITEM   OBSERVED TIME   RECORD YEAR NORMAL DEPARTURE LAST
                VALUE   (LST)  VALUE       VALUE  FROM      YEAR
                                                  NORMAL
..................................................................
TEMPERATURE (F)
 YESTERDAY
  MAXIMUM         85    408 PM  96    1953  85      0       77
  MINIMUM         69   1159 PM  42    1961  63      6       68
  AVERAGE         77                        74      3       73

PRECIPITATION (IN)
  YESTERDAY        T             1.81 1970   0.16  -0.16     0.32
  MONTH TO DATE    7.13                      4.44   2.69     5.21
  SINCE DEC 1     26.53                     27.55  -1.02    25.98
  SINCE JAN 1     23.20                     22.37   0.83    19.42

SNOWFALL (IN)
  YESTERDAY        0.0
  MONTH TO DATE    0.0
  SINCE MAR 1      0.7
  SINCE JUL 1      0.7
  SNOW DEPTH       0

DEGREE DAYS
 HEATING
  YESTERDAY        0                         0      0        0
  MONTH TO DATE    6                        16    -10       38
  SINCE MAR 1    433                       442     -9      641
  SINCE JUL 1   2919                      2670    249     3248

 COOLING
  YESTERDAY       12                         9      3        8
  MONTH TO DATE  198                       174     24      157
  SINCE MAR 1    299                       267     32      214
  SINCE JAN 1    299                       273     26      214
..................................................................


WIND (MPH)
  HIGHEST WIND SPEED    12   HIGHEST WIND DIRECTION     E (110)
  HIGHEST GUST SPEED    14   HIGHEST GUST DIRECTION     E (110)
  AVERAGE WIND SPEED     4.2


SKY COVER
  POSSIBLE SUNSHINE  MM
  AVERAGE SKY COVER 0.2


WEATHER CONDITIONS
 THE FOLLOWING WEATHER WAS RECORDED YESTERDAY.
  THUNDERSTORM


RELATIVE HUMIDITY (PERCENT)
 HIGHEST    97           200 AM
 LOWEST     55           400 PM
 AVERAGE    76

..........................................................


THE EL DORADO CLIMATE NORMALS FOR TODAY
                         NORMAL    RECORD    YEAR
 MAXIMUM TEMPERATURE (F)   85        98      1926
 MINIMUM TEMPERATURE (F)   63        42      1961


SUNRISE AND SUNSET
MAY 28 2015...........SUNRISE   604 AM CDT   SUNSET   813 PM CDT
MAY 29 2015...........SUNRISE   604 AM CDT   SUNSET   814 PM CDT


-  INDICATES NEGATIVE NUMBERS.
R  INDICATES RECORD WAS SET OR TIED.
MM INDICATES DATA IS MISSING.
T  INDICATES TRACE AMOUNT.




$$
