000
CDUS44 KEPZ 230928
CLIELP


CLIMATE REPORT
NATIONAL WEATHER SERVICE EL PASO, TX
327 AM MDT SAT JUL 23 2016


...................................

...THE EL PASO CLIMATE SUMMARY FOR JULY 22 2016...

CLIMATE NORMAL PERIOD 1981 TO 2010
CLIMATE RECORD PERIOD 1879 TO 2016


WEATHER ITEM   OBSERVED TIME   RECORD YEAR NORMAL DEPARTURE LAST
                VALUE   (LST)  VALUE       VALUE  FROM      YEAR
                                                  NORMAL
..................................................................
TEMPERATURE (F)
 YESTERDAY
  MAXIMUM        105R   338 PM 103    1981  94     11       95
  MINIMUM         76    515 AM  57    1988  71      5       70
  AVERAGE         91                        82      9       83

PRECIPITATION (IN)
  YESTERDAY        0.00          1.69 1880   0.06  -0.06     0.27
  MONTH TO DATE    0.13                      1.00  -0.87     1.69
  SINCE JUN 1      0.46                      1.94  -1.48     1.87
  SINCE JAN 1      1.10                      3.76  -2.66     4.41

SNOWFALL (IN)
  YESTERDAY        0.0                                       0.0
  MONTH TO DATE    0.0                                       0.0
  SINCE JUN 1      0.0                                       0.0
  SINCE JUL 1      0.0                                       0.0
  SNOW DEPTH       0

DEGREE DAYS
 HEATING
  YESTERDAY        0                         0      0        0
  MONTH TO DATE    0                         0      0        0
  SINCE JUN 1      0                         0      0        0
  SINCE JUL 1      0                         0      0        0

 COOLING
  YESTERDAY       26                        17      9       18
  MONTH TO DATE  537                       397    140      429
  SINCE JUN 1   1129                       899    230     1021
  SINCE JAN 1   1525                      1276    249     1392
..................................................................


WIND (MPH)
  HIGHEST WIND SPEED    16   HIGHEST WIND DIRECTION    SE (150)
  HIGHEST GUST SPEED    22   HIGHEST GUST DIRECTION    SE (140)
  AVERAGE WIND SPEED     5.3


SKY COVER
  POSSIBLE SUNSHINE  MM
  AVERAGE SKY COVER 0.2


WEATHER CONDITIONS
 THE FOLLOWING WEATHER WAS RECORDED YESTERDAY.
  NO SIGNIFICANT WEATHER WAS OBSERVED.


RELATIVE HUMIDITY (PERCENT)
 HIGHEST    36           600 AM
 LOWEST     13           700 PM
 AVERAGE    25

..........................................................


THE EL PASO CLIMATE NORMALS FOR TODAY
                         NORMAL    RECORD    YEAR
 MAXIMUM TEMPERATURE (F)   94       104      1963
 MINIMUM TEMPERATURE (F)   71        56      1880


SUNRISE AND SUNSET
JULY 23 2016..........SUNRISE   616 AM MDT   SUNSET   808 PM MDT
JULY 24 2016..........SUNRISE   617 AM MDT   SUNSET   807 PM MDT


-  INDICATES NEGATIVE NUMBERS.
R  INDICATES RECORD WAS SET OR TIED.
MM INDICATES DATA IS MISSING.
T  INDICATES TRACE AMOUNT.




$$
