000
CDUS44 KEPZ 060944
CLIELP


CLIMATE REPORT
NATIONAL WEATHER SERVICE EL PASO, TX
243 AM MST TUE DEC 6 2016


...................................

...THE EL PASO CLIMATE SUMMARY FOR DECEMBER 5 2016...

CLIMATE NORMAL PERIOD 1981 TO 2010
CLIMATE RECORD PERIOD 1879 TO 2016


WEATHER ITEM   OBSERVED TIME   RECORD YEAR NORMAL DEPARTURE LAST
                VALUE   (LST)  VALUE       VALUE  FROM      YEAR
                                                  NORMAL
..................................................................
TEMPERATURE (F)
 YESTERDAY
  MAXIMUM         62    435 PM  75    1958  59      3       67
                                      1889
  MINIMUM         32    658 AM  16    1909  34     -2       34
  AVERAGE         47                        46      1       51

PRECIPITATION (IN)
  YESTERDAY        0.00          0.54 1942   0.03  -0.03     0.00
  MONTH TO DATE    0.24                      0.12   0.12     0.00
  SINCE DEC 1      0.24                      0.12   0.12     0.00
  SINCE JAN 1      8.72                      9.05  -0.33    11.00

SNOWFALL (IN)
  YESTERDAY        0.0                                       0.0
  MONTH TO DATE    0.0                                       0.0
  SINCE DEC 1      0.0                                       0.0
  SINCE JUL 1      T                                          T
  SNOW DEPTH       0

DEGREE DAYS
 HEATING
  YESTERDAY       18                        19     -1       14
  MONTH TO DATE   93                        91      2       91
  SINCE DEC 1     93                        91      2       91
  SINCE JUL 1    335                       533   -198      426

 COOLING
  YESTERDAY        0                         0      0        0
  MONTH TO DATE    0                         0      0        0
  SINCE DEC 1      0                         0      0        0
  SINCE JAN 1   2811                      2331    480     2839
..................................................................


WIND (MPH)
  HIGHEST WIND SPEED    30   HIGHEST WIND DIRECTION     W (260)
  HIGHEST GUST SPEED    39   HIGHEST GUST DIRECTION     W (260)
  AVERAGE WIND SPEED     9.9


SKY COVER
  POSSIBLE SUNSHINE  MM
  AVERAGE SKY COVER 0.1


WEATHER CONDITIONS
 THE FOLLOWING WEATHER WAS RECORDED YESTERDAY.
  FOG


RELATIVE HUMIDITY (PERCENT)
 HIGHEST    85           200 AM
 LOWEST     19           500 PM
 AVERAGE    52

..........................................................


THE EL PASO CLIMATE NORMALS FOR TODAY
                         NORMAL    RECORD    YEAR
 MAXIMUM TEMPERATURE (F)   59        77      1901
 MINIMUM TEMPERATURE (F)   34        18      2011


SUNRISE AND SUNSET
DECEMBER  6 2016......SUNRISE   652 AM MST   SUNSET   502 PM MST
DECEMBER  7 2016......SUNRISE   653 AM MST   SUNSET   502 PM MST


-  INDICATES NEGATIVE NUMBERS.
R  INDICATES RECORD WAS SET OR TIED.
MM INDICATES DATA IS MISSING.
T  INDICATES TRACE AMOUNT.




$$
