000
CDUS44 KEPZ 190927
CLIELP


CLIMATE REPORT
NATIONAL WEATHER SERVICE EL PASO, TX
226 AM MST SUN FEB 19 2017


...................................

...THE EL PASO CLIMATE SUMMARY FOR FEBRUARY 18 2017...

CLIMATE NORMAL PERIOD 1981 TO 2010
CLIMATE RECORD PERIOD 1879 TO 2017


WEATHER ITEM   OBSERVED TIME   RECORD YEAR NORMAL DEPARTURE LAST
                VALUE   (LST)  VALUE       VALUE  FROM      YEAR
                                                  NORMAL
..................................................................
TEMPERATURE (F)
 YESTERDAY
  MAXIMUM         67    449 PM  85    2016  64      3       85
  MINIMUM         44    631 AM  15    1883  38      6       49
  AVERAGE         56                        51      5       67

PRECIPITATION (IN)
  YESTERDAY        0.00          0.24 1957   0.02  -0.02     0.00
  MONTH TO DATE    0.16                      0.32  -0.16     0.07
  SINCE DEC 1      2.07                      1.50   0.57     1.61
  SINCE JAN 1      1.21                      0.72   0.49     0.53

SNOWFALL (IN)
  YESTERDAY        0.0                                       0.0
  MONTH TO DATE    T                                          T
  SINCE DEC 1      T                                         8.1
  SINCE JUL 1      T                                         8.1
  SNOW DEPTH       0

DEGREE DAYS
 HEATING
  YESTERDAY        9                        14     -5        0
  MONTH TO DATE  173                       288   -115      271
  SINCE DEC 1   1149                      1531   -382     1427
  SINCE JUL 1   1391                      1973   -582     1762

 COOLING
  YESTERDAY        0                         0      0        2
  MONTH TO DATE    3                         0      3        2
  SINCE DEC 1      3                         0      3        2
  SINCE JAN 1      3                         0      3        2
..................................................................


WIND (MPH)
  HIGHEST WIND SPEED    37   HIGHEST WIND DIRECTION     W (250)
  HIGHEST GUST SPEED    44   HIGHEST GUST DIRECTION     W (250)
  AVERAGE WIND SPEED    10.0


SKY COVER
  POSSIBLE SUNSHINE  MM
  AVERAGE SKY COVER 0.6


WEATHER CONDITIONS
 THE FOLLOWING WEATHER WAS RECORDED YESTERDAY.
  HAZE
  SANDSTORM


RELATIVE HUMIDITY (PERCENT)
 HIGHEST    65           700 AM
 LOWEST     22           500 PM
 AVERAGE    44

..........................................................


THE EL PASO CLIMATE NORMALS FOR TODAY
                         NORMAL    RECORD    YEAR
 MAXIMUM TEMPERATURE (F)   64        81      2016
                                             1986
                                             1972
 MINIMUM TEMPERATURE (F)   38        21      1942


SUNRISE AND SUNSET
FEBRUARY 19 2017......SUNRISE   643 AM MST   SUNSET   556 PM MST
FEBRUARY 20 2017......SUNRISE   642 AM MST   SUNSET   557 PM MST


-  INDICATES NEGATIVE NUMBERS.
R  INDICATES RECORD WAS SET OR TIED.
MM INDICATES DATA IS MISSING.
T  INDICATES TRACE AMOUNT.




$$
