000
CDUS44 KEPZ 160927
CLIELP


CLIMATE REPORT
NATIONAL WEATHER SERVICE EL PASO, TX
326 AM MDT TUE SEP 16 2014


...................................

...THE EL PASO CLIMATE SUMMARY FOR SEPTEMBER 15 2014...

CLIMATE NORMAL PERIOD 1981 TO 2010
CLIMATE RECORD PERIOD 1879 TO 2014


WEATHER ITEM   OBSERVED TIME   RECORD YEAR NORMAL DEPARTURE LAST
                VALUE   (LST)  VALUE       VALUE  FROM      YEAR
                                                  NORMAL
..................................................................
TEMPERATURE (F)
 YESTERDAY
  MAXIMUM         79    119 PM  99    1956  88     -9       85
  MINIMUM         65    540 AM  47    1879  64      1       65
  AVERAGE         72                        76     -4       75

PRECIPITATION (IN)
  YESTERDAY        0.05          0.83 1921   0.06  -0.01     0.00
  MONTH TO DATE    0.74                      0.83  -0.09     3.31
  SINCE SEP 1      0.74                      0.83  -0.09     3.31
  SINCE JAN 1      3.87                      7.15  -3.28     8.61

SNOWFALL (IN)
  YESTERDAY        0.0                                       0.0
  MONTH TO DATE    0.0                                       0.0
  SINCE SEP 1      0.0                                       0.0
  SINCE JUL 1      0.0                                        T
  SNOW DEPTH       0

DEGREE DAYS
 HEATING
  YESTERDAY        0                         0      0        0
  MONTH TO DATE    0                         0      0        0
  SINCE SEP 1      0                         0      0        0
  SINCE JUL 1      0                         0      0        0

 COOLING
  YESTERDAY        7                        11     -4       10
  MONTH TO DATE  176                       191    -15      204
  SINCE SEP 1    176                       191    -15      204
  SINCE JAN 1   2395                      2120    275     2482
..................................................................


WIND (MPH)
  HIGHEST WIND SPEED    13   HIGHEST WIND DIRECTION    SE (140)
  HIGHEST GUST SPEED    18   HIGHEST GUST DIRECTION    SE (150)
  AVERAGE WIND SPEED     6.2


SKY COVER
  POSSIBLE SUNSHINE  MM
  AVERAGE SKY COVER 0.7


WEATHER CONDITIONS
 THE FOLLOWING WEATHER WAS RECORDED YESTERDAY.
  LIGHT RAIN


RELATIVE HUMIDITY (PERCENT)
 HIGHEST    79          1100 PM
 LOWEST     52           200 PM
 AVERAGE    66

..........................................................


THE EL PASO CLIMATE NORMALS FOR TODAY
                         NORMAL    RECORD    YEAR
 MAXIMUM TEMPERATURE (F)   88       101      1956
 MINIMUM TEMPERATURE (F)   63        49      1879


SUNRISE AND SUNSET
SEPTEMBER 16 2014.....SUNRISE   650 AM MDT   SUNSET   710 PM MDT
SEPTEMBER 17 2014.....SUNRISE   651 AM MDT   SUNSET   709 PM MDT


-  INDICATES NEGATIVE NUMBERS.
R  INDICATES RECORD WAS SET OR TIED.
MM INDICATES DATA IS MISSING.
T  INDICATES TRACE AMOUNT.




$$
