404
CDUS44 KEPZ 200930
CLIELP


CLIMATE REPORT
NATIONAL WEATHER SERVICE EL PASO, TX
328 AM MDT FRI OCT 20 2017


...................................

...THE EL PASO CLIMATE SUMMARY FOR OCTOBER 19 2017...

CLIMATE NORMAL PERIOD 1981 TO 2010
CLIMATE RECORD PERIOD 1879 TO 2017


WEATHER ITEM   OBSERVED TIME   RECORD YEAR NORMAL DEPARTURE LAST
                VALUE   (LST)  VALUE       VALUE  FROM      YEAR
                                                  NORMAL
..................................................................
TEMPERATURE (F)
 YESTERDAY
  MAXIMUM         85    310 PM  88    2016  77      8       88
                                      1988
  MINIMUM         59   1159 PM  30    1882  51      8       54
  AVERAGE         72                        64      8       71

PRECIPITATION (IN)
  YESTERDAY        0.03          0.88 2014   0.02   0.01     0.00
  MONTH TO DATE    0.03                      0.39  -0.36     0.00
  SINCE SEP 1      1.19                      1.90  -0.71     2.12
  SINCE JAN 1      9.11                      8.22   0.89     8.09

SNOWFALL (IN)
  YESTERDAY        0.0                                       0.0
  MONTH TO DATE    0.0                                       0.0
  SINCE SEP 1      0.0                                       0.0
  SINCE JUL 1      0.0                                        T
  SNOW DEPTH       0

DEGREE DAYS
 HEATING
  YESTERDAY        0                         3     -3        0
  MONTH TO DATE    5                        28    -23        0
  SINCE SEP 1      5                        32    -27        5
  SINCE JUL 1      5                        32    -27        5

 COOLING
  YESTERDAY        7                         2      5        6
  MONTH TO DATE  171                        71    100      140
  SINCE SEP 1    596                       388    208      500
  SINCE JAN 1   2883                      2317    566     2724
..................................................................


WIND (MPH)
  HIGHEST WIND SPEED    37   HIGHEST WIND DIRECTION     N (20)
  HIGHEST GUST SPEED    42   HIGHEST GUST DIRECTION     N (20)
  AVERAGE WIND SPEED     8.4


SKY COVER
  POSSIBLE SUNSHINE  MM
  AVERAGE SKY COVER 0.6


WEATHER CONDITIONS
 THE FOLLOWING WEATHER WAS RECORDED YESTERDAY.
  THUNDERSTORM
  LIGHT RAIN
  HAZE


RELATIVE HUMIDITY (PERCENT)
 HIGHEST    84           600 AM
 LOWEST     24           500 PM
 AVERAGE    54

..........................................................


THE EL PASO CLIMATE NORMALS FOR TODAY
                         NORMAL    RECORD    YEAR
 MAXIMUM TEMPERATURE (F)   77        88      2012
                                             2007
                                             2003
 MINIMUM TEMPERATURE (F)   51        28      1882


SUNRISE AND SUNSET
OCTOBER 20 2017.......SUNRISE   713 AM MDT   SUNSET   627 PM MDT
OCTOBER 21 2017.......SUNRISE   714 AM MDT   SUNSET   626 PM MDT


-  INDICATES NEGATIVE NUMBERS.
R  INDICATES RECORD WAS SET OR TIED.
MM INDICATES DATA IS MISSING.
T  INDICATES TRACE AMOUNT.




$$
