000
CDUS44 KEPZ 312326
CLIELP


CLIMATE REPORT
NATIONAL WEATHER SERVICE EL PASO, TX
525 PM MDT WED AUG 31 2016


...................................

...THE EL PASO CLIMATE SUMMARY FOR AUGUST 31 2016...
VALID TODAY AS OF 0500 PM LOCAL TIME.

CLIMATE NORMAL PERIOD 1981 TO 2010
CLIMATE RECORD PERIOD 1879 TO 2016


WEATHER ITEM   OBSERVED TIME   RECORD YEAR NORMAL DEPARTURE LAST
                VALUE   (LST)  VALUE       VALUE  FROM      YEAR
                                                  NORMAL
..................................................................
TEMPERATURE (F)
 TODAY
  MAXIMUM         82    306 PM 101    2011  91     -9       97
  MINIMUM         69    640 AM  53    1882  68      1       69

PRECIPITATION (IN)
  TODAY            0.16                      0.05   0.11     0.00
  MONTH TO DATE    4.46                      2.01   2.45     1.55
  SINCE JUN 1      5.03                      4.50   0.53     4.61
  SINCE JAN 1      5.67                      6.32  -0.65     7.15

..................................................................


WIND (MPH)
  HIGHEST WIND SPEED    16   HIGHEST WIND DIRECTION    SE (130)
  HIGHEST GUST SPEED    19   HIGHEST GUST DIRECTION    SE (120)


SKY COVER
  AVERAGE SKY COVER 0.8


WEATHER CONDITIONS
 THE FOLLOWING WEATHER WAS RECORDED TODAY.
  LIGHT RAIN


RELATIVE HUMIDITY (PERCENT)
 HIGHEST    84          1200 AM
 LOWEST     54           400 PM

..........................................................


THE EL PASO CLIMATE NORMALS FOR TOMORROW
                         NORMAL    RECORD    YEAR
 MAXIMUM TEMPERATURE (F)   91       104      1982
 MINIMUM TEMPERATURE (F)   68        50      1882
                                             1880


SUNRISE AND SUNSET
AUGUST 31 2016........SUNRISE   641 AM MDT   SUNSET   730 PM MDT
SEPTEMBER  1 2016.....SUNRISE   641 AM MDT   SUNSET   729 PM MDT


-  INDICATES NEGATIVE NUMBERS.
R  INDICATES RECORD WAS SET OR TIED.
MM INDICATES DATA IS MISSING.
T  INDICATES TRACE AMOUNT.




$$
