000
CDUS44 KEPZ 220927
CLIELP


CLIMATE REPORT
NATIONAL WEATHER SERVICE EL PASO, TX
326 AM MDT THU JUN 22 2017


...................................

...THE EL PASO CLIMATE SUMMARY FOR JUNE 21 2017...

CLIMATE NORMAL PERIOD 1981 TO 2010
CLIMATE RECORD PERIOD 1879 TO 2017


WEATHER ITEM   OBSERVED TIME   RECORD YEAR NORMAL DEPARTURE LAST
                VALUE   (LST)  VALUE       VALUE  FROM      YEAR
                                                  NORMAL
..................................................................
TEMPERATURE (F)
 YESTERDAY
  MAXIMUM        104    452 PM 109    1960  97      7       98
  MINIMUM         77    725 PM  57    1894  69      8       74
  AVERAGE         91                        83      8       86

PRECIPITATION (IN)
  YESTERDAY        0.11          0.70 1993   0.04   0.07     0.00
  MONTH TO DATE    0.27                      0.56  -0.29     0.14
  SINCE JUN 1      0.27                      0.56  -0.29     0.14
  SINCE JAN 1      1.65                      2.38  -0.73     0.78

SNOWFALL (IN)
  YESTERDAY        0.0                                       0.0
  MONTH TO DATE    0.0                                       0.0
  SINCE JUN 1      0.0                                       0.0
  SINCE JUL 1      T                                         8.1
  SNOW DEPTH       0

DEGREE DAYS
 HEATING
  YESTERDAY        0                         0      0        0
  MONTH TO DATE    0                         0      0        0
  SINCE JUN 1      0                         0      0        0
  SINCE JUL 1   1577                      2474   -897     2018

 COOLING
  YESTERDAY       26                        18      8       21
  MONTH TO DATE  420                       339     81      408
  SINCE JUN 1    420                       339     81      408
  SINCE JAN 1    974                       716    258      804
..................................................................


WIND (MPH)
  HIGHEST WIND SPEED    41   HIGHEST WIND DIRECTION     W (250)
  HIGHEST GUST SPEED    51   HIGHEST GUST DIRECTION     W (250)
  AVERAGE WIND SPEED     9.4


SKY COVER
  POSSIBLE SUNSHINE  MM
  AVERAGE SKY COVER 0.4


WEATHER CONDITIONS
 THE FOLLOWING WEATHER WAS RECORDED YESTERDAY.
  THUNDERSTORM
  LIGHT RAIN


RELATIVE HUMIDITY (PERCENT)
 HIGHEST    54           800 PM
 LOWEST     13           500 PM
 AVERAGE    34

..........................................................


THE EL PASO CLIMATE NORMALS FOR TODAY
                         NORMAL    RECORD    YEAR
 MAXIMUM TEMPERATURE (F)   97       110      1981
 MINIMUM TEMPERATURE (F)   70        53      1991


SUNRISE AND SUNSET
JUNE 22 2017..........SUNRISE   601 AM MDT   SUNSET   815 PM MDT
JUNE 23 2017..........SUNRISE   601 AM MDT   SUNSET   815 PM MDT


-  INDICATES NEGATIVE NUMBERS.
R  INDICATES RECORD WAS SET OR TIED.
MM INDICATES DATA IS MISSING.
T  INDICATES TRACE AMOUNT.




$$
