000
CDUS44 KEPZ 192333
CLIELP


CLIMATE REPORT
NATIONAL WEATHER SERVICE EL PASO, TX
432 PM MST MON FEB 19 2018


...................................

...THE EL PASO CLIMATE SUMMARY FOR FEBRUARY 19 2018...
VALID TODAY AS OF 400 PM LOCAL TIME.

CLIMATE NORMAL PERIOD 1981 TO 2010
CLIMATE RECORD PERIOD 1879 TO 2018


WEATHER ITEM   OBSERVED TIME   RECORD YEAR NORMAL DEPARTURE LAST
                VALUE   (LST)  VALUE       VALUE  FROM      YEAR
                                                  NORMAL
..................................................................
TEMPERATURE (F)
 TODAY
  MAXIMUM         70    353 PM  81    2016  64      6       59
                                      1986
                                      1972
  MINIMUM         54    810 AM  21    1942  38     16       44

PRECIPITATION (IN)
  TODAY            0.00                      0.02  -0.02      T
  MONTH TO DATE    0.67                      0.34   0.33     0.16
  SINCE DEC 1      1.45                      1.52  -0.07     2.07
  SINCE JAN 1      0.77                      0.74   0.03     1.21

SNOWFALL (IN)
  TODAY            0.0                                       0.0
  MONTH TO DATE    0.0                                        T
  SINCE JUL 1      0.1                                        T

..................................................................


WIND (MPH)
  HIGHEST WIND SPEED    30   HIGHEST WIND DIRECTION     W (260)
  HIGHEST GUST SPEED    35   HIGHEST GUST DIRECTION     W (260)


SKY COVER
  AVERAGE SKY COVER 0.7


WEATHER CONDITIONS
 THE FOLLOWING WEATHER WAS RECORDED TODAY.
  NO SIGNIFICANT WEATHER WAS OBSERVED.


RELATIVE HUMIDITY (PERCENT)
 HIGHEST    66           700 AM
 LOWEST     31           400 PM

..........................................................


THE EL PASO CLIMATE NORMALS FOR TOMORROW
                         NORMAL    RECORD    YEAR
 MAXIMUM TEMPERATURE (F)   64        83      1972
 MINIMUM TEMPERATURE (F)   38        22      1988
                                             1955


SUNRISE AND SUNSET
FEBRUARY 19 2018......SUNRISE   643 AM MST   SUNSET   556 PM MST
FEBRUARY 20 2018......SUNRISE   642 AM MST   SUNSET   557 PM MST


-  INDICATES NEGATIVE NUMBERS.
R  INDICATES RECORD WAS SET OR TIED.
MM INDICATES DATA IS MISSING.
T  INDICATES TRACE AMOUNT.




$$
