000
CDUS44 KEPZ 280928
CLIELP


CLIMATE REPORT
NATIONAL WEATHER SERVICE EL PASO, TX
327 AM MDT TUE JUL 28 2015


...................................

...THE EL PASO CLIMATE SUMMARY FOR JULY 27 2015...

CLIMATE NORMAL PERIOD 1981 TO 2010
CLIMATE RECORD PERIOD 1879 TO 2015


WEATHER ITEM   OBSERVED TIME   RECORD YEAR NORMAL DEPARTURE LAST
                VALUE   (LST)  VALUE       VALUE  FROM      YEAR
                                                  NORMAL
..................................................................
TEMPERATURE (F)
 YESTERDAY
  MAXIMUM        100    412 PM 108    1995  93      7       99
  MINIMUM         75    454 AM  60    1880  71      4       79
  AVERAGE         88                        82      6       89

PRECIPITATION (IN)
  YESTERDAY        T             1.66 1926   0.07  -0.07     0.00
  MONTH TO DATE    1.69                      1.29   0.40     0.53
  SINCE JUN 1      1.87                      2.23  -0.36     0.54
  SINCE JAN 1      4.41                      4.05   0.36     1.18

SNOWFALL (IN)
  YESTERDAY        0.0                                       0.0
  MONTH TO DATE    0.0                                       0.0
  SINCE JUN 1      0.0                                       0.0
  SINCE JUL 1      0.0                                       0.0
  SNOW DEPTH       0

DEGREE DAYS
 HEATING
  YESTERDAY        0                         0      0        0
  MONTH TO DATE    0                         0      0        0
  SINCE JUN 1      0                         0      0        0
  SINCE JUL 1      0                         0      0        0

 COOLING
  YESTERDAY       23                        17      6       24
  MONTH TO DATE  540                       482     58      552
  SINCE JUN 1   1132                       984    148     1245
  SINCE JAN 1   1503                      1361    142     1672
..................................................................


WIND (MPH)
  HIGHEST WIND SPEED    25   HIGHEST WIND DIRECTION    SE (150)
  HIGHEST GUST SPEED    32   HIGHEST GUST DIRECTION    SE (120)
  AVERAGE WIND SPEED     8.6


SKY COVER
  POSSIBLE SUNSHINE  MM
  AVERAGE SKY COVER 0.4


WEATHER CONDITIONS
 THE FOLLOWING WEATHER WAS RECORDED YESTERDAY.
  THUNDERSTORM
  LIGHT RAIN


RELATIVE HUMIDITY (PERCENT)
 HIGHEST    54           500 AM
 LOWEST     18           400 PM
 AVERAGE    36

..........................................................


THE EL PASO CLIMATE NORMALS FOR TODAY
                         NORMAL    RECORD    YEAR
 MAXIMUM TEMPERATURE (F)   93       104      1995
                                             1889
 MINIMUM TEMPERATURE (F)   71        62      2005
                                             1989
                                             1976


SUNRISE AND SUNSET
JULY 28 2015..........SUNRISE   619 AM MDT   SUNSET   805 PM MDT
JULY 29 2015..........SUNRISE   619 AM MDT   SUNSET   804 PM MDT


-  INDICATES NEGATIVE NUMBERS.
R  INDICATES RECORD WAS SET OR TIED.
MM INDICATES DATA IS MISSING.
T  INDICATES TRACE AMOUNT.




$$
