000
CDUS45 KLKN 270935
CLIELY


CLIMATE REPORT
NATIONAL WEATHER SERVICE ELKO NV
129 AM PST THU NOV 27 2014


...................................

...THE ELY AIRPORT NV CLIMATE SUMMARY FOR NOVEMBER 26 2014...

CLIMATE NORMAL PERIOD 1981 TO 2010
CLIMATE RECORD PERIOD 1893 TO 2014


WEATHER ITEM   OBSERVED TIME   RECORD YEAR NORMAL DEPARTURE LAST
                VALUE   (LST)  VALUE       VALUE  FROM      YEAR
                                                  NORMAL
..................................................................
TEMPERATURE (F)
 YESTERDAY
  MAXIMUM         62    309 PM  66    1950  44     18       52
  MINIMUM         19    602 AM  -8    1952  15      4       13
  AVERAGE         41                        29     12       33

PRECIPITATION (IN)
  YESTERDAY        0.00          0.55 1997   0.02  -0.02     0.00
  MONTH TO DATE    0.44                      0.63  -0.19     0.87
  SINCE OCT 1      0.44                      1.63  -1.19     1.69
  SINCE JAN 1      8.53                      9.10  -0.57     7.55

SNOWFALL (IN)
  YESTERDAY        0.0           3.4  1970   0.2   -0.2      0.0
  MONTH TO DATE    0.7                       5.3   -4.6      9.9
  SINCE SEP 1      0.7                       8.7   -8.0     12.9
  SINCE JUL 1      0.7                       8.7   -8.0     12.9
  SNOW DEPTH       0

DEGREE DAYS
 HEATING
  YESTERDAY       24                        36    -12       32
  MONTH TO DATE  761                       793    -32      745
  SINCE SEP 1   1310                      1657   -347     1638
  SINCE JUL 1   1358                      1721   -363     1646

 COOLING
  YESTERDAY        0                         0      0        0
  MONTH TO DATE    0                         0      0        0
  SINCE SEP 1     18                         6     12       17
  SINCE JAN 1    286                       218     68      387
..................................................................


WIND (MPH)
  HIGHEST WIND SPEED    16   HIGHEST WIND DIRECTION     S (160)
  HIGHEST GUST SPEED    19   HIGHEST GUST DIRECTION     S (170)
  AVERAGE WIND SPEED     8.7



WEATHER CONDITIONS
 THE FOLLOWING WEATHER WAS RECORDED YESTERDAY.
  NO SIGNIFICANT WEATHER WAS OBSERVED.


RELATIVE HUMIDITY (PERCENT)
 HIGHEST    57          1100 PM
 LOWEST     14           300 PM
 AVERAGE    36

..........................................................


THE ELY AIRPORT NV CLIMATE NORMALS FOR TODAY
                         NORMAL    RECORD    YEAR
 MAXIMUM TEMPERATURE (F)   43        65      1950
                                             1910
 MINIMUM TEMPERATURE (F)   14       -15      1896


SUNRISE AND SUNSET
NOVEMBER 27 2014......SUNRISE   636 AM PST   SUNSET   418 PM PST
NOVEMBER 28 2014......SUNRISE   637 AM PST   SUNSET   418 PM PST


-  INDICATES NEGATIVE NUMBERS.
R  INDICATES RECORD WAS SET OR TIED.
MM INDICATES DATA IS MISSING.
T  INDICATES TRACE AMOUNT.




$$
