000
CDUS45 KLKN 200934
CLIELY


CLIMATE REPORT
NATIONAL WEATHER SERVICE ELKO NV
230 AM PDT THU JUL 20 2017


...................................

...THE ELY AIRPORT NV CLIMATE SUMMARY FOR JULY 19 2017...

CLIMATE NORMAL PERIOD 1981 TO 2010
CLIMATE RECORD PERIOD 1893 TO 2017


WEATHER ITEM   OBSERVED TIME   RECORD YEAR NORMAL DEPARTURE LAST
                VALUE   (LST)  VALUE       VALUE  FROM      YEAR
                                                  NORMAL
..................................................................
TEMPERATURE (F)
 YESTERDAY
  MAXIMUM         93    139 PM  99    2005  88      5       90
  MINIMUM         57    456 AM  35    1897  49      8       53
  AVERAGE         75                        69      6       72

PRECIPITATION (IN)
  YESTERDAY        0.00          0.28 2015   0.03  -0.03     0.00
  MONTH TO DATE    0.03                      0.33  -0.30     0.05
  SINCE OCT 1      8.00                      7.72   0.28    12.93
  SINCE JAN 1      6.22                      5.43   0.79     8.57

SNOWFALL (IN)
  YESTERDAY        0.0           0.0  1893   0.0    0.0      0.0
  MONTH TO DATE    0.0                       0.0    0.0      0.0
  SINCE JUN 1      T                         0.1   -0.1      0.0
  SINCE JUL 1      0.0                       0.0    0.0      0.0
  SNOW DEPTH       0

DEGREE DAYS
 HEATING
  YESTERDAY        0                         0      0        0
  MONTH TO DATE    0                        20    -20       17
  SINCE JUN 1     72                       195   -123       78
  SINCE JUL 1      0                        20    -20       17

 COOLING
  YESTERDAY       10                         4      6        7
  MONTH TO DATE  143                        62     81       45
  SINCE JUN 1    205                        85    120      100
  SINCE JAN 1    205                        86    119      100
..................................................................


WIND (MPH)
  HIGHEST WIND SPEED    26   HIGHEST WIND DIRECTION    SE (140)
  HIGHEST GUST SPEED    32   HIGHEST GUST DIRECTION    SE (150)
  AVERAGE WIND SPEED    12.7



WEATHER CONDITIONS
 THE FOLLOWING WEATHER WAS RECORDED YESTERDAY.
  NO SIGNIFICANT WEATHER WAS OBSERVED.


RELATIVE HUMIDITY (PERCENT)
 HIGHEST    57           500 AM
 LOWEST     21          1200 PM
 AVERAGE    39

..........................................................


THE ELY AIRPORT NV CLIMATE NORMALS FOR TODAY
                         NORMAL    RECORD    YEAR
 MAXIMUM TEMPERATURE (F)   89        98      2005
 MINIMUM TEMPERATURE (F)   49        39      1950


SUNRISE AND SUNSET
JULY 20 2017..........SUNRISE   529 AM PDT   SUNSET   802 PM PDT
JULY 21 2017..........SUNRISE   530 AM PDT   SUNSET   801 PM PDT


-  INDICATES NEGATIVE NUMBERS.
R  INDICATES RECORD WAS SET OR TIED.
MM INDICATES DATA IS MISSING.
T  INDICATES TRACE AMOUNT.




$$
