000
CDUS45 KLKN 221500 CCA
CLIELY

CLIMATE REPORT
NATIONAL WEATHER SERVICE ELKO NV
800 AM PDT FRI SEP 22 2017


...................................

...THE ELY AIRPORT NV CLIMATE SUMMARY FOR SEPTEMBER 21 2017...

CLIMATE NORMAL PERIOD 1981 TO 2010
CLIMATE RECORD PERIOD 1893 TO 2017


WEATHER ITEM   OBSERVED TIME   RECORD YEAR NORMAL DEPARTURE LAST
                VALUE   (LST)  VALUE       VALUE  FROM      YEAR
                                                  NORMAL
..................................................................
TEMPERATURE (F)
 YESTERDAY
  MAXIMUM         58        MM  86    2015  74    -16       75
  MINIMUM         31        MM  15    1968  36     -5       43
                                      1895
  AVERAGE         45                        55    -10       59

PRECIPITATION (IN)
  YESTERDAY        0.78R         0.36 2016   0.04   0.74     0.36
                                      1945
  MONTH TO DATE    1.67                      0.56   1.11     0.49
  SINCE OCT 1     10.83                      9.49   1.34    13.87
  SINCE JAN 1      9.05                      7.20   1.85     9.51

SNOWFALL (IN)
  YESTERDAY        5.0            0.0  1893  0.0     MM      0.0
  MONTH TO DATE    0.0                       0.1   -0.1      0.0
  SINCE SEP 1      0.0                       0.1   -0.1      0.0
  SINCE JUL 1      0.0                       0.1   -0.1      0.0
  SNOW DEPTH       0

DEGREE DAYS
 HEATING
  YESTERDAY       20                        10     10        6
  MONTH TO DATE  100                       138    -38      134
  SINCE SEP 1    100                       138    -38      134
  SINCE JUL 1    106                       202    -96      171

 COOLING
  YESTERDAY        0                         0      0        0
  MONTH TO DATE   24                         4     20       12
  SINCE SEP 1     24                         4     20       12
  SINCE JAN 1    433                       216    217      267
..................................................................


WIND (MPH)
  HIGHEST WIND SPEED    20   HIGHEST WIND DIRECTION     N (10)
  HIGHEST GUST SPEED    31   HIGHEST GUST DIRECTION     N (10)
  AVERAGE WIND SPEED     8.3



WEATHER CONDITIONS
 THE FOLLOWING WEATHER WAS RECORDED YESTERDAY.
  LIGHT RAIN
  HEAVY SNOW
  SNOW
  LIGHT SNOW
  FOG
  FOG W/VISIBILITY <= 1/4 MILE


RELATIVE HUMIDITY (PERCENT)
 HIGHEST   100           100 PM
 LOWEST     40          1200 AM
 AVERAGE    70

..........................................................


THE ELY AIRPORT NV CLIMATE NORMALS FOR TODAY
                         NORMAL    RECORD    YEAR
 MAXIMUM TEMPERATURE (F)   73        85      2015
                                             2011
                                             1992
 MINIMUM TEMPERATURE (F)   35        15      1968


SUNRISE AND SUNSET
SEPTEMBER 22 2017.....SUNRISE   627 AM PDT   SUNSET   636 PM PDT
SEPTEMBER 23 2017.....SUNRISE   628 AM PDT   SUNSET   634 PM PDT


-  INDICATES NEGATIVE NUMBERS.
R  INDICATES RECORD WAS SET OR TIED.
MM INDICATES DATA IS MISSING.
T  INDICATES TRACE AMOUNT.




$$
