000
CDUS45 KLKN 010928
CLIELY


CLIMATE REPORT
NATIONAL WEATHER SERVICE ELKO NV
128 AM PST SUN FEB 1 2015


...................................

...THE ELY AIRPORT NV CLIMATE SUMMARY FOR JANUARY 31 2015...

CLIMATE NORMAL PERIOD 1981 TO 2010
CLIMATE RECORD PERIOD 1893 TO 2015


WEATHER ITEM   OBSERVED TIME   RECORD YEAR NORMAL DEPARTURE LAST
                VALUE   (LST)  VALUE       VALUE  FROM      YEAR
                                                  NORMAL
..................................................................
TEMPERATURE (F)
 YESTERDAY
  MAXIMUM         49    323 PM  63    2003  40      9       31
  MINIMUM         19   1156 PM -19    1994  12      7       11
                                      1985
  AVERAGE         34                        26      8       21

PRECIPITATION (IN)
  YESTERDAY        T             0.32 1911   0.02  -0.02     0.10
  MONTH TO DATE    0.31                      0.70  -0.39     0.79
  SINCE OCT 1      1.48                      2.99  -1.51     3.47
  SINCE JAN 1      0.31                      0.70  -0.39     0.79

SNOWFALL (IN)
  YESTERDAY        T             2.0  1967   0.3   -0.3      1.6
  MONTH TO DATE    0.8                       9.1   -8.3      9.9
  SINCE DEC 1      6.7                      17.5  -10.8     22.8
  SINCE JUL 1      7.4                      27.0  -19.6     35.7
  SNOW DEPTH       T

DEGREE DAYS
 HEATING
  YESTERDAY       31                        39     -8       44
  MONTH TO DATE  977                      1230   -253     1032
  SINCE DEC 1   2047                      2461   -414     2356
  SINCE JUL 1   3494                      4329   -835     4121

 COOLING
  YESTERDAY        0                         0      0        0
  MONTH TO DATE    0                         0      0        0
  SINCE DEC 1      0                         0      0        0
  SINCE JAN 1      0                         0      0        0
..................................................................


WIND (MPH)
  HIGHEST WIND SPEED    22   HIGHEST WIND DIRECTION     N (340)
  HIGHEST GUST SPEED    26   HIGHEST GUST DIRECTION     N (340)
  AVERAGE WIND SPEED    11.5



WEATHER CONDITIONS
 THE FOLLOWING WEATHER WAS RECORDED YESTERDAY.
  LIGHT SNOW
  FOG


RELATIVE HUMIDITY (PERCENT)
 HIGHEST   100           200 AM
 LOWEST     21           400 PM
 AVERAGE    61

..........................................................


THE ELY AIRPORT NV CLIMATE NORMALS FOR TODAY
                         NORMAL    RECORD    YEAR
 MAXIMUM TEMPERATURE (F)   40        60      1976
 MINIMUM TEMPERATURE (F)   12       -18      1956


SUNRISE AND SUNSET
FEBRUARY  1 2015......SUNRISE   647 AM PST   SUNSET   500 PM PST
FEBRUARY  2 2015......SUNRISE   646 AM PST   SUNSET   501 PM PST


-  INDICATES NEGATIVE NUMBERS.
R  INDICATES RECORD WAS SET OR TIED.
MM INDICATES DATA IS MISSING.
T  INDICATES TRACE AMOUNT.




$$
