000
CDUS45 KLKN 300929
CLIELY


CLIMATE REPORT
NATIONAL WEATHER SERVICE ELKO NV
227 AM PDT SAT AUG 30 2014


...................................

...THE ELY AIRPORT NV CLIMATE SUMMARY FOR AUGUST 29 2014...

CLIMATE NORMAL PERIOD 1981 TO 2010
CLIMATE RECORD PERIOD 1893 TO 2014


WEATHER ITEM   OBSERVED TIME   RECORD YEAR NORMAL DEPARTURE LAST
                VALUE   (LST)  VALUE       VALUE  FROM      YEAR
                                                  NORMAL
..................................................................
TEMPERATURE (F)
 YESTERDAY
  MAXIMUM         86    319 PM  94    1998  82      4       87
  MINIMUM         47    542 AM  26    1964  44      3       50
  AVERAGE         67                        63      4       69

PRECIPITATION (IN)
  YESTERDAY        0.00          0.51 2000   0.03  -0.03     0.00
  MONTH TO DATE    2.48                      0.85   1.63     0.41
  SINCE OCT 1      9.94                      8.88   1.06     6.87
  SINCE JAN 1      7.26                      6.59   0.67     3.77

SNOWFALL (IN)
  YESTERDAY        0.0           0.0  1893   0.0    0.0      0.0
  MONTH TO DATE    0.0                       0.0    0.0      0.0
  SINCE JUN 1      T                         0.1   -0.1      0.0
  SINCE JUL 1      0.0                       0.0    0.0      0.0
  SNOW DEPTH       0

DEGREE DAYS
 HEATING
  YESTERDAY        0                         3     -3        0
  MONTH TO DATE   47                        35     12        3
  SINCE JUN 1    187                       233    -46      103
  SINCE JUL 1     47                        58    -11        8

 COOLING
  YESTERDAY        2                         1      1        4
  MONTH TO DATE   36                        75    -39       90
  SINCE JUN 1    261                       209     52      358
  SINCE JAN 1    263                       210     53      358
..................................................................


WIND (MPH)
  HIGHEST WIND SPEED    21   HIGHEST WIND DIRECTION     S (200)
  HIGHEST GUST SPEED    26   HIGHEST GUST DIRECTION    SW (210)
  AVERAGE WIND SPEED    10.1



WEATHER CONDITIONS
 THE FOLLOWING WEATHER WAS RECORDED YESTERDAY.
  NO SIGNIFICANT WEATHER WAS OBSERVED.


RELATIVE HUMIDITY (PERCENT)
 HIGHEST    76           500 AM
 LOWEST     12           100 PM
 AVERAGE    44

..........................................................


THE ELY AIRPORT NV CLIMATE NORMALS FOR TODAY
                         NORMAL    RECORD    YEAR
 MAXIMUM TEMPERATURE (F)   82        92      1996
 MINIMUM TEMPERATURE (F)   44        29      1942


SUNRISE AND SUNSET
AUGUST 30 2014........SUNRISE   606 AM PDT   SUNSET   713 PM PDT
AUGUST 31 2014........SUNRISE   607 AM PDT   SUNSET   712 PM PDT


-  INDICATES NEGATIVE NUMBERS.
R  INDICATES RECORD WAS SET OR TIED.
MM INDICATES DATA IS MISSING.
T  INDICATES TRACE AMOUNT.




$$
