000
CDUS45 KLKN 280031
CLIELY


CLIMATE REPORT
NATIONAL WEATHER SERVICE ELKO NV
530 PM PDT SAT MAY 27 2017


...................................

...THE ELY AIRPORT NV CLIMATE SUMMARY FOR MAY 27 2017...
VALID TODAY AS OF 0500 PM LOCAL TIME.

CLIMATE NORMAL PERIOD 1981 TO 2010
CLIMATE RECORD PERIOD 1893 TO 2017


WEATHER ITEM   OBSERVED TIME   RECORD YEAR NORMAL DEPARTURE LAST
                VALUE   (LST)  VALUE       VALUE  FROM      YEAR
                                                  NORMAL
..................................................................
TEMPERATURE (F)
 TODAY
  MAXIMUM         71    214 PM  88    1986  72     -1       69
  MINIMUM         27    429 AM  19    1953  36     -9       33
  AVERAGE         49                        54     -5       51

PRECIPITATION (IN)
  TODAY            0.00          0.67 1979   0.03  -0.03      T
  MONTH TO DATE    0.28                      0.96  -0.68     0.51
  SINCE OCT 1      7.95                      6.58   1.37    11.30
  SINCE JAN 1      6.17                      4.29   1.88     6.94

SNOWFALL (IN)
  TODAY            0.0           1.5  1956   0.0    0.0      0.0
  MONTH TO DATE    1.2                       2.2   -1.0       T
  SINCE MAR 1     18.4                      15.7    2.7     21.1
  SINCE JUL 1     68.0                      50.6   17.4    100.4
  SNOW DEPTH       0

DEGREE DAYS
 HEATING
  TODAY           16                        11      5       14
  MONTH TO DATE  388                       400    -12      429
  SINCE MAR 1   1800                      1966   -166     1845
  SINCE JUL 1   6761                      7303   -542     7219

 COOLING
  TODAY            0                         0      0        0
  MONTH TO DATE    0                         0      0        0
  SINCE MAR 1      0                         0      0        0
  SINCE JAN 1      0                         0      0        0
..................................................................


WIND (MPH)
  HIGHEST WIND SPEED    15   HIGHEST WIND DIRECTION     N (10)
  HIGHEST GUST SPEED    24   HIGHEST GUST DIRECTION    NE (40)



WEATHER CONDITIONS
 THE FOLLOWING WEATHER WAS RECORDED TODAY.
  NO SIGNIFICANT WEATHER WAS OBSERVED.


RELATIVE HUMIDITY (PERCENT)
 HIGHEST    75           500 AM
 LOWEST     16           200 PM
 AVERAGE    46

..........................................................


THE ELY AIRPORT NV CLIMATE NORMALS FOR TOMORROW
                         NORMAL    RECORD    YEAR
 MAXIMUM TEMPERATURE (F)   72        92      2003
 MINIMUM TEMPERATURE (F)   36        23      1982
                                             1954
                                             1953


SUNRISE AND SUNSET
MAY 27 2017...........SUNRISE   517 AM PDT   SUNSET   757 PM PDT
MAY 28 2017...........SUNRISE   516 AM PDT   SUNSET   757 PM PDT


-  INDICATES NEGATIVE NUMBERS.
R  INDICATES RECORD WAS SET OR TIED.
MM INDICATES DATA IS MISSING.
T  INDICATES TRACE AMOUNT.




$$
