000
CDUS45 KLKN 230935
CLIELY


CLIMATE REPORT
NATIONAL WEATHER SERVICE ELKO NV
231 AM PDT WED APR 23 2014


...................................

...THE ELY AIRPORT NV CLIMATE SUMMARY FOR APRIL 22 2014...

CLIMATE NORMAL PERIOD 1981 TO 2010
CLIMATE RECORD PERIOD 1893 TO 2014


WEATHER ITEM   OBSERVED TIME   RECORD YEAR NORMAL DEPARTURE LAST
                VALUE   (LST)  VALUE       VALUE  FROM      YEAR
                                                  NORMAL
..................................................................
TEMPERATURE (F)
 YESTERDAY
  MAXIMUM         68   1146 AM  80    2012  60      8       63
  MINIMUM         26   1155 PM  -5    1963  28     -2       27
  AVERAGE         47                        44      3       45

PRECIPITATION (IN)
  YESTERDAY        T             0.36 1904   0.03  -0.03     0.00
  MONTH TO DATE    0.20                      0.68  -0.48     0.86
  SINCE OCT 1      5.03                      5.35  -0.32     5.66
  SINCE JAN 1      2.35                      3.06  -0.71     2.56

SNOWFALL (IN)
  YESTERDAY        0.0           2.0  2003   0.2   -0.2      0.0
                                      1968
  MONTH TO DATE    2.9                       4.1   -1.2      6.5
  SINCE MAR 1      7.3                      12.4   -5.1      9.6
  SINCE JUL 1     46.4                      47.3   -0.9     65.0
  SNOW DEPTH       0

DEGREE DAYS
 HEATING
  YESTERDAY       18                        21     -3       20
  MONTH TO DATE  434                       519    -85      513
  SINCE MAR 1   1267                      1409   -142     1274
  SINCE JUL 1   6286                      6746   -460     6493

 COOLING
  YESTERDAY        0                         0      0        0
  MONTH TO DATE    0                         0      0        0
  SINCE MAR 1      0                         0      0        0
  SINCE JAN 1      0                         0      0        0
..................................................................


WIND (MPH)
  HIGHEST WIND SPEED    47   HIGHEST WIND DIRECTION     S (190)
  HIGHEST GUST SPEED    66   HIGHEST GUST DIRECTION     S (190)
  AVERAGE WIND SPEED    19.2



WEATHER CONDITIONS
 THE FOLLOWING WEATHER WAS RECORDED YESTERDAY.
  LIGHT RAIN
  HAZE


RELATIVE HUMIDITY (PERCENT)
 HIGHEST    70           800 PM
 LOWEST     10          1200 PM
 AVERAGE    40

..........................................................


THE ELY AIRPORT NV CLIMATE NORMALS FOR TODAY
                         NORMAL    RECORD    YEAR
 MAXIMUM TEMPERATURE (F)   60        83      2012
 MINIMUM TEMPERATURE (F)   29         7      1963


SUNRISE AND SUNSET
APRIL 23 2014.........SUNRISE   551 AM PDT   SUNSET   725 PM PDT
APRIL 24 2014.........SUNRISE   550 AM PDT   SUNSET   726 PM PDT


-  INDICATES NEGATIVE NUMBERS.
R  INDICATES RECORD WAS SET OR TIED.
MM INDICATES DATA IS MISSING.
T  INDICATES TRACE AMOUNT.




$$
