000
CDUS45 KLKN 240930
CLIELY


CLIMATE REPORT
NATIONAL WEATHER SERVICE ELKO NV
228 AM PDT FRI MAR 24 2017


...................................

...THE ELY AIRPORT NV CLIMATE SUMMARY FOR MARCH 23 2017...

CLIMATE NORMAL PERIOD 1981 TO 2010
CLIMATE RECORD PERIOD 1893 TO 2017


WEATHER ITEM   OBSERVED TIME   RECORD YEAR NORMAL DEPARTURE LAST
                VALUE   (LST)  VALUE       VALUE  FROM      YEAR
                                                  NORMAL
..................................................................
TEMPERATURE (F)
 YESTERDAY
  MAXIMUM         48    353 PM  71    2004  52     -4       47
  MINIMUM         26   1121 PM  -8    1952  24      2       22
  AVERAGE         37                        38     -1       35

PRECIPITATION (IN)
  YESTERDAY        0.20          0.33 2005   0.03   0.17     0.00
  MONTH TO DATE    0.52                      0.68  -0.16     0.38
  SINCE OCT 1      5.55                      4.42   1.13     7.92
  SINCE JAN 1      3.77                      2.13   1.64     3.56

SNOWFALL (IN)
  YESTERDAY        1.0           4.7  1995   0.3    0.7      0.0
  MONTH TO DATE    4.5                       6.2   -1.7      2.4
  SINCE MAR 1      4.5                       6.2   -1.7      2.4
  SINCE JUL 1     54.1                      41.1   13.0     81.7
  SNOW DEPTH       1

DEGREE DAYS
 HEATING
  YESTERDAY       28                        27      1       30
  MONTH TO DATE  525                       678   -153      552
  SINCE MAR 1    525                       678   -153      552
  SINCE JUL 1   5486                      6015   -529     5926

 COOLING
  YESTERDAY        0                         0      0        0
  MONTH TO DATE    0                         0      0        0
  SINCE MAR 1      0                         0      0        0
  SINCE JAN 1      0                         0      0        0
..................................................................


WIND (MPH)
  HIGHEST WIND SPEED    24   HIGHEST WIND DIRECTION    NW (300)
  HIGHEST GUST SPEED    31   HIGHEST GUST DIRECTION    NW (310)
  AVERAGE WIND SPEED    10.2



WEATHER CONDITIONS
 THE FOLLOWING WEATHER WAS RECORDED YESTERDAY.
  LIGHT SNOW
  FOG


RELATIVE HUMIDITY (PERCENT)
 HIGHEST   100           100 AM
 LOWEST     40           500 PM
 AVERAGE    70

..........................................................


THE ELY AIRPORT NV CLIMATE NORMALS FOR TODAY
                         NORMAL    RECORD    YEAR
 MAXIMUM TEMPERATURE (F)   52        72      1908
 MINIMUM TEMPERATURE (F)   24         0      1964


SUNRISE AND SUNSET
MARCH 24 2017.........SUNRISE   636 AM PDT   SUNSET   656 PM PDT
MARCH 25 2017.........SUNRISE   634 AM PDT   SUNSET   657 PM PDT


-  INDICATES NEGATIVE NUMBERS.
R  INDICATES RECORD WAS SET OR TIED.
MM INDICATES DATA IS MISSING.
T  INDICATES TRACE AMOUNT.




$$
