000
CDUS43 KTOP 010643
CLIEMP


CLIMATE REPORT
NATIONAL WEATHER SERVICE TOPEKA KS
1243 AM CST SUN MAR 1 2015


...................................

...THE EMPORIA KS CLIMATE SUMMARY FOR FEBRUARY 28 2015...

CLIMATE NORMAL PERIOD 1981 TO 2010
CLIMATE RECORD PERIOD 9999 TO 9999


WEATHER ITEM   OBSERVED NORMAL DEPARTURE LAST
                VALUE   VALUE  FROM      YEAR
                               NORMAL
...............................................
TEMPERATURE (F)
 YESTERDAY
  MAXIMUM         23     51    -28       45
  MINIMUM         15     28    -13       22
  AVERAGE         19     39    -20       34

PRECIPITATION (IN)
  YESTERDAY        0.12   0.04   0.08     0.00
  MONTH TO DATE    0.61   1.23  -0.62     0.29
  SINCE DEC 1      2.99   3.21  -0.22     0.99
  SINCE JAN 1      1.40   1.86  -0.46     0.49

DEGREE DAYS
 HEATING
  YESTERDAY       46     26     20       31
  MONTH TO DATE 1011    834    177     1054
  SINCE DEC 1   2951   2882     69     3294
  SINCE JUL 1   4001   3822    179     4325

 COOLING
  YESTERDAY        0      0      0        0
  MONTH TO DATE    0      0      0        0
  SINCE DEC 1      0      0      0        0
  SINCE JAN 1      0      0      0        0
...............................................


WIND (MPH)
  HIGHEST WIND SPEED    13   HIGHEST WIND DIRECTION    SE (120)
  HIGHEST GUST SPEED    16   HIGHEST GUST DIRECTION    SE (120)
  AVERAGE WIND SPEED     6.0


SKY COVER
  AVERAGE SKY COVER 1.0


WEATHER CONDITIONS
 THE FOLLOWING WEATHER WAS RECORDED YESTERDAY.
  SNOW
  LIGHT SNOW
  FOG
  FOG W/VISIBILITY <= 1/4 MILE
  HAZE


RELATIVE HUMIDITY (PERCENT)
 HIGHEST    92
 LOWEST     67
 AVERAGE    80

..........................................................


THE EMPORIA KS CLIMATE NORMALS FOR TODAY
                         NORMAL
 MAXIMUM TEMPERATURE (F)   51
 MINIMUM TEMPERATURE (F)   28


SUNRISE AND SUNSET
MARCH  1 2015.........SUNRISE   657 AM CST   SUNSET   618 PM CST
MARCH  2 2015.........SUNRISE   656 AM CST   SUNSET   619 PM CST


-  INDICATES NEGATIVE NUMBERS.
R  INDICATES RECORD WAS SET OR TIED.
MM INDICATES DATA IS MISSING.
T  INDICATES TRACE AMOUNT.




$$
