000
CDUS43 KTOP 180631
CLIEMP


CLIMATE REPORT
NATIONAL WEATHER SERVICE TOPEKA KS
130 AM CDT FRI AUG 18 2017


...................................

...THE EMPORIA KS CLIMATE SUMMARY FOR AUGUST 17 2017...

CLIMATE NORMAL PERIOD 1981 TO 2010
CLIMATE RECORD PERIOD 9999 TO 9999


WEATHER ITEM   OBSERVED NORMAL DEPARTURE LAST
                VALUE   VALUE  FROM      YEAR
                               NORMAL
...............................................
TEMPERATURE (F)
 YESTERDAY
  MAXIMUM         85     90     -5       91
  MINIMUM         63     66     -3       65
  AVERAGE         74     78     -4       78

PRECIPITATION (IN)
  YESTERDAY        0.00   0.16  -0.16     0.00
  MONTH TO DATE    4.52   1.62   2.90     1.42
  SINCE JUN 1     10.48  11.73  -1.25     7.46
  SINCE JAN 1     25.97  24.41   1.56    23.19

DEGREE DAYS
 HEATING
  YESTERDAY        0      0      0        0
  MONTH TO DATE    0      0      0        0
  SINCE JUN 1      0      8     -8        0
  SINCE JUL 1      0      0      0        0

 COOLING
  YESTERDAY        9     13     -4       13
  MONTH TO DATE  141    232    -91      246
  SINCE JUN 1    851    929    -78     1114
  SINCE JAN 1    983   1048    -65     1190
...............................................


WIND (MPH)
  HIGHEST WIND SPEED    13   HIGHEST WIND DIRECTION    NW (310)
  HIGHEST GUST SPEED    17   HIGHEST GUST DIRECTION    NW (300)
  AVERAGE WIND SPEED     6.2


SKY COVER
  AVERAGE SKY COVER 0.0


WEATHER CONDITIONS
 THE FOLLOWING WEATHER WAS RECORDED YESTERDAY.
  NO SIGNIFICANT WEATHER WAS OBSERVED.


RELATIVE HUMIDITY (PERCENT)
 HIGHEST    97
 LOWEST     40
 AVERAGE    69

..........................................................


THE EMPORIA KS CLIMATE NORMALS FOR TODAY
                         NORMAL
 MAXIMUM TEMPERATURE (F)   90
 MINIMUM TEMPERATURE (F)   66


SUNRISE AND SUNSET
AUGUST 18 2017........SUNRISE   642 AM CDT   SUNSET   814 PM CDT
AUGUST 19 2017........SUNRISE   643 AM CDT   SUNSET   813 PM CDT


-  INDICATES NEGATIVE NUMBERS.
R  INDICATES RECORD WAS SET OR TIED.
MM INDICATES DATA IS MISSING.
T  INDICATES TRACE AMOUNT.




$$
