000
CDUS43 KTOP 270634
CLIEMP


CLIMATE REPORT
NATIONAL WEATHER SERVICE TOPEKA KS
133 AM CDT THU APR 27 2017


...................................

...THE EMPORIA KS CLIMATE SUMMARY FOR APRIL 26 2017...

CLIMATE NORMAL PERIOD 1981 TO 2010
CLIMATE RECORD PERIOD 9999 TO 9999


WEATHER ITEM   OBSERVED NORMAL DEPARTURE LAST
                VALUE   VALUE  FROM      YEAR
                               NORMAL
...............................................
TEMPERATURE (F)
 YESTERDAY
  MAXIMUM         51     71    -20       77
  MINIMUM         40     48     -8       56
  AVERAGE         46     59    -13       67

PRECIPITATION (IN)
  YESTERDAY        T      0.15  -0.15     3.36
  MONTH TO DATE    4.28   2.72   1.56     5.86
  SINCE MAR 1      8.47   5.25   3.22     7.46
  SINCE JAN 1     10.21   7.11   3.10     8.63

DEGREE DAYS
 HEATING
  YESTERDAY       19      7     12        0
  MONTH TO DATE  193    274    -81      181
  SINCE MAR 1    669    884   -215      624
  SINCE JUL 1   3760   4706   -946     3737

 COOLING
  YESTERDAY        0      1     -1        2
  MONTH TO DATE   30     20     10       19
  SINCE MAR 1     42     22     20       20
  SINCE JAN 1     42     22     20       20
...............................................


WIND (MPH)
  HIGHEST WIND SPEED    25   HIGHEST WIND DIRECTION     N (340)
  HIGHEST GUST SPEED    34   HIGHEST GUST DIRECTION    NW (330)
  AVERAGE WIND SPEED    12.9


SKY COVER
  AVERAGE SKY COVER 0.9


WEATHER CONDITIONS
 THE FOLLOWING WEATHER WAS RECORDED YESTERDAY.
  LIGHT RAIN


RELATIVE HUMIDITY (PERCENT)
 HIGHEST    96
 LOWEST     59
 AVERAGE    78

..........................................................


THE EMPORIA KS CLIMATE NORMALS FOR TODAY
                         NORMAL
 MAXIMUM TEMPERATURE (F)   71
 MINIMUM TEMPERATURE (F)   48


SUNRISE AND SUNSET
APRIL 27 2017.........SUNRISE   633 AM CDT   SUNSET   813 PM CDT
APRIL 28 2017.........SUNRISE   631 AM CDT   SUNSET   814 PM CDT


-  INDICATES NEGATIVE NUMBERS.
R  INDICATES RECORD WAS SET OR TIED.
MM INDICATES DATA IS MISSING.
T  INDICATES TRACE AMOUNT.




$$
