000
CDUS43 KTOP 302136
CLIEMP


CLIMATE REPORT
NATIONAL WEATHER SERVICE TOPEKA KS
435 PM CDT SAT MAY 30 2015


...................................

...THE EMPORIA KS CLIMATE SUMMARY FOR MAY 30 2015...
VALID TODAY AS OF 0400 PM LOCAL TIME.

CLIMATE NORMAL PERIOD 1981 TO 2010
CLIMATE RECORD PERIOD 9999 TO 9999


WEATHER ITEM   OBSERVED NORMAL DEPARTURE LAST
                VALUE   VALUE  FROM      YEAR
                               NORMAL
...............................................
TEMPERATURE (F)
 TODAY
  MAXIMUM         63     80    -17       83
  MINIMUM         53     59     -6       63
  AVERAGE         58     69    -11       73

PRECIPITATION (IN)
  TODAY            0.00   0.20  -0.20      T
  MONTH TO DATE    8.75   4.72   4.03     3.06
  SINCE MAR 1     13.64  10.63   3.01     5.12
  SINCE JAN 1     15.04  12.49   2.55     5.61

DEGREE DAYS
 HEATING
  TODAY            7      1      6        0
  MONTH TO DATE  108     81     27      113
  SINCE MAR 1    868    988   -120     1169
  SINCE JUL 1   4869   4810     59     5494

 COOLING
  TODAY            0      5     -5        8
  MONTH TO DATE   62     90    -28      149
  SINCE MAR 1     68    113    -45      167
  SINCE JAN 1     68    113    -45      167
...............................................


WIND (MPH)
  HIGHEST WIND SPEED    20   HIGHEST WIND DIRECTION    NW (330)
  HIGHEST GUST SPEED    25   HIGHEST GUST DIRECTION    NW (320)
  AVERAGE WIND SPEED    12.3



WEATHER CONDITIONS
 THE FOLLOWING WEATHER WAS RECORDED TODAY.
  FOG


RELATIVE HUMIDITY (PERCENT)
 HIGHEST   100
 LOWEST     72
 AVERAGE    86

..........................................................


THE EMPORIA KS CLIMATE NORMALS FOR TOMORROW
                         NORMAL
 MAXIMUM TEMPERATURE (F)   80
 MINIMUM TEMPERATURE (F)   59


SUNRISE AND SUNSET
MAY 30 2015...........SUNRISE   604 AM CDT   SUNSET   841 PM CDT
MAY 31 2015...........SUNRISE   603 AM CDT   SUNSET   842 PM CDT


-  INDICATES NEGATIVE NUMBERS.
R  INDICATES RECORD WAS SET OR TIED.
MM INDICATES DATA IS MISSING.
T  INDICATES TRACE AMOUNT.




$$
