000
CDUS43 KTOP 070635
CLIEMP


CLIMATE REPORT
NATIONAL WEATHER SERVICE TOPEKA KS
133 AM CDT TUE JUL 7 2015


...................................

...THE EMPORIA KS CLIMATE SUMMARY FOR JULY 6 2015...

CLIMATE NORMAL PERIOD 1981 TO 2010
CLIMATE RECORD PERIOD 9999 TO 9999


WEATHER ITEM   OBSERVED NORMAL DEPARTURE LAST
                VALUE   VALUE  FROM      YEAR
                               NORMAL
...............................................
TEMPERATURE (F)
 YESTERDAY
  MAXIMUM         93     89      4       92
  MINIMUM         66     68     -2       73
  AVERAGE         80     78      2       83

PRECIPITATION (IN)
  YESTERDAY        2.14   0.16   1.98     0.00
  MONTH TO DATE    2.33   0.96   1.37     0.23
  SINCE JUN 1      4.85   6.80  -1.95     7.12
  SINCE JAN 1     19.89  19.48   0.41    12.73

DEGREE DAYS
 HEATING
  YESTERDAY        0      0      0        0
  MONTH TO DATE    0      0      0        1
  SINCE JUN 1      3      8     -5        5
  SINCE JUL 1      0      0      0        1

 COOLING
  YESTERDAY       15     13      2       18
  MONTH TO DATE   74     76     -2       45
  SINCE JUN 1    430    339     91      317
  SINCE JAN 1    498    458     40      493
...............................................


WIND (MPH)
  HIGHEST WIND SPEED    25   HIGHEST WIND DIRECTION     S (170)
  HIGHEST GUST SPEED    32   HIGHEST GUST DIRECTION     S (190)
  AVERAGE WIND SPEED    11.9


SKY COVER
  AVERAGE SKY COVER 0.4


WEATHER CONDITIONS
 THE FOLLOWING WEATHER WAS RECORDED YESTERDAY.
  THUNDERSTORM
  HEAVY RAIN
  RAIN
  LIGHT RAIN
  FOG


RELATIVE HUMIDITY (PERCENT)
 HIGHEST   100
 LOWEST     52
 AVERAGE    76

..........................................................


THE EMPORIA KS CLIMATE NORMALS FOR TODAY
                         NORMAL
 MAXIMUM TEMPERATURE (F)   89
 MINIMUM TEMPERATURE (F)   68


SUNRISE AND SUNSET
JULY  7 2015..........SUNRISE   608 AM CDT   SUNSET   851 PM CDT
JULY  8 2015..........SUNRISE   609 AM CDT   SUNSET   851 PM CDT


-  INDICATES NEGATIVE NUMBERS.
R  INDICATES RECORD WAS SET OR TIED.
MM INDICATES DATA IS MISSING.
T  INDICATES TRACE AMOUNT.




$$
