000
CDUS43 KTOP 300632
CLIEMP


CLIMATE REPORT
NATIONAL WEATHER SERVICE TOPEKA KS
132 AM CDT TUE SEP 30 2014


...................................

...THE EMPORIA KS CLIMATE SUMMARY FOR SEPTEMBER 29 2014...

CLIMATE NORMAL PERIOD 1981 TO 2010
CLIMATE RECORD PERIOD 9999 TO 9999


WEATHER ITEM   OBSERVED NORMAL DEPARTURE LAST
                VALUE   VALUE  FROM      YEAR
                               NORMAL
...............................................
TEMPERATURE (F)
 YESTERDAY
  MAXIMUM         83     75      8       73
  MINIMUM         54     51      3       43
  AVERAGE         69     63      6       58

PRECIPITATION (IN)
  YESTERDAY        0.00   0.10  -0.10     0.00
  MONTH TO DATE    3.80   3.29   0.51     2.95
  SINCE SEP 1      3.80   3.29   0.51     2.95
  SINCE JAN 1     22.56  29.90  -7.34    27.04

DEGREE DAYS
 HEATING
  YESTERDAY        0      4     -4        7
  MONTH TO DATE   46     42      4       13
  SINCE SEP 1     46     42      4       13
  SINCE JUL 1     48     43      5       15

 COOLING
  YESTERDAY        4      3      1        0
  MONTH TO DATE  140    162    -22      216
  SINCE SEP 1    140    162    -22      216
  SINCE JAN 1   1343   1370    -27     1345
...............................................


WIND (MPH)
  HIGHEST WIND SPEED    13   HIGHEST WIND DIRECTION     S (160)
  HIGHEST GUST SPEED    18   HIGHEST GUST DIRECTION     S (190)
  AVERAGE WIND SPEED     5.3


SKY COVER
  AVERAGE SKY COVER 0.1


WEATHER CONDITIONS
 THE FOLLOWING WEATHER WAS RECORDED YESTERDAY.
  FOG


RELATIVE HUMIDITY (PERCENT)
 HIGHEST   100
 LOWEST     43
 AVERAGE    72

..........................................................


THE EMPORIA KS CLIMATE NORMALS FOR TODAY
                         NORMAL
 MAXIMUM TEMPERATURE (F)   75
 MINIMUM TEMPERATURE (F)   51


SUNRISE AND SUNSET
SEPTEMBER 30 2014.....SUNRISE   720 AM CDT   SUNSET   709 PM CDT
OCTOBER  1 2014.......SUNRISE   721 AM CDT   SUNSET   708 PM CDT


-  INDICATES NEGATIVE NUMBERS.
R  INDICATES RECORD WAS SET OR TIED.
MM INDICATES DATA IS MISSING.
T  INDICATES TRACE AMOUNT.




$$
