000
CDUS43 KTOP 270633
CLIEMP


CLIMATE REPORT
NATIONAL WEATHER SERVICE TOPEKA KS
132 AM CDT SAT AUG 27 2016


...................................

...THE EMPORIA KS CLIMATE SUMMARY FOR AUGUST 26 2016...

CLIMATE NORMAL PERIOD 1981 TO 2010
CLIMATE RECORD PERIOD 9999 TO 9999


WEATHER ITEM   OBSERVED NORMAL DEPARTURE LAST
                VALUE   VALUE  FROM      YEAR
                               NORMAL
...............................................
TEMPERATURE (F)
 YESTERDAY
  MAXIMUM         84     88     -4       85
  MINIMUM         67     64      3       55
  AVERAGE         76     76      0       70

PRECIPITATION (IN)
  YESTERDAY        0.37   0.16   0.21     0.00
  MONTH TO DATE    4.47   3.05   1.42     3.51
  SINCE JUN 1     10.51  13.16  -2.65    10.51
  SINCE JAN 1     26.24  25.84   0.40    25.55

DEGREE DAYS
 HEATING
  YESTERDAY        0      0      0        0
  MONTH TO DATE    0      0      0        0
  SINCE JUN 1      0      8     -8        3
  SINCE JUL 1      0      0      0        0

 COOLING
  YESTERDAY       11     11      0        5
  MONTH TO DATE  333    338     -5      250
  SINCE JUN 1   1201   1035    166     1067
  SINCE JAN 1   1277   1154    123     1135
...............................................


WIND (MPH)
  HIGHEST WIND SPEED    16   HIGHEST WIND DIRECTION     S (200)
  HIGHEST GUST SPEED    21   HIGHEST GUST DIRECTION     S (170)
  AVERAGE WIND SPEED     7.5


SKY COVER
  AVERAGE SKY COVER 0.4


WEATHER CONDITIONS
 THE FOLLOWING WEATHER WAS RECORDED YESTERDAY.
  THUNDERSTORM
  HEAVY RAIN
  RAIN
  LIGHT RAIN
  FOG


RELATIVE HUMIDITY (PERCENT)
 HIGHEST   100
 LOWEST     55
 AVERAGE    78

..........................................................


THE EMPORIA KS CLIMATE NORMALS FOR TODAY
                         NORMAL
 MAXIMUM TEMPERATURE (F)   88
 MINIMUM TEMPERATURE (F)   63


SUNRISE AND SUNSET
AUGUST 27 2016........SUNRISE   650 AM CDT   SUNSET   801 PM CDT
AUGUST 28 2016........SUNRISE   651 AM CDT   SUNSET   800 PM CDT


-  INDICATES NEGATIVE NUMBERS.
R  INDICATES RECORD WAS SET OR TIED.
MM INDICATES DATA IS MISSING.
T  INDICATES TRACE AMOUNT.




$$
