000
CDUS46 KOTX 030828
CLIEPH


CLIMATE REPORT
NATIONAL WEATHER SERVICE SPOKANE, WA
1227 AM PST SAT DEC 3 2016


...................................

...THE EPHRATA WA AIRPORT CLIMATE SUMMARY FOR DECEMBER 2 2016...

CLIMATE NORMAL PERIOD 1981 TO 2010
CLIMATE RECORD PERIOD 9999 TO 9999


WEATHER ITEM   OBSERVED TIME   RECORD YEAR NORMAL DEPARTURE LAST
                VALUE   (LST)  VALUE       VALUE  FROM      YEAR
                                                  NORMAL
..................................................................
TEMPERATURE (F)
 YESTERDAY
  MAXIMUM         37    700 PM  57    1977  37      0       35
  MINIMUM         24    444 AM   2    2006  24      0       25
  AVERAGE         31                        30      1       30

PRECIPITATION (IN)
  YESTERDAY        0.02          0.40 1985   0.05  -0.03     0.13
  MONTH TO DATE    0.02                      0.09  -0.07     0.13
  SINCE OCT 1      3.30                      1.68   1.62     0.60
  SINCE JAN 1      9.66                      6.70   2.96     4.96

SNOWFALL (IN)
  YESTERDAY       MM

DEGREE DAYS
 HEATING
  YESTERDAY       34                        35     -1       35
  MONTH TO DATE   61                        69     -8       74
  SINCE DEC 1     61                        69     -8       74
  SINCE JUL 1   1184                      1488   -304     1230

 COOLING
  YESTERDAY        0                         0      0        0
  MONTH TO DATE    0                         0      0        0
  SINCE DEC 1      0                         0      0        0
  SINCE JAN 1    751                       772    -21     1277
..................................................................


WIND (MPH)
  HIGHEST WIND SPEED    10   HIGHEST WIND DIRECTION     N (20)
  HIGHEST GUST SPEED    12   HIGHEST GUST DIRECTION     N (20)
  AVERAGE WIND SPEED     3.5


SKY COVER
  POSSIBLE SUNSHINE  MM
  AVERAGE SKY COVER 0.6


WEATHER CONDITIONS
 THE FOLLOWING WEATHER WAS RECORDED YESTERDAY.
  LT FREEZING RAIN
  FOG
  HAZE


RELATIVE HUMIDITY (PERCENT)
 HIGHEST    85           700 AM
 LOWEST     78          1200 AM
 AVERAGE    82

..........................................................


THE EPHRATA WA AIRPORT CLIMATE NORMALS FOR TODAY
                         NORMAL    RECORD    YEAR
 MAXIMUM TEMPERATURE (F)   37        59      1975
 MINIMUM TEMPERATURE (F)   24         3      1985


SUNRISE AND SUNSET
DECEMBER  3 2016......SUNRISE   727 AM PST   SUNSET   409 PM PST
DECEMBER  4 2016......SUNRISE   728 AM PST   SUNSET   408 PM PST


-  INDICATES NEGATIVE NUMBERS.
R  INDICATES RECORD WAS SET OR TIED.
MM INDICATES DATA IS MISSING.
T  INDICATES TRACE AMOUNT.




$$
