000
CDUS46 KOTX 270826
CLIEPH


CLIMATE REPORT
NATIONAL WEATHER SERVICE SPOKANE, WA
126 AM PDT THU AUG 27 2015


...................................

...THE EPHRATA WA AIRPORT CLIMATE SUMMARY FOR AUGUST 26 2015...

CLIMATE NORMAL PERIOD 1981 TO 2010
CLIMATE RECORD PERIOD 9999 TO 9999


WEATHER ITEM   OBSERVED TIME   RECORD YEAR NORMAL DEPARTURE LAST
                VALUE   (LST)  VALUE       VALUE  FROM      YEAR
                                                  NORMAL
..................................................................
TEMPERATURE (F)
 YESTERDAY
  MAXIMUM         92    350 PM  97    1972  85      7       89
  MINIMUM         58    244 AM  46    1991  56      2       57
  AVERAGE         75                        70      5       73

PRECIPITATION (IN)
  YESTERDAY        0.00          0.31 1968   0.01  -0.01     0.00
  MONTH TO DATE    T                         0.17  -0.17     0.83
  SINCE OCT 1      6.90                      7.47  -0.57     4.64
  SINCE JAN 1      4.11                      4.64  -0.53     3.89

SNOWFALL (IN)
  YESTERDAY       MM

DEGREE DAYS
 HEATING
  YESTERDAY        0                         0      0        0
  MONTH TO DATE    0                         0      0        0
  SINCE JUN 1      4                        68    -64       24
  SINCE JUL 1      0                         8     -8        1

 COOLING
  YESTERDAY       10                         6      4        8
  MONTH TO DATE  300                       227     73      334
  SINCE JUN 1   1125                       630    495      953
  SINCE JAN 1   1210                       667    543      997
..................................................................


WIND (MPH)
  HIGHEST WIND SPEED    12   HIGHEST WIND DIRECTION    NW (330)
  HIGHEST GUST SPEED    16   HIGHEST GUST DIRECTION     W (250)
  AVERAGE WIND SPEED     5.2


SKY COVER
  POSSIBLE SUNSHINE  MM
  AVERAGE SKY COVER 0.0


WEATHER CONDITIONS
 THE FOLLOWING WEATHER WAS RECORDED YESTERDAY.
  HAZE


RELATIVE HUMIDITY (PERCENT)
 HIGHEST    49           300 AM
 LOWEST     16          1200 PM
 AVERAGE    33

..........................................................


THE EPHRATA WA AIRPORT CLIMATE NORMALS FOR TODAY
                         NORMAL    RECORD    YEAR
 MAXIMUM TEMPERATURE (F)   84       101      1972
 MINIMUM TEMPERATURE (F)   56        49      1993


SUNRISE AND SUNSET
AUGUST 27 2015........SUNRISE   610 AM PDT   SUNSET   748 PM PDT
AUGUST 28 2015........SUNRISE   611 AM PDT   SUNSET   746 PM PDT


-  INDICATES NEGATIVE NUMBERS.
R  INDICATES RECORD WAS SET OR TIED.
MM INDICATES DATA IS MISSING.
T  INDICATES TRACE AMOUNT.




$$
