643
CDUS46 KOTX 300821
CLIEPH


CLIMATE REPORT
NATIONAL WEATHER SERVICE SPOKANE, WA
121 AM PDT SAT JUL 30 2016


...................................

...THE EPHRATA WA AIRPORT CLIMATE SUMMARY FOR JULY 29 2016...

CLIMATE NORMAL PERIOD 1981 TO 2010
CLIMATE RECORD PERIOD 9999 TO 9999


WEATHER ITEM   OBSERVED TIME   RECORD YEAR NORMAL DEPARTURE LAST
                VALUE   (LST)  VALUE       VALUE  FROM      YEAR
                                                  NORMAL
..................................................................
TEMPERATURE (F)
 YESTERDAY
  MAXIMUM        101    409 PM 104    2014  90     11       93
                                      1998
  MINIMUM         68    517 AM  49    2006  62      6       55
  AVERAGE         85                        76      9       74

PRECIPITATION (IN)
  YESTERDAY        0.00          0.26 1984   0.02  -0.02     0.00
  MONTH TO DATE    0.32                      0.38  -0.06     0.05
  SINCE OCT 1      9.01                      7.28   1.73     6.90
  SINCE JAN 1      6.29                      4.45   1.84     4.11

SNOWFALL (IN)
  YESTERDAY       MM

DEGREE DAYS
 HEATING
  YESTERDAY        0                         0      0        0
  MONTH TO DATE    0                         4     -4        0
  SINCE JUN 1     70                        64      6        4
  SINCE JUL 1      0                         4     -4        0

 COOLING
  YESTERDAY       20                        11      9        9
  MONTH TO DATE  223                       272    -49      421
  SINCE JUN 1    398                       382     16      794
  SINCE JAN 1    430                       419     11      879
..................................................................


WIND (MPH)
  HIGHEST WIND SPEED    23   HIGHEST WIND DIRECTION    NW (310)
  HIGHEST GUST SPEED    28   HIGHEST GUST DIRECTION    NW (300)
  AVERAGE WIND SPEED     9.2


SKY COVER
  POSSIBLE SUNSHINE  MM
  AVERAGE SKY COVER 0.0


WEATHER CONDITIONS
 THE FOLLOWING WEATHER WAS RECORDED YESTERDAY.
  NO SIGNIFICANT WEATHER WAS OBSERVED.


RELATIVE HUMIDITY (PERCENT)
 HIGHEST    53           500 AM
 LOWEST     15           400 PM
 AVERAGE    34

..........................................................


THE EPHRATA WA AIRPORT CLIMATE NORMALS FOR TODAY
                         NORMAL    RECORD    YEAR
 MAXIMUM TEMPERATURE (F)   90       105      1971
 MINIMUM TEMPERATURE (F)   62        43      1993


SUNRISE AND SUNSET
JULY 30 2016..........SUNRISE   535 AM PDT   SUNSET   833 PM PDT
JULY 31 2016..........SUNRISE   536 AM PDT   SUNSET   832 PM PDT


-  INDICATES NEGATIVE NUMBERS.
R  INDICATES RECORD WAS SET OR TIED.
MM INDICATES DATA IS MISSING.
T  INDICATES TRACE AMOUNT.




$$
