000
CDUS46 KOTX 050828
CLIEPH


CLIMATE REPORT
NATIONAL WEATHER SERVICE SPOKANE, WA
1227 AM PST THU MAR 5 2015


...................................

...THE EPHRATA WA AIRPORT CLIMATE SUMMARY FOR MARCH 4 2015...

CLIMATE NORMAL PERIOD 1981 TO 2010
CLIMATE RECORD PERIOD 9999 TO 9999


WEATHER ITEM   OBSERVED TIME   RECORD YEAR NORMAL DEPARTURE LAST
                VALUE   (LST)  VALUE       VALUE  FROM      YEAR
                                                  NORMAL
..................................................................
TEMPERATURE (F)
 YESTERDAY
  MAXIMUM         51    427 PM  63    2012  49      2       50
  MINIMUM         20    647 AM   2    1955  29     -9       23
  AVERAGE         36                        39     -3       37

PRECIPITATION (IN)
  YESTERDAY        0.00          0.44 2000   0.03  -0.03     0.00
  MONTH TO DATE    0.00                      0.11  -0.11     0.09
  SINCE OCT 1      4.09                      4.59  -0.50     1.81
  SINCE JAN 1      1.30                      1.76  -0.46     1.06

SNOWFALL (IN)
  YESTERDAY       MM

DEGREE DAYS
 HEATING
  YESTERDAY       29                        26      3       28
  MONTH TO DATE  111                       106      5      149
  SINCE MAR 1    111                       106      5      149
  SINCE JUL 1   3805                      4679   -874     4731

 COOLING
  YESTERDAY        0                         0      0        0
  MONTH TO DATE    0                         0      0        0
  SINCE MAR 1      0                         0      0        0
  SINCE JAN 1      0                         0      0        0
..................................................................


WIND (MPH)
  HIGHEST WIND SPEED    14   HIGHEST WIND DIRECTION     S (160)
  HIGHEST GUST SPEED    18   HIGHEST GUST DIRECTION     S (170)
  AVERAGE WIND SPEED     5.4


SKY COVER
  POSSIBLE SUNSHINE  MM
  AVERAGE SKY COVER 0.0


WEATHER CONDITIONS
 THE FOLLOWING WEATHER WAS RECORDED YESTERDAY.
  NO SIGNIFICANT WEATHER WAS OBSERVED.


RELATIVE HUMIDITY (PERCENT)
 HIGHEST    84           600 AM
 LOWEST     30           400 PM
 AVERAGE    57

..........................................................


THE EPHRATA WA AIRPORT CLIMATE NORMALS FOR TODAY
                         NORMAL    RECORD    YEAR
 MAXIMUM TEMPERATURE (F)   50        63      2014
 MINIMUM TEMPERATURE (F)   29         5      1955


SUNRISE AND SUNSET
MARCH  5 2015.........SUNRISE   631 AM PST   SUNSET   549 PM PST
MARCH  6 2015.........SUNRISE   629 AM PST   SUNSET   550 PM PST


-  INDICATES NEGATIVE NUMBERS.
R  INDICATES RECORD WAS SET OR TIED.
MM INDICATES DATA IS MISSING.
T  INDICATES TRACE AMOUNT.




$$
