000
CDUS46 KOTX 230826
CLIEPH


CLIMATE REPORT
NATIONAL WEATHER SERVICE SPOKANE, WA
125 AM PDT WED AUG 23 2017


...................................

...THE EPHRATA WA AIRPORT CLIMATE SUMMARY FOR AUGUST 22 2017...

CLIMATE NORMAL PERIOD 1981 TO 2010
CLIMATE RECORD PERIOD 9999 TO 9999


WEATHER ITEM   OBSERVED TIME   RECORD YEAR NORMAL DEPARTURE LAST
                VALUE   (LST)  VALUE       VALUE  FROM      YEAR
                                                  NORMAL
..................................................................
TEMPERATURE (F)
 YESTERDAY
  MAXIMUM         93    240 PM 101    1958  86      7       80
  MINIMUM         60    542 AM  36    1960  57      3       57
  AVERAGE         77                        72      5       69

PRECIPITATION (IN)
  YESTERDAY        0.00          0.20 1972   0.01  -0.01     0.00
  MONTH TO DATE    0.06                      0.15  -0.09      T
  SINCE OCT 1      9.41                      7.45   1.96     9.01
  SINCE JAN 1      5.81                      4.62   1.19     6.29

SNOWFALL (IN)
  YESTERDAY       MM

DEGREE DAYS
 HEATING
  YESTERDAY        0                         0      0        0
  MONTH TO DATE    0                         0      0        2
  SINCE JUN 1     43                        68    -25       72
  SINCE JUL 1      0                         8     -8        2

 COOLING
  YESTERDAY       12                         7      5        4
  MONTH TO DATE  297                       202     95      201
  SINCE JUN 1    823                       605    218      628
  SINCE JAN 1    881                       642    239      660
..................................................................


WIND (MPH)
  HIGHEST WIND SPEED    13   HIGHEST WIND DIRECTION    SW (210)
  HIGHEST GUST SPEED    16   HIGHEST GUST DIRECTION    SW (210)
  AVERAGE WIND SPEED     5.3


SKY COVER
  POSSIBLE SUNSHINE  MM
  AVERAGE SKY COVER 0.0


WEATHER CONDITIONS
 THE FOLLOWING WEATHER WAS RECORDED YESTERDAY.
  NO SIGNIFICANT WEATHER WAS OBSERVED.


RELATIVE HUMIDITY (PERCENT)
 HIGHEST    55           400 AM
 LOWEST     15           400 PM
 AVERAGE    35

..........................................................


THE EPHRATA WA AIRPORT CLIMATE NORMALS FOR TODAY
                         NORMAL    RECORD    YEAR
 MAXIMUM TEMPERATURE (F)   86       104      1970
 MINIMUM TEMPERATURE (F)   57        37      1992


SUNRISE AND SUNSET
AUGUST 23 2017........SUNRISE   606 AM PDT   SUNSET   755 PM PDT
AUGUST 24 2017........SUNRISE   607 AM PDT   SUNSET   753 PM PDT


-  INDICATES NEGATIVE NUMBERS.
R  INDICATES RECORD WAS SET OR TIED.
MM INDICATES DATA IS MISSING.
T  INDICATES TRACE AMOUNT.




$$
