000
CDUS46 KOTX 220837
CLIEPH


CLIMATE REPORT
NATIONAL WEATHER SERVICE SPOKANE, WA
136 AM PDT FRI AUG 22 2014


...................................

...THE EPHRATA WA AIRPORT CLIMATE SUMMARY FOR AUGUST 21 2014...

CLIMATE NORMAL PERIOD 1981 TO 2010
CLIMATE RECORD PERIOD 9999 TO 9999


WEATHER ITEM   OBSERVED TIME   RECORD YEAR NORMAL DEPARTURE LAST
                VALUE   (LST)  VALUE       VALUE  FROM      YEAR
                                                  NORMAL
..................................................................
TEMPERATURE (F)
 YESTERDAY
  MAXIMUM         82    452 PM 102    2006  86     -4       90
  MINIMUM         59    506 AM  46    1960  58      1       64
  AVERAGE         71                        72     -1       77

PRECIPITATION (IN)
  YESTERDAY        0.00          0.93 1990   0.00   0.00     0.00
  MONTH TO DATE    0.83                      0.14   0.69     0.46
  SINCE OCT 1      4.64                      7.44  -2.80     7.87
  SINCE JAN 1      3.89                      4.61  -0.72     4.07

SNOWFALL (IN)
  YESTERDAY       MM            MM      MM   0.0   MM       MM
  MONTH TO DATE   MM                         0.0   MM       MM
  SINCE JUN 1     MM                         0.0   MM       MM
  SINCE JUL 1     MM                         0.0   MM       MM
  SNOW DEPTH      MM

DEGREE DAYS
 HEATING
  YESTERDAY        0                         0      0        0
  MONTH TO DATE    0                         0      0        0
  SINCE JUN 1     24                        68    -44       58
  SINCE JUL 1      1                         8     -7        0

 COOLING
  YESTERDAY        6                         7     -1       12
  MONTH TO DATE  299                       195    104      230
  SINCE JUN 1    918                       598    320      790
  SINCE JAN 1    962                       635    327      847
..................................................................


WIND (MPH)
  HIGHEST WIND SPEED    31   HIGHEST WIND DIRECTION     N (350)
  HIGHEST GUST SPEED    36   HIGHEST GUST DIRECTION     N (350)
  AVERAGE WIND SPEED     9.4


SKY COVER
  POSSIBLE SUNSHINE  MM
  AVERAGE SKY COVER 0.1


WEATHER CONDITIONS
 THE FOLLOWING WEATHER WAS RECORDED YESTERDAY.
  NO SIGNIFICANT WEATHER WAS OBSERVED.


RELATIVE HUMIDITY (PERCENT)
 HIGHEST    78           400 AM
 LOWEST     30           600 PM
 AVERAGE    54

..........................................................


THE EPHRATA WA AIRPORT CLIMATE NORMALS FOR TODAY
                         NORMAL    RECORD    YEAR
 MAXIMUM TEMPERATURE (F)   86       101      1958
 MINIMUM TEMPERATURE (F)   57        36      1960


SUNRISE AND SUNSET
AUGUST 22 2014........SUNRISE   604 AM PDT   SUNSET   757 PM PDT
AUGUST 23 2014........SUNRISE   605 AM PDT   SUNSET   755 PM PDT


-  INDICATES NEGATIVE NUMBERS.
R  INDICATES RECORD WAS SET OR TIED.
MM INDICATES DATA IS MISSING.
T  INDICATES TRACE AMOUNT.




$$
