000
CDUS46 KOTX 220827
CLIEPH


CLIMATE REPORT
NATIONAL WEATHER SERVICE SPOKANE, WA
1223 AM PST MON DEC 22 2014


...................................

...THE EPHRATA WA AIRPORT CLIMATE SUMMARY FOR DECEMBER 21 2014...

CLIMATE NORMAL PERIOD 1981 TO 2010
CLIMATE RECORD PERIOD 9999 TO 9999


WEATHER ITEM   OBSERVED TIME   RECORD YEAR NORMAL DEPARTURE LAST
                VALUE   (LST)  VALUE       VALUE  FROM      YEAR
                                                  NORMAL
..................................................................
TEMPERATURE (F)
 YESTERDAY
  MAXIMUM         55R   135 PM  53    1974  32     23       32
  MINIMUM         38   1127 PM  -9    1984  20     18       16
  AVERAGE         47                        26     21       24

PRECIPITATION (IN)
  YESTERDAY        0.01        0.57   1955  0.04  -0.03     0.00
  MONTH TO DATE    0.75                     0.86  -0.11      T
  SINCE OCT 1      2.79                     2.45   0.34     0.73
  SINCE JAN 1      6.97                     7.47  -0.50     5.70

SNOWFALL (IN)
  YESTERDAY       MM

DEGREE DAYS
 HEATING
  YESTERDAY       18                        39    -21       41
  MONTH TO DATE  607                       779   -172      862
  SINCE DEC 1    607                       779   -172      862
  SINCE JUL 1   1754                      2198   -444     2231

 COOLING
  YESTERDAY        0                         0      0        0
  MONTH TO DATE    0                         0      0        0
  SINCE DEC 1      0                         0      0        0
  SINCE JAN 1   1137                       772    365     1084
..................................................................


WIND (MPH)
  HIGHEST WIND SPEED    35   HIGHEST WIND DIRECTION     W (290)
  HIGHEST GUST SPEED    41   HIGHEST GUST DIRECTION     W (290)
  AVERAGE WIND SPEED    13.7


SKY COVER
  POSSIBLE SUNSHINE  MM
  AVERAGE SKY COVER 0.0


WEATHER CONDITIONS
 THE FOLLOWING WEATHER WAS RECORDED YESTERDAY.
  LIGHT RAIN


RELATIVE HUMIDITY (PERCENT)
 HIGHEST    96           200 AM
 LOWEST     50           100 PM
 AVERAGE    73

..........................................................


THE EPHRATA WA AIRPORT CLIMATE NORMALS FOR TODAY
                         NORMAL    RECORD    YEAR
 MAXIMUM TEMPERATURE (F)   32        48      1980
 MINIMUM TEMPERATURE (F)   20       -11      1990


SUNRISE AND SUNSET
DECEMBER 22 2014......SUNRISE   743 AM PST   SUNSET   411 PM PST
DECEMBER 23 2014......SUNRISE   743 AM PST   SUNSET   411 PM PST


-  INDICATES NEGATIVE NUMBERS.
R  INDICATES RECORD WAS SET OR TIED.
MM INDICATES DATA IS MISSING.
T  INDICATES TRACE AMOUNT.

$$
