038
CDUS46 KOTX 181006
CLIEPH


CLIMATE REPORT
NATIONAL WEATHER SERVICE SPOKANE, WA
305 AM PDT WED OCT 18 2017


...................................

...THE EPHRATA WA AIRPORT CLIMATE SUMMARY FOR OCTOBER 17 2017...

CLIMATE NORMAL PERIOD 1981 TO 2010
CLIMATE RECORD PERIOD 9999 TO 9999


WEATHER ITEM   OBSERVED TIME   RECORD YEAR NORMAL DEPARTURE LAST
                VALUE   (LST)  VALUE       VALUE  FROM      YEAR
                                                  NORMAL
..................................................................
TEMPERATURE (F)
 YESTERDAY
  MAXIMUM         71   1259 PM  76    2005  62      9       61
  MINIMUM         34    646 AM  27    1971  38     -4       41
  AVERAGE         53                        50      3       51

PRECIPITATION (IN)
  YESTERDAY        T             0.92 2004   0.02  -0.02     0.00
  MONTH TO DATE    0.10                      0.23  -0.13     1.83
  SINCE OCT 1      0.10                      0.23  -0.13     1.83
  SINCE JAN 1      6.00                      5.25   0.75     8.19

SNOWFALL (IN)
  YESTERDAY       MM

DEGREE DAYS
 HEATING
  YESTERDAY       12                        15     -3       14
  MONTH TO DATE  261                       193     68      218
  SINCE SEP 1    366                       303     63      307
  SINCE JUL 1    366                       320     46      309

 COOLING
  YESTERDAY        0                         0      0        0
  MONTH TO DATE    0                         0      0        0
  SINCE SEP 1    101                        75     26       19
  SINCE JAN 1   1072                       769    303      751
..................................................................


WIND (MPH)
  HIGHEST WIND SPEED    36   HIGHEST WIND DIRECTION     W (270)
  HIGHEST GUST SPEED    47   HIGHEST GUST DIRECTION     W (270)
  AVERAGE WIND SPEED    11.0


SKY COVER
  POSSIBLE SUNSHINE  MM
  AVERAGE SKY COVER 0.1


WEATHER CONDITIONS
 THE FOLLOWING WEATHER WAS RECORDED YESTERDAY.
  LIGHT RAIN
  HAZE


RELATIVE HUMIDITY (PERCENT)
 HIGHEST    76           100 AM
 LOWEST     26          1200 PM
 AVERAGE    51

..........................................................


THE EPHRATA WA AIRPORT CLIMATE NORMALS FOR TODAY
                         NORMAL    RECORD    YEAR
 MAXIMUM TEMPERATURE (F)   61        77      1974
 MINIMUM TEMPERATURE (F)   38        27      1983


SUNRISE AND SUNSET
OCTOBER 18 2017.......SUNRISE   721 AM PDT   SUNSET   604 PM PDT
OCTOBER 19 2017.......SUNRISE   723 AM PDT   SUNSET   602 PM PDT


-  INDICATES NEGATIVE NUMBERS.
R  INDICATES RECORD WAS SET OR TIED.
MM INDICATES DATA IS MISSING.
T  INDICATES TRACE AMOUNT.




$$
