000
CDUS46 KPQR 181141
CLIEUG


CLIMATE REPORT
NATIONAL WEATHER SERVICE PORTLAND OREGON
340 AM PST SAT NOV 18 2017


...................................

...THE EUGENE OR CLIMATE SUMMARY FOR NOVEMBER 17 2017...

CLIMATE NORMAL PERIOD 1981 TO 2010
CLIMATE RECORD PERIOD 1892 TO 2017


WEATHER ITEM   OBSERVED TIME   RECORD YEAR NORMAL DEPARTURE LAST
                VALUE   (LST)  VALUE       VALUE  FROM      YEAR
                                                  NORMAL
..................................................................
TEMPERATURE (F)
 YESTERDAY
  MAXIMUM         51    313 PM  70    2008  52     -1       55
                                      1932
  MINIMUM         32   1159 PM  18    1955  38     -6       36
  AVERAGE         42                        45     -3       46

PRECIPITATION (IN)
  YESTERDAY        0.10          1.78 1950   0.27  -0.17     0.00
  MONTH TO DATE    5.22                      3.97   1.25     2.01
  SINCE OCT 1      9.30                      7.22   2.08    12.20
  SINCE JAN 1     35.96                     34.52   1.44    33.94

SNOWFALL (IN)
  YESTERDAY       MM
  MONTH TO DATE    0.0
  SINCE SEP 1      0.0
  SINCE JUL 1      0.0

DEGREE DAYS
 HEATING
  YESTERDAY       23                        20      3       19
  MONTH TO DATE  330                       316     14      192
  SINCE SEP 1    859                       819     40      582
  SINCE JUL 1    875                       886    -11      605

 COOLING
  YESTERDAY        0                         0      0        0
  MONTH TO DATE    0                         0      0        0
  SINCE SEP 1     74                        31     43       12
  SINCE JAN 1    376                       239    137      325
..................................................................


WIND (MPH)
  HIGHEST WIND SPEED    15   HIGHEST WIND DIRECTION    SW (220)
  HIGHEST GUST SPEED    19   HIGHEST GUST DIRECTION    SW (240)
  AVERAGE WIND SPEED     6.9


SKY COVER
  POSSIBLE SUNSHINE  MM
  AVERAGE SKY COVER 0.6


WEATHER CONDITIONS
 THE FOLLOWING WEATHER WAS RECORDED YESTERDAY.
  LIGHT RAIN
  FOG


RELATIVE HUMIDITY (PERCENT)
 HIGHEST   100          1200 AM
 LOWEST     71           300 PM
 AVERAGE    86

..........................................................


THE EUGENE OR CLIMATE NORMALS FOR TODAY
                         NORMAL    RECORD    YEAR
 MAXIMUM TEMPERATURE (F)   51        66      1912
 MINIMUM TEMPERATURE (F)   37        21      2014
                                             2000


SUNRISE AND SUNSET
NOVEMBER 18 2017......SUNRISE   713 AM PST   SUNSET   443 PM PST
NOVEMBER 19 2017......SUNRISE   714 AM PST   SUNSET   442 PM PST


-  INDICATES NEGATIVE NUMBERS.
R  INDICATES RECORD WAS SET OR TIED.
MM INDICATES DATA IS MISSING.
T  INDICATES TRACE AMOUNT.




$$
