000
CDUS46 KPQR 201141
CLIEUG


CLIMATE REPORT
NATIONAL WEATHER SERVICE PORTLAND OREGON
440 AM PDT WED AUG 20 2014


...................................

...THE EUGENE OR CLIMATE SUMMARY FOR AUGUST 19 2014...

CLIMATE NORMAL PERIOD 1981 TO 2010
CLIMATE RECORD PERIOD 1892 TO 2014


WEATHER ITEM   OBSERVED TIME   RECORD YEAR NORMAL DEPARTURE LAST
                VALUE   (LST)  VALUE       VALUE  FROM      YEAR
                                                  NORMAL
..................................................................
TEMPERATURE (F)
 YESTERDAY
  MAXIMUM         91    316 PM 101    2009  83      8       89
  MINIMUM         57    600 AM  40    1916  51      6       54
  AVERAGE         74                        67      7       72

PRECIPITATION (IN)
  YESTERDAY        0.00          1.52 1993   0.02  -0.02     0.00
  MONTH TO DATE    0.18                      0.28  -0.10     0.01
  SINCE OCT 1     27.18                     44.48 -17.30    29.02
  SINCE JAN 1     22.99                     25.68  -2.69     9.68

SNOWFALL (IN)
  YESTERDAY        0.0
  MONTH TO DATE    0.0
  SINCE JUN 1      0.0
  SINCE JUL 1      0.0

DEGREE DAYS
 HEATING
  YESTERDAY        0                         1     -1        0
  MONTH TO DATE    0                        19    -19        8
  SINCE JUN 1    113                       212    -99      106
  SINCE JUL 1      6                        55    -49       14

 COOLING
  YESTERDAY        9                         3      6        7
  MONTH TO DATE  148                        66     82       87
  SINCE JUN 1    347                       178    169      281
  SINCE JAN 1    350                       183    167      286
..................................................................


WIND (MPH)
  HIGHEST WIND SPEED    18   HIGHEST WIND DIRECTION    NW (320)
  HIGHEST GUST SPEED    22   HIGHEST GUST DIRECTION    NW (320)
  AVERAGE WIND SPEED     6.2


SKY COVER
  POSSIBLE SUNSHINE  MM
  AVERAGE SKY COVER 0.3


WEATHER CONDITIONS
 THE FOLLOWING WEATHER WAS RECORDED YESTERDAY.
  NO SIGNIFICANT WEATHER WAS OBSERVED.


RELATIVE HUMIDITY (PERCENT)
 HIGHEST    87           600 AM
 LOWEST     27           200 PM
 AVERAGE    57

..........................................................


THE EUGENE OR CLIMATE NORMALS FOR TODAY
                         NORMAL    RECORD    YEAR
 MAXIMUM TEMPERATURE (F)   82        99      1951
                                             1950
 MINIMUM TEMPERATURE (F)   51        41      2000


SUNRISE AND SUNSET
AUGUST 20 2014........SUNRISE   622 AM PDT   SUNSET   809 PM PDT
AUGUST 21 2014........SUNRISE   623 AM PDT   SUNSET   808 PM PDT


-  INDICATES NEGATIVE NUMBERS.
R  INDICATES RECORD WAS SET OR TIED.
MM INDICATES DATA IS MISSING.
T  INDICATES TRACE AMOUNT.




$$
