000
CDUS46 KPQR 301141
CLIEUG


CLIMATE REPORT
NATIONAL WEATHER SERVICE PORTLAND OREGON
441 AM PDT WED JUL 30 2014


...................................

...THE EUGENE OR CLIMATE SUMMARY FOR JULY 29 2014...

CLIMATE NORMAL PERIOD 1981 TO 2010
CLIMATE RECORD PERIOD 1892 TO 2014


WEATHER ITEM   OBSERVED TIME   RECORD YEAR NORMAL DEPARTURE LAST
                VALUE   (LST)  VALUE       VALUE  FROM      YEAR
                                                  NORMAL
..................................................................
TEMPERATURE (F)
 YESTERDAY
  MAXIMUM         95    357 PM 105    2009  84     11       82
  MINIMUM         55    521 AM  42    1956  52      3       50
  AVERAGE         75                        68      7       66

PRECIPITATION (IN)
  YESTERDAY        0.00          0.32 2001   0.01  -0.01     0.00
  MONTH TO DATE    0.33                      0.52  -0.19     0.00
  SINCE OCT 1     26.96                     44.18 -17.22    29.01
  SINCE JAN 1     22.77                     25.38  -2.61     9.67

SNOWFALL (IN)
  YESTERDAY        0.0
  MONTH TO DATE    0.0
  SINCE JUN 1      0.0
  SINCE JUL 1      0.0

DEGREE DAYS
 HEATING
  YESTERDAY        0                         1     -1        0
  MONTH TO DATE    6                        38    -32        6
  SINCE JUN 1    113                       195    -82       98
  SINCE JUL 1      6                        38    -32        6

 COOLING
  YESTERDAY       10                         4      6        1
  MONTH TO DATE  174                        89     85      141
  SINCE JUN 1    180                       108     72      189
  SINCE JAN 1    183                       113     70      194
..................................................................


WIND (MPH)
  HIGHEST WIND SPEED    17   HIGHEST WIND DIRECTION     N (350)
  HIGHEST GUST SPEED    22   HIGHEST GUST DIRECTION     N (340)
  AVERAGE WIND SPEED     6.6


SKY COVER
  POSSIBLE SUNSHINE  MM
  AVERAGE SKY COVER 0.2


WEATHER CONDITIONS
 THE FOLLOWING WEATHER WAS RECORDED YESTERDAY.
  HAZE


RELATIVE HUMIDITY (PERCENT)
 HIGHEST    86           300 AM
 LOWEST     23           400 PM
 AVERAGE    55

..........................................................


THE EUGENE OR CLIMATE NORMALS FOR TODAY
                         NORMAL    RECORD    YEAR
 MAXIMUM TEMPERATURE (F)   84        99      2003
                                             1992
 MINIMUM TEMPERATURE (F)   52        42      1956
                                             1917


SUNRISE AND SUNSET
JULY 30 2014..........SUNRISE   559 AM PDT   SUNSET   839 PM PDT
JULY 31 2014..........SUNRISE   600 AM PDT   SUNSET   838 PM PDT


-  INDICATES NEGATIVE NUMBERS.
R  INDICATES RECORD WAS SET OR TIED.
MM INDICATES DATA IS MISSING.
T  INDICATES TRACE AMOUNT.




$$
