000
CDUS46 KPQR 020221
CLIEUG


CLIMATE REPORT
NATIONAL WEATHER SERVICE PORTLAND OREGON
720 PM PDT WED JUL 1 2015


...................................

...THE EUGENE OR CLIMATE SUMMARY FOR JULY 1 2015...
VALID TODAY AS OF 0700 PM LOCAL TIME.

CLIMATE NORMAL PERIOD 1981 TO 2010
CLIMATE RECORD PERIOD 1892 TO 2015


WEATHER ITEM   OBSERVED TIME   RECORD YEAR NORMAL DEPARTURE LAST
                VALUE   (LST)  VALUE       VALUE  FROM      YEAR
                                                  NORMAL
..................................................................
TEMPERATURE (F)
 TODAY
  MAXIMUM         99R   500 PM  98    1967  78     21       96
                                      1942
  MINIMUM         59    428 AM  39    1973  50      9       52
  AVERAGE         79                        64     15       74

PRECIPITATION (IN)
  TODAY            0.00          0.96 1983   0.02  -0.02     0.00
  MONTH TO DATE    0.00                      0.02  -0.02     0.00
  SINCE OCT 1     29.41                     43.68 -14.27    26.63
  SINCE JAN 1     12.36                     24.88 -12.52    22.44

SNOWFALL (IN)
  TODAY            0.0
  MONTH TO DATE    0.0
  SINCE JUN 1      0.0
  SINCE JUL 1      0.0

DEGREE DAYS
 HEATING
  TODAY            0                         3     -3        0
  MONTH TO DATE    0                         3     -3        0
  SINCE JUN 1     41                       160   -119      107
  SINCE JUL 1      0                         3     -3        0

 COOLING
  TODAY           14                         2     12        9
  MONTH TO DATE   14                         2     12        9
  SINCE JUN 1    127                        21    106       15
  SINCE JAN 1    132                        26    106       18
..................................................................


WIND (MPH)
  HIGHEST WIND SPEED    18   HIGHEST WIND DIRECTION    NE (30)
  HIGHEST GUST SPEED    23   HIGHEST GUST DIRECTION     N (20)
  AVERAGE WIND SPEED    10.8


SKY COVER
  POSSIBLE SUNSHINE  MM
  AVERAGE SKY COVER 0.1


WEATHER CONDITIONS
 THE FOLLOWING WEATHER WAS RECORDED TODAY.
  NO SIGNIFICANT WEATHER WAS OBSERVED.


RELATIVE HUMIDITY (PERCENT)
 HIGHEST    72           400 AM
 LOWEST     17           500 PM
 AVERAGE    45

..........................................................


THE EUGENE OR CLIMATE NORMALS FOR TOMORROW
                         NORMAL    RECORD    YEAR
 MAXIMUM TEMPERATURE (F)   79        98      1942
 MINIMUM TEMPERATURE (F)   50        39      1954


SUNRISE AND SUNSET
JULY  1 2015..........SUNRISE   533 AM PDT   SUNSET   900 PM PDT
JULY  2 2015..........SUNRISE   534 AM PDT   SUNSET   900 PM PDT


-  INDICATES NEGATIVE NUMBERS.
R  INDICATES RECORD WAS SET OR TIED.
MM INDICATES DATA IS MISSING.
T  INDICATES TRACE AMOUNT.




$$
