000
CDUS46 KPQR 161152
CLIEUG


CLIMATE REPORT
NATIONAL WEATHER SERVICE PORTLAND OREGON
351 AM PST TUE JAN 16 2018


...................................

...THE EUGENE OR CLIMATE SUMMARY FOR JANUARY 15 2018...

CLIMATE NORMAL PERIOD 1981 TO 2010
CLIMATE RECORD PERIOD 1892 TO 2018


WEATHER ITEM   OBSERVED TIME   RECORD YEAR NORMAL DEPARTURE LAST
                VALUE   (LST)  VALUE       VALUE  FROM      YEAR
                                                  NORMAL
..................................................................
TEMPERATURE (F)
 YESTERDAY
  MAXIMUM         49   1020 PM  64    1958  47      2       35
  MINIMUM         31    706 AM  19    1997  34     -3       21
                                      1917
                                      1916
  AVERAGE         40                        41     -1       28

PRECIPITATION (IN)
  YESTERDAY        0.14          4.74 1974   0.22  -0.08     0.00
  MONTH TO DATE    2.02                      3.56  -1.54     3.00
  SINCE OCT 1     16.03                     22.36  -6.33    22.59
  SINCE JAN 1      2.02                      3.56  -1.54     3.00

SNOWFALL (IN)
  YESTERDAY        0.0
  MONTH TO DATE    0.0
  SINCE DEC 1      T
  SINCE JUL 1      T

DEGREE DAYS
 HEATING
  YESTERDAY       25                        24      1       37
  MONTH TO DATE  347                       373    -26      511
  SINCE DEC 1   1214                      1157     57     1382
  SINCE JUL 1   2343                      2330     13     2215

 COOLING
  YESTERDAY        0                         0      0        0
  MONTH TO DATE    0                         0      0        0
  SINCE DEC 1      0                         0      0        0
  SINCE JAN 1      0                         0      0        0
..................................................................


WIND (MPH)
  HIGHEST WIND SPEED    12   HIGHEST WIND DIRECTION     W (250)
  HIGHEST GUST SPEED    14   HIGHEST GUST DIRECTION    SW (240)
  AVERAGE WIND SPEED     2.4


SKY COVER
  POSSIBLE SUNSHINE  MM
  AVERAGE SKY COVER 1.0


WEATHER CONDITIONS
 THE FOLLOWING WEATHER WAS RECORDED YESTERDAY.
  LIGHT RAIN
  FOG
  FOG W/VISIBILITY <= 1/4 MILE


RELATIVE HUMIDITY (PERCENT)
 HIGHEST   100          1200 AM
 LOWEST     86           200 PM
 AVERAGE    93

..........................................................


THE EUGENE OR CLIMATE NORMALS FOR TODAY
                         NORMAL    RECORD    YEAR
 MAXIMUM TEMPERATURE (F)   47        64      1926
 MINIMUM TEMPERATURE (F)   34        18      1917
                                             1916


SUNRISE AND SUNSET
JANUARY 16 2018.......SUNRISE   744 AM PST   SUNSET   502 PM PST
JANUARY 17 2018.......SUNRISE   743 AM PST   SUNSET   503 PM PST


-  INDICATES NEGATIVE NUMBERS.
R  INDICATES RECORD WAS SET OR TIED.
MM INDICATES DATA IS MISSING.
T  INDICATES TRACE AMOUNT.




$$
