166
CDUS46 KPQR 261141
CLIEUG


CLIMATE REPORT
NATIONAL WEATHER SERVICE PORTLAND OREGON
440 AM PDT TUE SEP 26 2017


...................................

...THE EUGENE OR CLIMATE SUMMARY FOR SEPTEMBER 25 2017...

CLIMATE NORMAL PERIOD 1981 TO 2010
CLIMATE RECORD PERIOD 1892 TO 2017


WEATHER ITEM   OBSERVED TIME   RECORD YEAR NORMAL DEPARTURE LAST
                VALUE   (LST)  VALUE       VALUE  FROM      YEAR
                                                  NORMAL
..................................................................
TEMPERATURE (F)
 YESTERDAY
  MAXIMUM         73    337 PM  93    1991  74     -1       84
  MINIMUM         49    241 AM  31    1926  45      4       44
  AVERAGE         61                        60      1       64

PRECIPITATION (IN)
  YESTERDAY        0.00          0.85 1986   0.06  -0.06     0.00
  MONTH TO DATE    0.92                      1.01  -0.09     0.78
  SINCE OCT 1     46.12                     45.82   0.30    40.58
  SINCE JAN 1     26.53                     27.02  -0.49    21.74

SNOWFALL (IN)
  YESTERDAY        0.0
  MONTH TO DATE    0.0
  SINCE SEP 1      0.0
  SINCE JUL 1      0.0

DEGREE DAYS
 HEATING
  YESTERDAY        4                         6     -2        1
  MONTH TO DATE   91                        87      4       83
  SINCE SEP 1     91                        87      4       83
  SINCE JUL 1    107                       154    -47      106

 COOLING
  YESTERDAY        0                         0      0        0
  MONTH TO DATE   71                        30     41        6
  SINCE SEP 1     71                        30     41        6
  SINCE JAN 1    373                       238    135      319
..................................................................


WIND (MPH)
  HIGHEST WIND SPEED     8   HIGHEST WIND DIRECTION     E (70)
  HIGHEST GUST SPEED    11   HIGHEST GUST DIRECTION     S (200)
  AVERAGE WIND SPEED     3.3


SKY COVER
  POSSIBLE SUNSHINE  MM
  AVERAGE SKY COVER 0.6


WEATHER CONDITIONS
 THE FOLLOWING WEATHER WAS RECORDED YESTERDAY.
  NO SIGNIFICANT WEATHER WAS OBSERVED.


RELATIVE HUMIDITY (PERCENT)
 HIGHEST   100           200 AM
 LOWEST     47           300 PM
 AVERAGE    74

..........................................................


THE EUGENE OR CLIMATE NORMALS FOR TODAY
                         NORMAL    RECORD    YEAR
 MAXIMUM TEMPERATURE (F)   74        93      1949
 MINIMUM TEMPERATURE (F)   45        31      1926


SUNRISE AND SUNSET
SEPTEMBER 26 2017.....SUNRISE   705 AM PDT   SUNSET   702 PM PDT
SEPTEMBER 27 2017.....SUNRISE   706 AM PDT   SUNSET   700 PM PDT


-  INDICATES NEGATIVE NUMBERS.
R  INDICATES RECORD WAS SET OR TIED.
MM INDICATES DATA IS MISSING.
T  INDICATES TRACE AMOUNT.




$$
