000
CDUS46 KPQR 230221
CLIEUG


CLIMATE REPORT
NATIONAL WEATHER SERVICE PORTLAND OREGON
721 PM PDT WED OCT 22 2014


...................................

...THE EUGENE OR CLIMATE SUMMARY FOR OCTOBER 22 2014...
VALID TODAY AS OF 0700 PM LOCAL TIME.

CLIMATE NORMAL PERIOD 1981 TO 2010
CLIMATE RECORD PERIOD 1892 TO 2014


WEATHER ITEM   OBSERVED TIME   RECORD YEAR NORMAL DEPARTURE LAST
                VALUE   (LST)  VALUE       VALUE  FROM      YEAR
                                                  NORMAL
..................................................................
TEMPERATURE (F)
 TODAY
  MAXIMUM         67   1254 PM  78    1937  61      6       69
  MINIMUM         55   1201 AM  25    1980  40     15       39
  AVERAGE         61                        51     10       54

PRECIPITATION (IN)
  TODAY            0.99          1.74 1931   0.13   0.86     0.00
  MONTH TO DATE    2.46                      1.86   0.60     0.50
  SINCE OCT 1      2.46                      1.86   0.60     0.50
  SINCE JAN 1     26.71                     29.16  -2.45    17.50

SNOWFALL (IN)
  TODAY            0.0
  MONTH TO DATE    0.0
  SINCE SEP 1      0.0
  SINCE JUL 1      0.0

DEGREE DAYS
 HEATING
  TODAY            4                        14    -10       11
  MONTH TO DATE   91                       243   -152      304
  SINCE SEP 1    125                       364   -239      402
  SINCE JUL 1    132                       431   -299      420

 COOLING
  TODAY            0                         0      0        0
  MONTH TO DATE    8                         0      8        0
  SINCE SEP 1     67                        30     37       63
  SINCE JAN 1    475                       238    237      411
..................................................................


WIND (MPH)
  HIGHEST WIND SPEED    28   HIGHEST WIND DIRECTION     S (190)
  HIGHEST GUST SPEED    36   HIGHEST GUST DIRECTION    SW (210)
  AVERAGE WIND SPEED    12.8


SKY COVER
  POSSIBLE SUNSHINE  MM
  AVERAGE SKY COVER 0.9


WEATHER CONDITIONS
 THE FOLLOWING WEATHER WAS RECORDED TODAY.
  HEAVY RAIN
  RAIN
  LIGHT RAIN
  FOG


RELATIVE HUMIDITY (PERCENT)
 HIGHEST   100           500 PM
 LOWEST     58          1200 PM
 AVERAGE    79

..........................................................


THE EUGENE OR CLIMATE NORMALS FOR TOMORROW
                         NORMAL    RECORD    YEAR
 MAXIMUM TEMPERATURE (F)   61        78      1992
 MINIMUM TEMPERATURE (F)   40        28      2000
                                             1935


SUNRISE AND SUNSET
OCTOBER 22 2014.......SUNRISE   737 AM PDT   SUNSET   617 PM PDT
OCTOBER 23 2014.......SUNRISE   738 AM PDT   SUNSET   616 PM PDT


-  INDICATES NEGATIVE NUMBERS.
R  INDICATES RECORD WAS SET OR TIED.
MM INDICATES DATA IS MISSING.
T  INDICATES TRACE AMOUNT.




$$
