932
CDUS46 KPQR 041143
CLIEUG


CLIMATE REPORT
NATIONAL WEATHER SERVICE PORTLAND OREGON
441 AM PDT WED MAY 4 2016


...................................

...THE EUGENE OR CLIMATE SUMMARY FOR MAY 3 2016...

CLIMATE NORMAL PERIOD 1981 TO 2010
CLIMATE RECORD PERIOD 1892 TO 2016


WEATHER ITEM   OBSERVED TIME   RECORD YEAR NORMAL DEPARTURE LAST
                VALUE   (LST)  VALUE       VALUE  FROM      YEAR
                                                  NORMAL
..................................................................
TEMPERATURE (F)
 YESTERDAY
  MAXIMUM         71    317 PM  83    1944  64      7       72
  MINIMUM         48    450 AM  31    1964  42      6       36
  AVERAGE         60                        53      7       54

PRECIPITATION (IN)
  YESTERDAY        T             0.86 1993   0.09  -0.09     0.00
  MONTH TO DATE    T                         0.27  -0.27     0.00
  SINCE OCT 1     37.47                     39.69  -2.22    28.24
  SINCE JAN 1     18.63                     20.89  -2.26    11.19

SNOWFALL (IN)
  YESTERDAY        0.0
  MONTH TO DATE    0.0
  SINCE MAR 1      0.0
  SINCE JUL 1      0.0

DEGREE DAYS
 HEATING
  YESTERDAY        5                        12     -7       11
  MONTH TO DATE   11                        36    -25       31
  SINCE MAR 1    791                      1051   -260      914
  SINCE JUL 1   3596                      4378   -782     3476

 COOLING
  YESTERDAY        0                         0      0        0
  MONTH TO DATE    1                         0      1        0
  SINCE MAR 1      1                         0      1        0
  SINCE JAN 1      1                         0      1        0
..................................................................


WIND (MPH)
  HIGHEST WIND SPEED    14   HIGHEST WIND DIRECTION    SW (240)
  HIGHEST GUST SPEED    17   HIGHEST GUST DIRECTION    SW (240)
  AVERAGE WIND SPEED     3.9


SKY COVER
  POSSIBLE SUNSHINE  MM
  AVERAGE SKY COVER 0.8


WEATHER CONDITIONS
 THE FOLLOWING WEATHER WAS RECORDED YESTERDAY.
  NO SIGNIFICANT WEATHER WAS OBSERVED.


RELATIVE HUMIDITY (PERCENT)
 HIGHEST    93           400 AM
 LOWEST     55           200 PM
 AVERAGE    74

..........................................................


THE EUGENE OR CLIMATE NORMALS FOR TODAY
                         NORMAL    RECORD    YEAR
 MAXIMUM TEMPERATURE (F)   65        83      2013
                                             1992
                                             1990
 MINIMUM TEMPERATURE (F)   42        31      1996


SUNRISE AND SUNSET
MAY  4 2016...........SUNRISE   559 AM PDT   SUNSET   821 PM PDT
MAY  5 2016...........SUNRISE   558 AM PDT   SUNSET   822 PM PDT


-  INDICATES NEGATIVE NUMBERS.
R  INDICATES RECORD WAS SET OR TIED.
MM INDICATES DATA IS MISSING.
T  INDICATES TRACE AMOUNT.




$$
