574
CDUS46 KPQR 080022
CLIEUG


CLIMATE REPORT
NATIONAL WEATHER SERVICE PORTLAND OREGON
421 PM PST SUN FEB 7 2016


...................................

...THE EUGENE OR CLIMATE SUMMARY FOR FEBRUARY 7 2016...
VALID TODAY AS OF 0400 PM LOCAL TIME.

CLIMATE NORMAL PERIOD 1981 TO 2010
CLIMATE RECORD PERIOD 1892 TO 2016


WEATHER ITEM   OBSERVED TIME   RECORD YEAR NORMAL DEPARTURE LAST
                VALUE   (LST)  VALUE       VALUE  FROM      YEAR
                                                  NORMAL
..................................................................
TEMPERATURE (F)
 TODAY
  MAXIMUM         48    359 PM  61    1958  50     -2       57
  MINIMUM         46   1020 AM   7    1989  35     11       47
  AVERAGE         47                        42      5       52

PRECIPITATION (IN)
  TODAY            0.00          3.69 1996   0.20  -0.20     0.69
  MONTH TO DATE    0.46                      1.36  -0.90     2.71
  SINCE OCT 1     26.62                     27.03  -0.41    22.14
  SINCE JAN 1      7.78                      8.23  -0.45     5.09

SNOWFALL (IN)
  TODAY            0.0
  MONTH TO DATE    0.0
  SINCE DEC 1      0.0
  SINCE JUL 1      0.0

DEGREE DAYS
 HEATING
  TODAY           18                        23     -5       13
  MONTH TO DATE  140                       161    -21       95
  SINCE DEC 1   1461                      1698   -237     1383
  SINCE JUL 1   2442                      2871   -429     2195

 COOLING
  TODAY            0                         0      0        0
  MONTH TO DATE    0                         0      0        0
  SINCE DEC 1      0                         0      0        0
  SINCE JAN 1      0                         0      0        0
..................................................................


WIND (MPH)
  HIGHEST WIND SPEED     9   HIGHEST WIND DIRECTION     N (350)
  HIGHEST GUST SPEED    11   HIGHEST GUST DIRECTION    NE (40)
  AVERAGE WIND SPEED     4.0


SKY COVER
  POSSIBLE SUNSHINE  MM
  AVERAGE SKY COVER 1.0


WEATHER CONDITIONS
 THE FOLLOWING WEATHER WAS RECORDED TODAY.
  FOG
  FOG W/VISIBILITY <= 1/4 MILE


RELATIVE HUMIDITY (PERCENT)
 HIGHEST    93          1200 AM
 LOWEST     86          1100 AM
 AVERAGE    90

..........................................................


THE EUGENE OR CLIMATE NORMALS FOR TOMORROW
                         NORMAL    RECORD    YEAR
 MAXIMUM TEMPERATURE (F)   50        67      1919
 MINIMUM TEMPERATURE (F)   35         8      1989


SUNRISE AND SUNSET
FEBRUARY  7 2016......SUNRISE   724 AM PST   SUNSET   531 PM PST
FEBRUARY  8 2016......SUNRISE   722 AM PST   SUNSET   532 PM PST


-  INDICATES NEGATIVE NUMBERS.
R  INDICATES RECORD WAS SET OR TIED.
MM INDICATES DATA IS MISSING.
T  INDICATES TRACE AMOUNT.




$$
