000
CDUS43 KPAH 210627
CLIEVV


CLIMATE REPORT
NATIONAL WEATHER SERVICE PADUCAH KY
1226 AM CST SAT JAN 21 2017

...................................

...THE EVANSVILLE IN CLIMATE SUMMARY FOR JANUARY 20 2017...

CLIMATE NORMAL PERIOD 1981 TO 2010
CLIMATE RECORD PERIOD 1896 TO 2017

WEATHER ITEM   OBSERVED TIME   RECORD YEAR NORMAL DEPARTURE LAST
                VALUE   (LST)  VALUE       VALUE  FROM      YEAR
                                                  NORMAL
..................................................................
TEMPERATURE (F)
 YESTERDAY
  MAXIMUM         62    217 PM  71    1906  41     21       30
  MINIMUM         50   1143 PM -16    1985  24     26       19
  AVERAGE         56                        32     24       25

PRECIPITATION (IN)
  YESTERDAY        0.07          2.50 1923   0.10  -0.03     0.23
  MONTH TO DATE    2.26                      1.96   0.30     1.78
  SINCE DEC 1      6.18                      5.72   0.46     6.98
  SINCE JAN 1      2.26                      1.96   0.30     1.78

SNOWFALL (IN)
  YESTERDAY        0.0           3.3  2016   0.1   -0.1      3.3
  MONTH TO DATE    0.4                       2.1   -1.7      5.8
  SINCE DEC 1      0.4                       5.3   -4.9      5.8
  SINCE JUL 1      0.4                       5.6   -5.2      5.8
  SNOW DEPTH       0

DEGREE DAYS
 HEATING
  YESTERDAY        9                        33    -24       40
  MONTH TO DATE  520                       655   -135      657
  SINCE DEC 1   1420                      1566   -146     1186
  SINCE JUL 1   1950                      2427   -477     1795

 COOLING
  YESTERDAY        0                         0      0        0
  MONTH TO DATE    0                         0      0        0
  SINCE DEC 1      0                         0      0        3
  SINCE JAN 1      0                         0      0        0
..................................................................

WIND (MPH)
  HIGHEST WIND SPEED    18   HIGHEST WIND DIRECTION    SW (230)
  HIGHEST GUST SPEED    22   HIGHEST GUST DIRECTION     S (200)
  AVERAGE WIND SPEED     9.0

SKY COVER
  AVERAGE SKY COVER 0.7

WEATHER CONDITIONS
 THE FOLLOWING WEATHER WAS RECORDED YESTERDAY.
  RAIN
  LIGHT RAIN
  FOG

RELATIVE HUMIDITY (PERCENT)
 HIGHEST   100
 LOWEST     67
 AVERAGE    84
..........................................................

THE EVANSVILLE IN CLIMATE NORMALS FOR TODAY
                         NORMAL    RECORD    YEAR
 MAXIMUM TEMPERATURE (F)   41        71      1986
 MINIMUM TEMPERATURE (F)   24       -15      1984

SUNRISE AND SUNSET
JANUARY 21 2017.......SUNRISE   702 AM CST   SUNSET   501 PM CST
JANUARY 22 2017.......SUNRISE   702 AM CST   SUNSET   502 PM CST

-  INDICATES NEGATIVE NUMBERS.
R  INDICATES RECORD WAS SET OR TIED.
MM INDICATES DATA IS MISSING.
T  INDICATES TRACE AMOUNT.

$$
