000
CDUS43 KPAH 210627
CLIEVV


CLIMATE REPORT
NATIONAL WEATHER SERVICE PADUCAH KY
1226 AM CST TUE NOV 21 2017


...................................

...THE EVANSVILLE IN CLIMATE SUMMARY FOR NOVEMBER 20 2017...

CLIMATE NORMAL PERIOD 1981 TO 2010
CLIMATE RECORD PERIOD 1896 TO 2017


WEATHER ITEM   OBSERVED TIME   RECORD YEAR NORMAL DEPARTURE LAST
                VALUE   (LST)  VALUE       VALUE  FROM      YEAR
                                                  NORMAL
..................................................................
TEMPERATURE (F)
 YESTERDAY
  MAXIMUM         51    351 PM  75    1913  54     -3       44
  MINIMUM         25    222 AM  12    1914  35    -10       25
  AVERAGE         38                        44     -6       35

PRECIPITATION (IN)
  YESTERDAY        0.00          2.27 1900   0.16  -0.16     0.00
  MONTH TO DATE    1.68                      2.82  -1.14     0.70
  SINCE SEP 1      8.63                      9.12  -0.49     5.20
  SINCE JAN 1     41.04                     40.04   1.00    43.66

SNOWFALL (IN)
  YESTERDAY        0.0           0.2  1964   0.0    0.0      0.0
  MONTH TO DATE    0.0                       0.0    0.0      0.0
  SINCE SEP 1      0.0                       0.2   -0.2      0.0
  SINCE JUL 1      0.0                       0.2   -0.2      0.0
  SNOW DEPTH       0

DEGREE DAYS
 HEATING
  YESTERDAY       27                        21      6       30
  MONTH TO DATE  347                       330     17      228
  SINCE SEP 1    581                       632    -51      336
  SINCE JUL 1    581                       633    -52      336

 COOLING
  YESTERDAY        0                         0      0        0
  MONTH TO DATE    2                         0      2       11
  SINCE SEP 1    277                       196     81      389
  SINCE JAN 1   1567                      1395    172     1775
..................................................................


WIND (MPH)
  HIGHEST WIND SPEED    15   HIGHEST WIND DIRECTION     S (200)
  HIGHEST GUST SPEED    19   HIGHEST GUST DIRECTION     S (180)
  AVERAGE WIND SPEED     6.7


SKY COVER
  AVERAGE SKY COVER 0.0


WEATHER CONDITIONS
 THE FOLLOWING WEATHER WAS RECORDED YESTERDAY.
  NO SIGNIFICANT WEATHER WAS OBSERVED.


RELATIVE HUMIDITY (PERCENT)
 HIGHEST    92
 LOWEST     38
 AVERAGE    65

..........................................................


THE EVANSVILLE IN CLIMATE NORMALS FOR TODAY
                         NORMAL    RECORD    YEAR
 MAXIMUM TEMPERATURE (F)   54        74      1990
                                             1934
 MINIMUM TEMPERATURE (F)   35        13      1964


SUNRISE AND SUNSET
NOVEMBER 21 2017......SUNRISE   638 AM CST   SUNSET   434 PM CST
NOVEMBER 22 2017......SUNRISE   639 AM CST   SUNSET   434 PM CST


-  INDICATES NEGATIVE NUMBERS.
R  INDICATES RECORD WAS SET OR TIED.
MM INDICATES DATA IS MISSING.
T  INDICATES TRACE AMOUNT.




$$
