000
CDUS45 KSLC 161226
CLIEVW


CLIMATE REPORT
NATIONAL WEATHER SERVICE SALT LAKE CITY UT
625 AM MDT WED APR 16 2014


...................................

...THE EVANSTON WY CLIMATE SUMMARY FOR APRIL 15 2014...

CLIMATE NORMAL PERIOD 1981 TO 2010
CLIMATE RECORD PERIOD 9999 TO 9999


WEATHER ITEM   OBSERVED TIME   RECORD YEAR NORMAL DEPARTURE LAST
                VALUE   (LST)  VALUE       VALUE  FROM      YEAR
                                                  NORMAL
..................................................................
TEMPERATURE (F)
 YESTERDAY
  MAXIMUM         57    325 PM  MM      MM  49      8       38
  MINIMUM         29    345 AM  MM      MM  29      0       22
  AVERAGE         43                        39      4       30

PRECIPITATION (IN)
  YESTERDAY        0.00         MM      MM   0.04  -0.04     0.19
  MONTH TO DATE    0.18                      0.54  -0.36     0.89
  SINCE OCT 1      1.49                      5.34  -3.85     4.00
  SINCE JAN 1      0.29                      2.55  -2.26     1.77

DEGREE DAYS
 HEATING
  YESTERDAY       22                        26     -4       35
  MONTH TO DATE  399                       417    -18      440
  SINCE MAR 1   1351                      1477   -126     1436
  SINCE JUL 1   7001                      7485   -484     7031

 COOLING
  YESTERDAY        0                         0      0        0
  MONTH TO DATE    0                         0      0        0
  SINCE MAR 1      0                         0      0        0
  SINCE JAN 1      0                         0      0        0
..................................................................


WIND (MPH)
  RESULTANT WIND SPEED  14   RESULTANT WIND DIRECTION   W (250)
  HIGHEST WIND SPEED    44   HIGHEST WIND DIRECTION     W (260)
  HIGHEST GUST SPEED    53   HIGHEST GUST DIRECTION     W (250)
  AVERAGE WIND SPEED    17.7


SKY COVER
  POSSIBLE SUNSHINE  MM
  AVERAGE SKY COVER 0.2


WEATHER CONDITIONS
 THE FOLLOWING WEATHER WAS RECORDED YESTERDAY.
  NO SIGNIFICANT WEATHER WAS OBSERVED.


RELATIVE HUMIDITY (PERCENT)
 HIGHEST    53           700 PM
 LOWEST     15           100 PM
 AVERAGE    34

..........................................................


THE EVANSTON WY CLIMATE NORMALS FOR TODAY
                         NORMAL    RECORD    YEAR
 MAXIMUM TEMPERATURE (F)   50        MM        MM
 MINIMUM TEMPERATURE (F)   29        MM        MM


SUNRISE AND SUNSET
APRIL 16 2014.........SUNRISE   643 AM MDT   SUNSET   805 PM MDT
APRIL 17 2014.........SUNRISE   641 AM MDT   SUNSET   807 PM MDT


-  INDICATES NEGATIVE NUMBERS.
R  INDICATES RECORD WAS SET OR TIED.
MM INDICATES DATA IS MISSING.
T  INDICATES TRACE AMOUNT.




$$
