000
CDUS45 KSLC 221240
CLIEVW


CLIMATE REPORT
NATIONAL WEATHER SERVICE SALT LAKE CITY UT
537 AM MST MON DEC 22 2014


...................................

...THE EVANSTON WY CLIMATE SUMMARY FOR DECEMBER 21 2014...

CLIMATE NORMAL PERIOD 1981 TO 2010
CLIMATE RECORD PERIOD 9999 TO 9999


WEATHER ITEM   OBSERVED TIME   RECORD YEAR NORMAL DEPARTURE LAST
                VALUE   (LST)  VALUE       VALUE  FROM      YEAR
                                                  NORMAL
..................................................................
TEMPERATURE (F)
 YESTERDAY
  MAXIMUM         36    747 PM  MM      MM  27      9       24
  MINIMUM         30   1254 AM  MM      MM  13     17       15
  AVERAGE         33                        20     13       20

PRECIPITATION (IN)
  YESTERDAY        0.10         MM      MM   0.01   0.09      T
  MONTH TO DATE    0.11                      0.41  -0.30     0.05
  SINCE OCT 1      0.81                      2.62  -1.81     1.19
  SINCE JAN 1      9.94                     11.96  -2.02     5.25

DEGREE DAYS
 HEATING
  YESTERDAY       32                        45    -13       45
  MONTH TO DATE  646                       925   -279     1008
  SINCE DEC 1    646                       925   -279     1008
  SINCE JUL 1   2442                      3034   -592     2903

 COOLING
  YESTERDAY        0                         0      0        0
  MONTH TO DATE    0                         0      0        0
  SINCE DEC 1      0                         0      0        0
  SINCE JAN 1    219                       162     57      348
..................................................................


WIND (MPH)
  RESULTANT WIND SPEED  17   RESULTANT WIND DIRECTION  SW (230)
  HIGHEST WIND SPEED    31   HIGHEST WIND DIRECTION     W (290)
  HIGHEST GUST SPEED    41   HIGHEST GUST DIRECTION    NW (300)
  AVERAGE WIND SPEED    18.9


SKY COVER
  POSSIBLE SUNSHINE  MM
  AVERAGE SKY COVER 1.0


WEATHER CONDITIONS
 THE FOLLOWING WEATHER WAS RECORDED YESTERDAY.
  LIGHT RAIN
  SNOW
  LIGHT SNOW
  FOG
  FOG W/VISIBILITY <= 1/4 MILE


RELATIVE HUMIDITY (PERCENT)
 HIGHEST   100           500 AM
 LOWEST     82          1000 PM
 AVERAGE    91

..........................................................


THE EVANSTON WY CLIMATE NORMALS FOR TODAY
                         NORMAL    RECORD    YEAR
 MAXIMUM TEMPERATURE (F)   27        MM        MM
 MINIMUM TEMPERATURE (F)   13        MM        MM


SUNRISE AND SUNSET
DECEMBER 22 2014......SUNRISE   747 AM MST   SUNSET   459 PM MST
DECEMBER 23 2014......SUNRISE   747 AM MST   SUNSET   459 PM MST


-  INDICATES NEGATIVE NUMBERS.
R  INDICATES RECORD WAS SET OR TIED.
MM INDICATES DATA IS MISSING.
T  INDICATES TRACE AMOUNT.




$$
