000
CDUS45 KSLC 201228
CLIEVW


CLIMATE REPORT
NATIONAL WEATHER SERVICE SALT LAKE CITY UT
628 AM MDT WED AUG 20 2014


...................................

...THE EVANSTON WY CLIMATE SUMMARY FOR AUGUST 19 2014...

CLIMATE NORMAL PERIOD 1981 TO 2010
CLIMATE RECORD PERIOD 9999 TO 9999


WEATHER ITEM   OBSERVED TIME   RECORD YEAR NORMAL DEPARTURE LAST
                VALUE   (LST)  VALUE       VALUE  FROM      YEAR
                                                  NORMAL
..................................................................
TEMPERATURE (F)
 YESTERDAY
  MAXIMUM         65    124 AM  MM      MM  79    -14       87
  MINIMUM         52   1032 PM  MM      MM  50      2       57
  AVERAGE         59                        64     -5       72

PRECIPITATION (IN)
  YESTERDAY        0.28         MM      MM   0.03   0.25      T
  MONTH TO DATE    0.76                      0.60   0.16     0.08
  SINCE OCT 1      5.32                     10.46  -5.14     4.52
  SINCE JAN 1      4.12                      7.67  -3.55     2.29

DEGREE DAYS
 HEATING
  YESTERDAY        6                         2      4        0
  MONTH TO DATE   16                        26    -10        1
  SINCE JUN 1    258                       292    -34      138
  SINCE JUL 1     35                        62    -27        5

 COOLING
  YESTERDAY        0                         2     -2        7
  MONTH TO DATE   39                        49    -10       74
  SINCE JUN 1    201                       144     57      294
  SINCE JAN 1    206                       145     61      294
..................................................................


WIND (MPH)
  RESULTANT WIND SPEED   5   RESULTANT WIND DIRECTION  SW (220)
  HIGHEST WIND SPEED    15   HIGHEST WIND DIRECTION     W (260)
  HIGHEST GUST SPEED    22   HIGHEST GUST DIRECTION    SW (220)
  AVERAGE WIND SPEED     7.9


SKY COVER
  POSSIBLE SUNSHINE  MM
  AVERAGE SKY COVER 0.6


WEATHER CONDITIONS
 THE FOLLOWING WEATHER WAS RECORDED YESTERDAY.
  LIGHT RAIN
  FOG


RELATIVE HUMIDITY (PERCENT)
 HIGHEST    93          1200 PM
 LOWEST     30          1200 AM
 AVERAGE    62

..........................................................


THE EVANSTON WY CLIMATE NORMALS FOR TODAY
                         NORMAL    RECORD    YEAR
 MAXIMUM TEMPERATURE (F)   78        MM        MM
 MINIMUM TEMPERATURE (F)   50        MM        MM


SUNRISE AND SUNSET
AUGUST 20 2014........SUNRISE   638 AM MDT   SUNSET   816 PM MDT
AUGUST 21 2014........SUNRISE   640 AM MDT   SUNSET   814 PM MDT


-  INDICATES NEGATIVE NUMBERS.
R  INDICATES RECORD WAS SET OR TIED.
MM INDICATES DATA IS MISSING.
T  INDICATES TRACE AMOUNT.




$$
