000
CDUS42 KMHX 210626
CLIEWN


CLIMATE REPORT
NATIONAL WEATHER SERVICE NEWPORT/MOREHEAD CITY NC
125 AM EST TUE FEB 21 2017


...................................

...THE NEW BERN NC CLIMATE SUMMARY FOR FEBRUARY 20 2017...

CLIMATE NORMAL PERIOD 1981 TO 2010
CLIMATE RECORD PERIOD 1948 TO 2017


WEATHER ITEM   OBSERVED TIME   RECORD YEAR NORMAL DEPARTURE LAST
                VALUE   (LST)  VALUE       VALUE  FROM      YEAR
                                                  NORMAL
..................................................................
TEMPERATURE (F)
 YESTERDAY
  MAXIMUM         71    252 PM  81    1991  59     12       72
  MINIMUM         44    343 AM  11    2015  37      7       35
  AVERAGE         58                        48     10       54

PRECIPITATION (IN)
  YESTERDAY        0.00          0.91 1956   0.14  -0.14     0.00
  MONTH TO DATE    1.97                      2.56  -0.59     6.79
  SINCE DEC 1      9.72                      9.98  -0.26    16.92
  SINCE JAN 1      6.22                      6.58  -0.36    10.50

SNOWFALL (IN)
  YESTERDAY        0.0
  MONTH TO DATE    0.0
  SINCE NOV 1      T
  SINCE JUL 1      T
  SNOW DEPTH       0

DEGREE DAYS
 HEATING
  YESTERDAY        7                        17    -10       11
  MONTH TO DATE  262                       375   -113      416
  SINCE DEC 1   1290                      1588   -298     1310
  SINCE JUL 1   1685                      2015   -330     1593

 COOLING
  YESTERDAY        0                         0      0        0
  MONTH TO DATE    6                         0      6        0
  SINCE DEC 1      6                         4      2       49
  SINCE JAN 1      6                         1      5        0
..................................................................


WIND (MPH)
  HIGHEST WIND SPEED    14   HIGHEST WIND DIRECTION    NE (50)
  HIGHEST GUST SPEED    17   HIGHEST GUST DIRECTION    NE (60)
  AVERAGE WIND SPEED     5.3


SKY COVER
  POSSIBLE SUNSHINE  MM
  AVERAGE SKY COVER 0.0


WEATHER CONDITIONS
 THE FOLLOWING WEATHER WAS RECORDED YESTERDAY.
  FOG


RELATIVE HUMIDITY (PERCENT)
 HIGHEST    93           200 AM
 LOWEST     33           400 PM
 AVERAGE    63

..........................................................


THE NEW BERN NC CLIMATE NORMALS FOR TODAY
                         NORMAL    RECORD    YEAR
 MAXIMUM TEMPERATURE (F)   59        79      2011
                                             1953
 MINIMUM TEMPERATURE (F)   37        14      2015


SUNRISE AND SUNSET
FEBRUARY 21 2017......SUNRISE   647 AM EST   SUNSET   557 PM EST
FEBRUARY 22 2017......SUNRISE   646 AM EST   SUNSET   558 PM EST


-  INDICATES NEGATIVE NUMBERS.
R  INDICATES RECORD WAS SET OR TIED.
MM INDICATES DATA IS MISSING.
T  INDICATES TRACE AMOUNT.




$$
