000
CDUS42 KMHX 142129
CLIEWN


CLIMATE REPORT
NATIONAL WEATHER SERVICE NEWPORT/MOREHEAD CITY NC
528 PM EDT SUN SEP 14 2014


...................................

...THE NEW BERN NC CLIMATE SUMMARY FOR SEPTEMBER 14 2014...
VALID TODAY AS OF 0500 PM LOCAL TIME.

CLIMATE NORMAL PERIOD 1981 TO 2010
CLIMATE RECORD PERIOD 1948 TO 2014


WEATHER ITEM   OBSERVED TIME   RECORD YEAR NORMAL DEPARTURE LAST
                VALUE   (LST)  VALUE       VALUE  FROM      YEAR
                                                  NORMAL
..................................................................
TEMPERATURE (F)
 TODAY
  MAXIMUM         77   1234 PM  94    1988  83     -6       80
  MINIMUM         68    520 AM  50    1985  66      2       65
  AVERAGE         73                        75     -2       73

PRECIPITATION (IN)
  TODAY            T             3.70 2005   0.21  -0.21     0.00
  MONTH TO DATE    6.09                      2.84   3.25     1.73
  SINCE SEP 1      6.09                      2.84   3.25     1.73
  SINCE JAN 1     43.10                     39.64   3.46    31.10

SNOWFALL (IN)
  TODAY            0.0
  MONTH TO DATE    0.0
  SINCE NOV 1     14.0
  SINCE JUL 1      0.0
  SNOW DEPTH       0

DEGREE DAYS
 HEATING
  TODAY            0                         0      0        0
  MONTH TO DATE    0                         0      0        0
  SINCE SEP 1      0                         0      0        0
  SINCE JUL 1      0                         0      0        0

 COOLING
  TODAY            8                        10     -2        8
  MONTH TO DATE  230                       155     75      190
  SINCE SEP 1    230                       155     75      190
  SINCE JAN 1   1941                      1684    257     1807
..................................................................


WIND (MPH)
  HIGHEST WIND SPEED    17   HIGHEST WIND DIRECTION     N (20)
  HIGHEST GUST SPEED    22   HIGHEST GUST DIRECTION     N (10)
  AVERAGE WIND SPEED     9.6


SKY COVER
  POSSIBLE SUNSHINE  MM
  AVERAGE SKY COVER 1.0


WEATHER CONDITIONS
 THE FOLLOWING WEATHER WAS RECORDED TODAY.
  FOG


RELATIVE HUMIDITY (PERCENT)
 HIGHEST    87          1200 AM
 LOWEST     68           900 AM
 AVERAGE    78

..........................................................


THE NEW BERN NC CLIMATE NORMALS FOR TOMORROW
                         NORMAL    RECORD    YEAR
 MAXIMUM TEMPERATURE (F)   83        93      1994
 MINIMUM TEMPERATURE (F)   65        52      1964


SUNRISE AND SUNSET
SEPTEMBER 14 2014.....SUNRISE   650 AM EDT   SUNSET   717 PM EDT
SEPTEMBER 15 2014.....SUNRISE   651 AM EDT   SUNSET   715 PM EDT


-  INDICATES NEGATIVE NUMBERS.
R  INDICATES RECORD WAS SET OR TIED.
MM INDICATES DATA IS MISSING.
T  INDICATES TRACE AMOUNT.




$$
