000
CDUS42 KMHX 232233
CLIEWN


CLIMATE REPORT
NATIONAL WEATHER SERVICE NEWPORT/MOREHEAD CITY NC
532 PM EST MON JAN 23 2017


...................................

...THE NEW BERN NC CLIMATE SUMMARY FOR JANUARY 23 2017...
VALID TODAY AS OF 0500 PM LOCAL TIME.

CLIMATE NORMAL PERIOD 1981 TO 2010
CLIMATE RECORD PERIOD 1948 TO 2017


WEATHER ITEM   OBSERVED TIME   RECORD YEAR NORMAL DEPARTURE LAST
                VALUE   (LST)  VALUE       VALUE  FROM      YEAR
                                                  NORMAL
..................................................................
TEMPERATURE (F)
 TODAY
  MAXIMUM         68    145 PM  77    1974  55     13       43
  MINIMUM         54    442 AM  13    1985  34     20       28
  AVERAGE         61                        44     17       36

PRECIPITATION (IN)
  TODAY            0.65          1.22 2002   0.12   0.53      T
  MONTH TO DATE    3.78                      2.99   0.79     3.59
  SINCE DEC 1      7.28                      6.39   0.89    10.01
  SINCE JAN 1      3.78                      2.99   0.79     3.59

SNOWFALL (IN)
  TODAY            0.0
  MONTH TO DATE    T
  SINCE NOV 1      T
  SINCE JUL 1      T
  SNOW DEPTH       0

DEGREE DAYS
 HEATING
  TODAY            4                        21    -17       29
  MONTH TO DATE  347                       483   -136      536
  SINCE DEC 1    885                      1050   -165      740
  SINCE JUL 1   1280                      1477   -197     1023

 COOLING
  TODAY            0                         0      0        0
  MONTH TO DATE    0                         0      0        0
  SINCE DEC 1      0                         3     -3       49
  SINCE JAN 1      0                         0      0        0
..................................................................


WIND (MPH)
  HIGHEST WIND SPEED    16   HIGHEST WIND DIRECTION     E (80)
  HIGHEST GUST SPEED    21   HIGHEST GUST DIRECTION     E (100)
  AVERAGE WIND SPEED     6.3


SKY COVER
  POSSIBLE SUNSHINE  MM
  AVERAGE SKY COVER 0.6


WEATHER CONDITIONS
 THE FOLLOWING WEATHER WAS RECORDED TODAY.
  THUNDERSTORM
  HEAVY RAIN
  RAIN
  LIGHT RAIN
  FOG


RELATIVE HUMIDITY (PERCENT)
 HIGHEST   100           300 AM
 LOWEST     52           100 PM
 AVERAGE    76

..........................................................


THE NEW BERN NC CLIMATE NORMALS FOR TOMORROW
                         NORMAL    RECORD    YEAR
 MAXIMUM TEMPERATURE (F)   55        76      2002
                                             1950
 MINIMUM TEMPERATURE (F)   34        12      2014


SUNRISE AND SUNSET
JANUARY 23 2017.......SUNRISE   713 AM EST   SUNSET   528 PM EST
JANUARY 24 2017.......SUNRISE   712 AM EST   SUNSET   529 PM EST


-  INDICATES NEGATIVE NUMBERS.
R  INDICATES RECORD WAS SET OR TIED.
MM INDICATES DATA IS MISSING.
T  INDICATES TRACE AMOUNT.




$$
