247
CDUS42 KMHX 121738
CLIEWN


CLIMATE REPORT
NATIONAL WEATHER SERVICE NEWPORT/MOREHEAD CITY NC
1237 PM EST FRI FEB 12 2016


...................................

...THE NEW BERN NC CLIMATE SUMMARY FOR JANUARY 19 2016 CORRECTION...

CLIMATE NORMAL PERIOD 1981 TO 2010
CLIMATE RECORD PERIOD 1948 TO 2016


WEATHER ITEM   OBSERVED TIME   RECORD YEAR NORMAL DEPARTURE LAST
                VALUE   (LST)  VALUE       VALUE  FROM      YEAR
                                                  NORMAL
..................................................................
TEMPERATURE (F)
 YESTERDAY
  MAXIMUM         33*        MM  86    2016  54    -21       63
  MINIMUM         20*    737 AM   9    1994  34    -14       39
  AVERAGE         27                        44    -17       51

PRECIPITATION (IN)
  YESTERDAY        0.00          2.09 1978   0.12  -0.12     0.00
  MONTH TO DATE    1.62                      2.50  -0.88     2.82
  SINCE DEC 1      8.04                      5.90   2.14     6.97
  SINCE JAN 1      1.62                      2.50  -0.88     2.82

SNOWFALL (IN)
  YESTERDAY        0.0
  MONTH TO DATE    0.0
  SINCE NOV 1      0.0
  SINCE JUL 1      0.0
  SNOW DEPTH       0

DEGREE DAYS
 HEATING
  YESTERDAY       38                        21     17       14
  MONTH TO DATE  414                       399     15      372
  SINCE DEC 1    618                       966   -348      844
  SINCE JUL 1    901                      1393   -492     1289

 COOLING
  YESTERDAY        0                         0      0        0
  MONTH TO DATE    0                         0      0        7
  SINCE DEC 1     49                         3     46        7
  SINCE JAN 1      0                         0      0        7
..................................................................


WIND (MPH)
  HIGHEST WIND SPEED    17   HIGHEST WIND DIRECTION     N (340)
  HIGHEST GUST SPEED    23   HIGHEST GUST DIRECTION    NW (330)
  AVERAGE WIND SPEED     9.4


SKY COVER
  POSSIBLE SUNSHINE  MM
  AVERAGE SKY COVER 0.0


WEATHER CONDITIONS
 THE FOLLOWING WEATHER WAS RECORDED YESTERDAY.
  NO SIGNIFICANT WEATHER WAS OBSERVED.


RELATIVE HUMIDITY (PERCENT)
 HIGHEST    56           700 AM
 LOWEST     32           500 PM
 AVERAGE    44

..........................................................


THE NEW BERN NC CLIMATE NORMALS FOR TODAY
                         NORMAL    RECORD    YEAR
 MAXIMUM TEMPERATURE (F)   55        77      1988
 MINIMUM TEMPERATURE (F)   34         7      1985


SUNRISE AND SUNSET
JANUARY 20 2016.......SUNRISE   714 AM EST   SUNSET   524 PM EST
JANUARY 21 2016.......SUNRISE   714 AM EST   SUNSET   525 PM EST


-  INDICATES NEGATIVE NUMBERS.
R  INDICATES RECORD WAS SET OR TIED.
MM INDICATES DATA IS MISSING.
T  INDICATES TRACE AMOUNT.


* NOTE: ASOS HAD COMMUNICATION PROBLEMS. MANUALLY EDITED CLIMATE BASED ON
        HOURLY METARS.

$$
