000
CDUS42 KMHX 270530
CLIEWN


CLIMATE REPORT
NATIONAL WEATHER SERVICE NEWPORT/MOREHEAD CITY NC
127 AM EDT TUE JUN 27 2017


...................................

...THE NEW BERN NC CLIMATE SUMMARY FOR JUNE 26 2017...

CLIMATE NORMAL PERIOD 1981 TO 2010
CLIMATE RECORD PERIOD 1948 TO 2017


WEATHER ITEM   OBSERVED TIME   RECORD YEAR NORMAL DEPARTURE LAST
                VALUE   (LST)  VALUE       VALUE  FROM      YEAR
                                                  NORMAL
..................................................................
TEMPERATURE (F)
 YESTERDAY
  MAXIMUM         84    343 PM 103    1952  89     -5       85
  MINIMUM         67   1158 PM  58    1979  70     -3       69
  AVERAGE         76                        79     -3       77

PRECIPITATION (IN)
  YESTERDAY        0.00          2.09 1951   0.16  -0.16     0.00
  MONTH TO DATE    5.57                      3.92   1.65     3.29
  SINCE JUN 1      5.57                      3.92   1.65     3.29
  SINCE JAN 1     25.08                     23.31   1.77    26.00

SNOWFALL (IN)
  YESTERDAY        0.0
  MONTH TO DATE    0.0
  SINCE NOV 1      T
  SINCE JUL 1      T
  SNOW DEPTH       0

DEGREE DAYS
 HEATING
  YESTERDAY        0                         0      0        0
  MONTH TO DATE    2                         0      2        0
  SINCE JUN 1      2                         0      2        0
  SINCE JUL 1   2236                      2701   -465     2112

 COOLING
  YESTERDAY       11                        14     -3       12
  MONTH TO DATE  324                       306     18      338
  SINCE JUN 1    324                       306     18      338
  SINCE JAN 1    696                       549    147      608
..................................................................


WIND (MPH)
  HIGHEST WIND SPEED    12   HIGHEST WIND DIRECTION    NE (30)
  HIGHEST GUST SPEED    17   HIGHEST GUST DIRECTION     E (80)
  AVERAGE WIND SPEED     4.5


SKY COVER
  POSSIBLE SUNSHINE  MM
  AVERAGE SKY COVER 0.2


WEATHER CONDITIONS
 THE FOLLOWING WEATHER WAS RECORDED YESTERDAY.
  HAZE


RELATIVE HUMIDITY (PERCENT)
 HIGHEST   100          1200 AM
 LOWEST     47           300 PM
 AVERAGE    74

..........................................................


THE NEW BERN NC CLIMATE NORMALS FOR TODAY
                         NORMAL    RECORD    YEAR
 MAXIMUM TEMPERATURE (F)   89       105      1952
 MINIMUM TEMPERATURE (F)   70        56      2012


SUNRISE AND SUNSET
JUNE 27 2017..........SUNRISE   556 AM EDT   SUNSET   826 PM EDT
JUNE 28 2017..........SUNRISE   557 AM EDT   SUNSET   826 PM EDT


-  INDICATES NEGATIVE NUMBERS.
R  INDICATES RECORD WAS SET OR TIED.
MM INDICATES DATA IS MISSING.
T  INDICATES TRACE AMOUNT.




$$
