865
CDUS42 KMHX 240525
CLIEWN


CLIMATE REPORT
NATIONAL WEATHER SERVICE NEWPORT/MOREHEAD CITY NC
125 AM EDT WED MAY 24 2017


...................................

...THE NEW BERN NC CLIMATE SUMMARY FOR MAY 23 2017...

CLIMATE NORMAL PERIOD 1981 TO 2010
CLIMATE RECORD PERIOD 1948 TO 2017


WEATHER ITEM   OBSERVED TIME   RECORD YEAR NORMAL DEPARTURE LAST
                VALUE   (LST)  VALUE       VALUE  FROM      YEAR
                                                  NORMAL
..................................................................
TEMPERATURE (F)
 YESTERDAY
  MAXIMUM         80    229 PM  97    1953  82     -2       66
  MINIMUM         67    348 AM  44    2002  61      6       53
  AVERAGE         74                        71      3       60

PRECIPITATION (IN)
  YESTERDAY        0.70          2.46 2003   0.14   0.56     0.18
  MONTH TO DATE    2.67                      2.98  -0.31     4.59
  SINCE MAR 1     11.07                     10.54   0.53     9.60
  SINCE JAN 1     17.29                     18.22  -0.93    20.62

SNOWFALL (IN)
  YESTERDAY        0.0
  MONTH TO DATE    0.0
  SINCE NOV 1      T
  SINCE JUL 1      T
  SNOW DEPTH       0

DEGREE DAYS
 HEATING
  YESTERDAY        0                         1     -1        5
  MONTH TO DATE   28                        32     -4       34
  SINCE MAR 1    494                       553    -59      424
  SINCE JUL 1   2234                      2699   -465     2112

 COOLING
  YESTERDAY        9                         7      2        0
  MONTH TO DATE  133                       110     23       97
  SINCE MAR 1    275                       177     98      198
  SINCE JAN 1    281                       180    101      198
..................................................................


WIND (MPH)
  HIGHEST WIND SPEED    21   HIGHEST WIND DIRECTION    SW (210)
  HIGHEST GUST SPEED    27   HIGHEST GUST DIRECTION     S (200)
  AVERAGE WIND SPEED     6.5


SKY COVER
  POSSIBLE SUNSHINE  MM
  AVERAGE SKY COVER 0.7


WEATHER CONDITIONS
 THE FOLLOWING WEATHER WAS RECORDED YESTERDAY.
  THUNDERSTORM
  HEAVY RAIN
  RAIN
  LIGHT RAIN
  FOG
  HAZE


RELATIVE HUMIDITY (PERCENT)
 HIGHEST   100          1200 AM
 LOWEST     93           500 PM
 AVERAGE    97

..........................................................


THE NEW BERN NC CLIMATE NORMALS FOR TODAY
                         NORMAL    RECORD    YEAR
 MAXIMUM TEMPERATURE (F)   82        96      2011
 MINIMUM TEMPERATURE (F)   61        48      2002
                                             1963


SUNRISE AND SUNSET
MAY 24 2017...........SUNRISE   559 AM EDT   SUNSET   812 PM EDT
MAY 25 2017...........SUNRISE   558 AM EDT   SUNSET   813 PM EDT


-  INDICATES NEGATIVE NUMBERS.
R  INDICATES RECORD WAS SET OR TIED.
MM INDICATES DATA IS MISSING.
T  INDICATES TRACE AMOUNT.




$$
