616
CDUS42 KMHX 040634
CLIEWN


CLIMATE REPORT
NATIONAL WEATHER SERVICE NEWPORT/MOREHEAD CITY NC
134 AM EST SUN DEC 4 2016


...................................

...THE NEW BERN NC CLIMATE SUMMARY FOR DECEMBER 3 2016...

CLIMATE NORMAL PERIOD 1981 TO 2010
CLIMATE RECORD PERIOD 1948 TO 2016


WEATHER ITEM   OBSERVED TIME   RECORD YEAR NORMAL DEPARTURE LAST
                VALUE   (LST)  VALUE       VALUE  FROM      YEAR
                                                  NORMAL
..................................................................
TEMPERATURE (F)
 YESTERDAY
  MAXIMUM         54    236 PM  80    1991  61     -7       63
  MINIMUM         38    656 AM  22    1960  39     -1       42
  AVERAGE         46                        50     -4       53

PRECIPITATION (IN)
  YESTERDAY        0.00          2.15 1983   0.11  -0.11     0.00
  MONTH TO DATE    0.12                      0.34  -0.22     0.56
  SINCE DEC 1      0.12                      0.34  -0.22     0.56
  SINCE JAN 1     61.93                     49.69  12.24    60.45

SNOWFALL (IN)
  YESTERDAY        0.0
  MONTH TO DATE    0.0
  SINCE NOV 1      0.0
  SINCE JUL 1      0.0
  SNOW DEPTH       0

DEGREE DAYS
 HEATING
  YESTERDAY       19                        15      4       12
  MONTH TO DATE   41                        45     -4       21
  SINCE DEC 1     41                        45     -4       21
  SINCE JUL 1    436                       472    -36      304

 COOLING
  YESTERDAY        0                         0      0        0
  MONTH TO DATE    0                         0      0        1
  SINCE DEC 1      0                         0      0        1
  SINCE JAN 1   2260                      1900    360     2167
..................................................................


WIND (MPH)
  HIGHEST WIND SPEED    15   HIGHEST WIND DIRECTION     N (360)
  HIGHEST GUST SPEED    20   HIGHEST GUST DIRECTION     N (350)
  AVERAGE WIND SPEED     5.6


SKY COVER
  POSSIBLE SUNSHINE  MM
  AVERAGE SKY COVER 0.0


WEATHER CONDITIONS
 THE FOLLOWING WEATHER WAS RECORDED YESTERDAY.
  NO SIGNIFICANT WEATHER WAS OBSERVED.


RELATIVE HUMIDITY (PERCENT)
 HIGHEST    82           900 PM
 LOWEST     41          1200 PM
 AVERAGE    62

..........................................................


THE NEW BERN NC CLIMATE NORMALS FOR TODAY
                         NORMAL    RECORD    YEAR
 MAXIMUM TEMPERATURE (F)   61        80      1978
 MINIMUM TEMPERATURE (F)   39        22      1966


SUNRISE AND SUNSET
DECEMBER  4 2016......SUNRISE   701 AM EST   SUNSET   456 PM EST
DECEMBER  5 2016......SUNRISE   702 AM EST   SUNSET   456 PM EST


-  INDICATES NEGATIVE NUMBERS.
R  INDICATES RECORD WAS SET OR TIED.
MM INDICATES DATA IS MISSING.
T  INDICATES TRACE AMOUNT.




$$
