000
CDUS42 KMHX 280526
CLIEWN


CLIMATE REPORT
NATIONAL WEATHER SERVICE NEWPORT/MOREHEAD CITY NC
126 AM EDT TUE MAR 28 2017


...................................

...THE NEW BERN NC CLIMATE SUMMARY FOR MARCH 27 2017...

CLIMATE NORMAL PERIOD 1981 TO 2010
CLIMATE RECORD PERIOD 1948 TO 2017


WEATHER ITEM   OBSERVED TIME   RECORD YEAR NORMAL DEPARTURE LAST
                VALUE   (LST)  VALUE       VALUE  FROM      YEAR
                                                  NORMAL
..................................................................
TEMPERATURE (F)
 YESTERDAY
  MAXIMUM         80    238 PM  84    2007  68     12       64
  MINIMUM         48    553 AM  24    2014  45      3       56
  AVERAGE         64                        57      7       60

PRECIPITATION (IN)
  YESTERDAY        0.00          1.03 1993   0.14  -0.14     0.59
  MONTH TO DATE    3.19                      3.85  -0.66     3.10
  SINCE MAR 1      3.19                      3.85  -0.66     3.10
  SINCE JAN 1      9.41                     11.53  -2.12    14.12

SNOWFALL (IN)
  YESTERDAY        0.0
  MONTH TO DATE    0.0
  SINCE NOV 1      T
  SINCE JUL 1      T
  SNOW DEPTH       0

DEGREE DAYS
 HEATING
  YESTERDAY        1                         9     -8        5
  MONTH TO DATE  399                       336     63      201
  SINCE MAR 1    399                       336     63      201
  SINCE JUL 1   2139                      2482   -343     1889

 COOLING
  YESTERDAY        0                         1     -1        0
  MONTH TO DATE    8                         1      7       45
  SINCE MAR 1      8                         1      7       45
  SINCE JAN 1     14                         4     10       45
..................................................................


WIND (MPH)
  HIGHEST WIND SPEED    15   HIGHEST WIND DIRECTION     S (180)
  HIGHEST GUST SPEED    20   HIGHEST GUST DIRECTION     S (180)
  AVERAGE WIND SPEED     5.3


SKY COVER
  POSSIBLE SUNSHINE  MM
  AVERAGE SKY COVER 0.2


WEATHER CONDITIONS
 THE FOLLOWING WEATHER WAS RECORDED YESTERDAY.
  FOG


RELATIVE HUMIDITY (PERCENT)
 HIGHEST   100          1200 AM
 LOWEST     39           300 PM
 AVERAGE    70

..........................................................


THE NEW BERN NC CLIMATE NORMALS FOR TODAY
                         NORMAL    RECORD    YEAR
 MAXIMUM TEMPERATURE (F)   69        84      2007
                                             1985
 MINIMUM TEMPERATURE (F)   45        28      1966


SUNRISE AND SUNSET
MARCH 28 2017.........SUNRISE   700 AM EDT   SUNSET   727 PM EDT
MARCH 29 2017.........SUNRISE   659 AM EDT   SUNSET   727 PM EDT


-  INDICATES NEGATIVE NUMBERS.
R  INDICATES RECORD WAS SET OR TIED.
MM INDICATES DATA IS MISSING.
T  INDICATES TRACE AMOUNT.




$$
