000
CDUS41 KOKX 070623
CLIEWR


CLIMATE REPORT
NATIONAL WEATHER SERVICE NEW YORK NY
123 AM EST WED DEC 7 2016


...................................

...THE NEWARK NJ CLIMATE SUMMARY FOR DECEMBER 6 2016...

CLIMATE NORMAL PERIOD 1981 TO 2010
CLIMATE RECORD PERIOD 1929 TO 2016


WEATHER ITEM   OBSERVED TIME   RECORD YEAR NORMAL DEPARTURE LAST
                VALUE   (LST)  VALUE       VALUE  FROM      YEAR
                                                  NORMAL
..................................................................
TEMPERATURE (F)
 YESTERDAY
  MAXIMUM         46    541 PM  74    2001  47     -1       55
  MINIMUM         34    728 AM  17    1954  33      1       33
  AVERAGE         40                        40      0       44

PRECIPITATION (IN)
  YESTERDAY        0.44          1.19 1996   0.13   0.31     0.00
  MONTH TO DATE    0.71                      0.79  -0.08     0.52
  SINCE DEC 1      0.71                      0.79  -0.08     0.52
  SINCE JAN 1     36.21                     43.23  -7.02    35.10

SNOWFALL (IN)
  YESTERDAY        T             8.5  2003   0.1   -0.1      0.0
  MONTH TO DATE    T                         0.6   -0.6      0.0
  SINCE OCT 1      T                         1.0   -1.0      0.0
  SINCE JUL 1      T                         1.0   -1.0      0.0
  SNOW DEPTH       0

DEGREE DAYS
 HEATING
  YESTERDAY       25                        25      0       21
  MONTH TO DATE  122                       147    -25      107
  SINCE DEC 1    122                       147    -25      107
  SINCE JUL 1    805                      1015   -210      739

 COOLING
  YESTERDAY        0                         0      0        0
  MONTH TO DATE    0                         0      0        0
  SINCE DEC 1      0                         0      0        0
  SINCE JAN 1   1571                      1192    379     1555
..................................................................


WIND (MPH)
  HIGHEST WIND SPEED    18   HIGHEST WIND DIRECTION    NE (50)
  HIGHEST GUST SPEED    23   HIGHEST GUST DIRECTION    NE (50)
  AVERAGE WIND SPEED     7.5


SKY COVER
  AVERAGE SKY COVER 0.8


WEATHER CONDITIONS
 THE FOLLOWING WEATHER WAS RECORDED YESTERDAY.
  RAIN
  LIGHT RAIN
  SLEET
  FOG


RELATIVE HUMIDITY (PERCENT)
 HIGHEST    86           800 PM
 LOWEST     53          1200 PM
 AVERAGE    70

..........................................................


THE NEWARK NJ CLIMATE NORMALS FOR TODAY
                         NORMAL    RECORD    YEAR
 MAXIMUM TEMPERATURE (F)   46        76      1998
 MINIMUM TEMPERATURE (F)   32        16      1954


SUNRISE AND SUNSET
DECEMBER  7 2016......SUNRISE   707 AM EST   SUNSET   429 PM EST
DECEMBER  8 2016......SUNRISE   708 AM EST   SUNSET   429 PM EST


-  INDICATES NEGATIVE NUMBERS.
R  INDICATES RECORD WAS SET OR TIED.
MM INDICATES DATA IS MISSING.
T  INDICATES TRACE AMOUNT.




$$
