000
CDUS43 KIND 300530
CLIEYE


CLIMATE REPORT
NATIONAL WEATHER SERVICE INDIANAPOLIS IN
130 AM EDT THU OCT 30 2014


...................................

...THE INDIANAPOLIS EAGLE CREEK IN CLIMATE SUMMARY FOR OCTOBER 29 2014...

CLIMATE NORMAL PERIOD 1981 TO 2010
CLIMATE RECORD PERIOD 9999 TO 9999


WEATHER ITEM   OBSERVED TIME   NORMAL DEPARTURE LAST
                VALUE   (LST)  VALUE  FROM      YEAR
                                      NORMAL
......................................................
TEMPERATURE (F)
 YESTERDAY
  MAXIMUM         52    210 PM  60     -8       54
  MINIMUM         43    727 AM  42      1       37
  AVERAGE         48            51     -3       46

PRECIPITATION (IN)
  YESTERDAY        0.00          0.09  -0.09     0.04
  MONTH TO DATE    2.25          2.93  -0.68     3.82
  SINCE SEP 1      5.67          5.18   0.49     6.13
  SINCE JAN 1     34.49         33.83   0.66    33.62

DEGREE DAYS
 HEATING
  YESTERDAY       17            14      3       19
  MONTH TO DATE  260           300    -40      344
  SINCE SEP 1    334           358    -24      386
  SINCE JUL 1    342           361    -19      397

 COOLING
  YESTERDAY        0             0      0        0
  MONTH TO DATE    8            12     -4       28
  SINCE SEP 1    100           135    -35      171
  SINCE JAN 1    893          1055   -162     1006
......................................................


WIND (MPH)
  HIGHEST WIND SPEED    18   HIGHEST WIND DIRECTION     W (290)
  HIGHEST GUST SPEED    24   HIGHEST GUST DIRECTION    NW (310)
  AVERAGE WIND SPEED     8.9


SKY COVER
  AVERAGE SKY COVER 0.5


WEATHER CONDITIONS
 THE FOLLOWING WEATHER WAS RECORDED YESTERDAY.
  NO SIGNIFICANT WEATHER WAS OBSERVED.


RELATIVE HUMIDITY (PERCENT)
 HIGHEST    71           200 AM
 LOWEST     54          1100 AM
 AVERAGE    63

..........................................................


THE INDIANAPOLIS EAGLE CREEK IN CLIMATE NORMALS FOR TODAY
                         NORMAL
 MAXIMUM TEMPERATURE (F)   59
 MINIMUM TEMPERATURE (F)   42


SUNRISE AND SUNSET
OCTOBER 30 2014.......SUNRISE   812 AM EDT   SUNSET   645 PM EDT
OCTOBER 31 2014.......SUNRISE   813 AM EDT   SUNSET   644 PM EDT


-  INDICATES NEGATIVE NUMBERS.
R  INDICATES RECORD WAS SET OR TIED.
MM INDICATES DATA IS MISSING.
T  INDICATES TRACE AMOUNT.




$$
