000
CDUS43 KIND 260535
CLIEYE


CLIMATE REPORT
NATIONAL WEATHER SERVICE INDIANAPOLIS IN
1234 AM EST SUN FEB 26 2017


...................................

...THE INDIANAPOLIS EAGLE CREEK IN CLIMATE SUMMARY FOR FEBRUARY 25 2017...

CLIMATE NORMAL PERIOD 1981 TO 2010
CLIMATE RECORD PERIOD 9999 TO 9999


WEATHER ITEM   OBSERVED TIME   NORMAL DEPARTURE LAST
                VALUE   (LST)  VALUE  FROM      YEAR
                                      NORMAL
......................................................
TEMPERATURE (F)
 YESTERDAY
  MAXIMUM         44   1212 AM  44      0       34
  MINIMUM         27   1159 PM  27      0       32
  AVERAGE         36            35      1       33

PRECIPITATION (IN)
  YESTERDAY        T             0.08  -0.08      T
  MONTH TO DATE    0.75          1.88  -1.13     1.22
  SINCE DEC 1      6.22          7.17  -0.95     7.10
  SINCE JAN 1      4.91          4.09   0.82     1.87

DEGREE DAYS
 HEATING
  YESTERDAY       29            30     -1       32
  MONTH TO DATE  540           836   -296      797
  SINCE DEC 1   2517          3013   -496     2608
  SINCE JUL 1   3201          4037   -836     3429

 COOLING
  YESTERDAY        0             0      0        0
  MONTH TO DATE    0             0      0        0
  SINCE DEC 1      0             0      0        0
  SINCE JAN 1      0             0      0        0
......................................................


WIND (MPH)
  HIGHEST WIND SPEED    26   HIGHEST WIND DIRECTION     W (290)
  HIGHEST GUST SPEED    42   HIGHEST GUST DIRECTION     W (270)
  AVERAGE WIND SPEED    13.6


SKY COVER
  AVERAGE SKY COVER 0.7


WEATHER CONDITIONS
 THE FOLLOWING WEATHER WAS RECORDED YESTERDAY.
  LT FREEZING RAIN
  LIGHT SNOW
  FOG


RELATIVE HUMIDITY (PERCENT)
 HIGHEST    85           800 AM
 LOWEST     49           500 PM
 AVERAGE    67

..........................................................


THE INDIANAPOLIS EAGLE CREEK IN CLIMATE NORMALS FOR TODAY
                         NORMAL
 MAXIMUM TEMPERATURE (F)   44
 MINIMUM TEMPERATURE (F)   27


SUNRISE AND SUNSET
FEBRUARY 26 2017......SUNRISE   722 AM EST   SUNSET   634 PM EST
FEBRUARY 27 2017......SUNRISE   721 AM EST   SUNSET   635 PM EST


-  INDICATES NEGATIVE NUMBERS.
R  INDICATES RECORD WAS SET OR TIED.
MM INDICATES DATA IS MISSING.
T  INDICATES TRACE AMOUNT.




$$
