000
CDUS43 KIND 190537
CLIEYE


CLIMATE REPORT
NATIONAL WEATHER SERVICE INDIANAPOLIS IN
134 AM EDT TUE SEP 19 2017


...................................

...THE INDIANAPOLIS EAGLE CREEK IN CLIMATE SUMMARY FOR SEPTEMBER 18 2017...

CLIMATE NORMAL PERIOD 1981 TO 2010
CLIMATE RECORD PERIOD 9999 TO 9999


WEATHER ITEM   OBSERVED TIME   NORMAL DEPARTURE LAST
                VALUE   (LST)  VALUE  FROM      YEAR
                                      NORMAL
......................................................
TEMPERATURE (F)
 YESTERDAY
  MAXIMUM         84    409 PM  77      7       81
  MINIMUM         69   1159 PM  56     13       64
  AVERAGE         77            66     11       73

PRECIPITATION (IN)
  YESTERDAY        0.16          0.07   0.09     0.00
  MONTH TO DATE    0.27          1.35  -1.08     2.92
  SINCE SEP 1      0.27          1.35  -1.08     2.92
  SINCE JAN 1     32.41         30.00   2.41    34.95

DEGREE DAYS
 HEATING
  YESTERDAY        0             2     -2        0
  MONTH TO DATE   21            12      9        0
  SINCE SEP 1     21            12      9        0
  SINCE JUL 1     21            15      6        3

 COOLING
  YESTERDAY       12             3      9        8
  MONTH TO DATE   56            97    -41      147
  SINCE SEP 1     56            97    -41      147
  SINCE JAN 1    984          1017    -33     1336
......................................................


WIND (MPH)
  HIGHEST WIND SPEED    13   HIGHEST WIND DIRECTION     W (280)
  HIGHEST GUST SPEED    18   HIGHEST GUST DIRECTION     S (160)
  AVERAGE WIND SPEED     3.0


SKY COVER
  AVERAGE SKY COVER 0.7


WEATHER CONDITIONS
 THE FOLLOWING WEATHER WAS RECORDED YESTERDAY.
  THUNDERSTORM
  RAIN
  LIGHT RAIN
  FOG


RELATIVE HUMIDITY (PERCENT)
 HIGHEST    97          1100 PM
 LOWEST     58           400 PM
 AVERAGE    78

..........................................................


THE INDIANAPOLIS EAGLE CREEK IN CLIMATE NORMALS FOR TODAY
                         NORMAL
 MAXIMUM TEMPERATURE (F)   76
 MINIMUM TEMPERATURE (F)   56


SUNRISE AND SUNSET
SEPTEMBER 19 2017.....SUNRISE   730 AM EDT   SUNSET   747 PM EDT
SEPTEMBER 20 2017.....SUNRISE   731 AM EDT   SUNSET   745 PM EDT


-  INDICATES NEGATIVE NUMBERS.
R  INDICATES RECORD WAS SET OR TIED.
MM INDICATES DATA IS MISSING.
T  INDICATES TRACE AMOUNT.




$$
