000
CDUS43 KIND 270535
CLIEYE


CLIMATE REPORT
NATIONAL WEATHER SERVICE INDIANAPOLIS IN
134 AM EDT MON MAR 27 2017


...................................

...THE INDIANAPOLIS EAGLE CREEK IN CLIMATE SUMMARY FOR MARCH 26 2017...

CLIMATE NORMAL PERIOD 1981 TO 2010
CLIMATE RECORD PERIOD 9999 TO 9999


WEATHER ITEM   OBSERVED TIME   NORMAL DEPARTURE LAST
                VALUE   (LST)  VALUE  FROM      YEAR
                                      NORMAL
......................................................
TEMPERATURE (F)
 YESTERDAY
  MAXIMUM         65    103 PM  56      9       61
  MINIMUM         52   1159 PM  37     15       32
  AVERAGE         59            46     13       47

PRECIPITATION (IN)
  YESTERDAY        0.65          0.14   0.51     0.00
  MONTH TO DATE    3.24          2.61   0.63     1.54
  SINCE MAR 1      3.24          2.61   0.63     1.54
  SINCE JAN 1      8.40          6.95   1.45     3.50

DEGREE DAYS
 HEATING
  YESTERDAY        6            19    -13       18
  MONTH TO DATE  597           610    -13      425
  SINCE MAR 1    597           610    -13      425
  SINCE JUL 1   3857          4735   -878     3938

 COOLING
  YESTERDAY        0             0      0        0
  MONTH TO DATE    2             0      2        0
  SINCE MAR 1      2             0      2        0
  SINCE JAN 1      2             0      2        0
......................................................


WIND (MPH)
  HIGHEST WIND SPEED    17   HIGHEST WIND DIRECTION     S (200)
  HIGHEST GUST SPEED    22   HIGHEST GUST DIRECTION    SW (210)
  AVERAGE WIND SPEED     7.6


SKY COVER
  AVERAGE SKY COVER 0.8


WEATHER CONDITIONS
 THE FOLLOWING WEATHER WAS RECORDED YESTERDAY.
  HEAVY RAIN
  RAIN
  LIGHT RAIN
  FOG


RELATIVE HUMIDITY (PERCENT)
 HIGHEST    93          1200 AM
 LOWEST     67           100 PM
 AVERAGE    80

..........................................................


THE INDIANAPOLIS EAGLE CREEK IN CLIMATE NORMALS FOR TODAY
                         NORMAL
 MAXIMUM TEMPERATURE (F)   56
 MINIMUM TEMPERATURE (F)   38


SUNRISE AND SUNSET
MARCH 27 2017.........SUNRISE   737 AM EDT   SUNSET   805 PM EDT
MARCH 28 2017.........SUNRISE   735 AM EDT   SUNSET   806 PM EDT


-  INDICATES NEGATIVE NUMBERS.
R  INDICATES RECORD WAS SET OR TIED.
MM INDICATES DATA IS MISSING.
T  INDICATES TRACE AMOUNT.




$$
