289
CDUS42 KKEY 110543
CLIEYW

CLIMATE REPORT
NATIONAL WEATHER SERVICE KEY WEST, FL
1241 AM EST THU FEB 11 2016


...................................

...THE KEY WEST CLIMATE SUMMARY FOR FEBRUARY 10 2016...

CLIMATE NORMAL PERIOD 1981 TO 2010
CLIMATE RECORD PERIOD 1871 TO 2016


WEATHER ITEM   OBSERVED TIME   RECORD YEAR NORMAL DEPARTURE LAST
                VALUE   (LST)  VALUE       VALUE  FROM      YEAR
                                                  NORMAL
..................................................................
TEMPERATURE (F)
 YESTERDAY
  MAXIMUM         70    201 PM  84    1959  76     -6       73
                                      1957
                                      1937
  MINIMUM         60   1159 PM  49    1895  66     -6       65
  AVERAGE         65                        71     -6       69

PRECIPITATION (IN)
  YESTERDAY        T             0.55 1908   0.04  -0.04     0.00
  MONTH TO DATE    2.84                      0.51   2.33     1.00
  SINCE DEC 1     10.78                      4.77   6.01     4.28
  SINCE JAN 1      6.20                      2.55   3.65     2.03

SNOWFALL (IN)
  YESTERDAY        0.0
  MONTH TO DATE    0.0
  SINCE DEC 1      0.0
  SINCE JUL 1      0.0
  SNOW DEPTH       0

DEGREE DAYS
 HEATING
  YESTERDAY        0                         1     -1        0
  MONTH TO DATE    4                        10     -6        0
  SINCE DEC 1     17                        60    -43        5
  SINCE JUL 1     17                        61    -44        6

 COOLING
  YESTERDAY        0                         6     -6        4
  MONTH TO DATE   60                        60      0       51
  SINCE DEC 1    635                       442    193      535
  SINCE JAN 1    236                       225     11      282
..................................................................


WIND (MPH)
  HIGHEST WIND SPEED    18   HIGHEST WIND DIRECTION     N (10)
  HIGHEST GUST SPEED    24   HIGHEST GUST DIRECTION    NW (320)
  AVERAGE WIND SPEED    10.4


SKY COVER
  POSSIBLE SUNSHINE  MM
  AVERAGE SKY COVER 0.4


WEATHER CONDITIONS
 THE FOLLOWING WEATHER WAS RECORDED YESTERDAY.
  LIGHT RAIN


RELATIVE HUMIDITY (PERCENT)
 HIGHEST    81
 LOWEST     55
 AVERAGE    68

..........................................................


THE KEY WEST CLIMATE NORMALS FOR TODAY
                         NORMAL    RECORD    YEAR
 MAXIMUM TEMPERATURE (F)   76        85      1875
 MINIMUM TEMPERATURE (F)   66        50      2000


SUNRISE AND SUNSET
FEBRUARY 11 2016......SUNRISE   704 AM EST   SUNSET   619 PM EST
FEBRUARY 12 2016......SUNRISE   703 AM EST   SUNSET   620 PM EST


-  INDICATES NEGATIVE NUMBERS.
R  INDICATES RECORD WAS SET OR TIED.
MM INDICATES DATA IS MISSING.
T  INDICATES TRACE AMOUNT.




$$
