000
CDUS42 KKEY 300532
CLIEYW

CLIMATE REPORT
NATIONAL WEATHER SERVICE KEY WEST, FL
130 AM EDT TUE AUG 30 2016

...................................

...THE KEY WEST CLIMATE SUMMARY FOR AUGUST 29 2016...

CLIMATE NORMAL PERIOD 1981 TO 2010
CLIMATE RECORD PERIOD 1871 TO 2016


WEATHER ITEM   OBSERVED TIME   RECORD YEAR NORMAL DEPARTURE LAST
                VALUE   (LST)  VALUE       VALUE  FROM      YEAR
                                                  NORMAL
..................................................................
TEMPERATURE (F)
 YESTERDAY
  MAXIMUM         86    205 PM  95    1881  89     -3       91
  MINIMUM         78   1218 PM  70    1889  79     -1       76
  AVERAGE         82                        84     -2       84

PRECIPITATION (IN)
  YESTERDAY        0.17          3.29 1977   0.20  -0.03     0.51
  MONTH TO DATE    8.69                      4.98   3.71     6.11
  SINCE JUN 1     13.57                     12.64   0.93     9.42
  SINCE JAN 1     25.22                     23.27   1.95    21.85

SNOWFALL (IN)
  YESTERDAY        0.0
  MONTH TO DATE    0.0
  SINCE JUN 1      0.0
  SINCE JUL 1      0.0
  SNOW DEPTH       0

DEGREE DAYS
 HEATING
  YESTERDAY        0                         0      0        0
  MONTH TO DATE    0                         0      0        0
  SINCE JUN 1      0                         0      0        0
  SINCE JUL 1      0                         0      0        0

 COOLING
  YESTERDAY       17                        19     -2       19
  MONTH TO DATE  576                       568      8      615
  SINCE JUN 1   1780                      1723     57     1838
  SINCE JAN 1   3271                      3153    118     3555
..................................................................


WIND (MPH)
  HIGHEST WIND SPEED    29   HIGHEST WIND DIRECTION     S (160)
  HIGHEST GUST SPEED    37   HIGHEST GUST DIRECTION     S (160)
  AVERAGE WIND SPEED    14.9


SKY COVER
  POSSIBLE SUNSHINE  MM
  AVERAGE SKY COVER 0.4


WEATHER CONDITIONS
 THE FOLLOWING WEATHER WAS RECORDED YESTERDAY.
  RAIN
  LIGHT RAIN
  FOG


RELATIVE HUMIDITY (PERCENT)
 HIGHEST    91
 LOWEST     74
 AVERAGE    83

..........................................................


THE KEY WEST CLIMATE NORMALS FOR TODAY
                         NORMAL    RECORD    YEAR
 MAXIMUM TEMPERATURE (F)   89        94      1878
 MINIMUM TEMPERATURE (F)   79        70      1960
                                             1889


SUNRISE AND SUNSET
AUGUST 30 2016........SUNRISE   708 AM EDT   SUNSET   747 PM EDT
AUGUST 31 2016........SUNRISE   708 AM EDT   SUNSET   746 PM EDT


-  INDICATES NEGATIVE NUMBERS.
R  INDICATES RECORD WAS SET OR TIED.
MM INDICATES DATA IS MISSING.
T  INDICATES TRACE AMOUNT.

$$

BWC
