000
CDUS42 KKEY 260607
CLIEYW

CLIMATE REPORT
NATIONAL WEATHER SERVICE KEY WEST, FL

106 AM EST MON JAN 26 2015


...................................

...THE KEY WEST CLIMATE SUMMARY FOR JANUARY 25 2015...

CLIMATE NORMAL PERIOD 1981 TO 2010
CLIMATE RECORD PERIOD 1871 TO 2015


WEATHER ITEM   OBSERVED TIME   RECORD YEAR NORMAL DEPARTURE LAST
                VALUE   (LST)  VALUE       VALUE  FROM      YEAR
                                                  NORMAL
..................................................................
TEMPERATURE (F)
 YESTERDAY
  MAXIMUM         69    242 PM  84    1991  75     -6       75
                                      1957
  MINIMUM         61   1159 PM  49    1940  64     -3       60
  AVERAGE         65                        69     -4       68

PRECIPITATION (IN)
  YESTERDAY        0.00          1.80 1993   0.06  -0.06     0.00
  MONTH TO DATE    1.03                      1.66  -0.63     4.99
  SINCE DEC 1      3.28                      3.88  -0.60     6.08
  SINCE JAN 1      1.03                      1.66  -0.63     4.99

SNOWFALL (IN)
  YESTERDAY        0.0
  MONTH TO DATE    0.0
  SINCE DEC 1      0.0
  SINCE JUL 1      0.0
  SNOW DEPTH       0

DEGREE DAYS
 HEATING
  YESTERDAY        0                         1     -1        0
  MONTH TO DATE    0                        25    -25       22
  SINCE DEC 1      5                        42    -37       22
  SINCE JUL 1      6                        43    -37       22

 COOLING
  YESTERDAY        0                         5     -5        3
  MONTH TO DATE  216                       127     89      117
  SINCE DEC 1    469                       344    125      457
  SINCE JAN 1    216                       127     89      117
..................................................................


WIND (MPH)
  HIGHEST WIND SPEED    15   HIGHEST WIND DIRECTION     N (340)
  HIGHEST GUST SPEED    21   HIGHEST GUST DIRECTION    NW (330)
  AVERAGE WIND SPEED     6.3


SKY COVER
  POSSIBLE SUNSHINE  MM
  AVERAGE SKY COVER 0.5


WEATHER CONDITIONS
 THE FOLLOWING WEATHER WAS RECORDED YESTERDAY.
  NO SIGNIFICANT WEATHER WAS OBSERVED.


RELATIVE HUMIDITY (PERCENT)
 HIGHEST    84
 LOWEST     58
 AVERAGE    71

..........................................................


THE KEY WEST CLIMATE NORMALS FOR TODAY
                         NORMAL    RECORD    YEAR
 MAXIMUM TEMPERATURE (F)   75        84      1957
 MINIMUM TEMPERATURE (F)   64        44      1905


SUNRISE AND SUNSET
JANUARY 26 2015.......SUNRISE   711 AM EST   SUNSET   608 PM EST
JANUARY 27 2015.......SUNRISE   711 AM EST   SUNSET   609 PM EST


-  INDICATES NEGATIVE NUMBERS.
R  INDICATES RECORD WAS SET OR TIED.
MM INDICATES DATA IS MISSING.
T  INDICATES TRACE AMOUNT.




$$
