000
CDUS42 KKEY 200553
CLIEYW


CLIMATE REPORT
NATIONAL WEATHER SERVICE KEY WEST, FL
1252 AM EST MON FEB 20 2017


...................................

...THE KEY WEST CLIMATE SUMMARY FOR FEBRUARY 19 2017...

CLIMATE NORMAL PERIOD 1981 TO 2010
CLIMATE RECORD PERIOD 1871 TO 2017


WEATHER ITEM   OBSERVED TIME   RECORD YEAR NORMAL DEPARTURE LAST
                VALUE   (LST)  VALUE       VALUE  FROM      YEAR
                                                  NORMAL
..................................................................
TEMPERATURE (F)
 YESTERDAY
  MAXIMUM         83    320 PM  84    1990  76      7       76
                                      1959
                                      1956
  MINIMUM         MM        MM  50    1996  66     MM       66
  AVERAGE         MM                        71     MM       71

PRECIPITATION (IN)
  YESTERDAY        0.00          2.06 1931   0.05  -0.05     0.00
  MONTH TO DATE    0.14                      0.95  -0.81     3.06
  SINCE DEC 1      2.88                      5.21  -2.33    11.00
  SINCE JAN 1      1.14                      2.99  -1.85     6.42

SNOWFALL (IN)
  YESTERDAY        0.0
  MONTH TO DATE    0.0
  SINCE DEC 1      0.0
  SINCE JUL 1      0.0
  SNOW DEPTH       0

DEGREE DAYS
 HEATING
  YESTERDAY       MM                         1     MM        0
  MONTH TO DATE    0                        16    -16        9
  SINCE DEC 1      5                        66    -61       22
  SINCE JUL 1      5                        67    -62       22

 COOLING
  YESTERDAY       MM                         7     MM        6
  MONTH TO DATE  170                       120     50       98
  SINCE DEC 1    824                       502    322      673
  SINCE JAN 1    431                       285    146      274
..................................................................


WIND (MPH)
  HIGHEST WIND SPEED    MM   HIGHEST WIND DIRECTION    MM
  HIGHEST GUST SPEED    MM   HIGHEST GUST DIRECTION    MM
  AVERAGE WIND SPEED    MM


SKY COVER
  POSSIBLE SUNSHINE  MM
  AVERAGE SKY COVER 0.0


WEATHER CONDITIONS
 THE FOLLOWING WEATHER WAS RECORDED YESTERDAY.
  NO SIGNIFICANT WEATHER WAS OBSERVED.


RELATIVE HUMIDITY (PERCENT)
 HIGHEST    94
 LOWEST     74
 AVERAGE    84

..........................................................


THE KEY WEST CLIMATE NORMALS FOR TODAY
                         NORMAL    RECORD    YEAR
 MAXIMUM TEMPERATURE (F)   76        85      1984
 MINIMUM TEMPERATURE (F)   67        49      2015


SUNRISE AND SUNSET
FEBRUARY 20 2017......SUNRISE   657 AM EST   SUNSET   625 PM EST
FEBRUARY 21 2017......SUNRISE   656 AM EST   SUNSET   625 PM EST


-  INDICATES NEGATIVE NUMBERS.
R  INDICATES RECORD WAS SET OR TIED.
MM INDICATES DATA IS MISSING.
T  INDICATES TRACE AMOUNT.




$$
