839
CDUS42 KKEY 260529
CLIEYW


CLIMATE REPORT
NATIONAL WEATHER SERVICE KEY WEST, FL
128 AM EDT MON JUN 26 2017

...................................

...THE KEY WEST CLIMATE SUMMARY FOR JUNE 25 2017...

CLIMATE NORMAL PERIOD 1981 TO 2010
CLIMATE RECORD PERIOD 1871 TO 2017

WEATHER ITEM   OBSERVED TIME   RECORD YEAR NORMAL DEPARTURE LAST
               VALUE    (LST)  VALUE       VALUE  FROM      YEAR
                                                  NORMAL
..................................................................
TEMPERATURE (F)
 YESTERDAY
  MAXIMUM         89    259 PM  93    2007  88      1       90
                                      1952
                                      1950
  MINIMUM         83   1159 PM  69    1922  79      4       82
  AVERAGE         86                        84      2       86

PRECIPITATION (IN)
  YESTERDAY        0.00          5.14 1992   0.14  -0.14     0.00
  MONTH TO DATE    5.66                      3.43   2.23     0.78
  SINCE JUN 1      5.66                      3.43   2.23     0.78
  SINCE JAN 1     14.71                     14.06   0.65    12.43

SNOWFALL (IN)
  YESTERDAY        0.0
  MONTH TO DATE    0.0
  SINCE JUN 1      0.0
  SINCE JUL 1      0.0
  SNOW DEPTH       0

DEGREE DAYS
 HEATING
  YESTERDAY        0                         0      0        0
  MONTH TO DATE    0                         0      0        0
  SINCE JUN 1      0                         0      0        0
  SINCE JUL 1      5                        73    -68       24

 COOLING
  YESTERDAY       21                        19      2       21
  MONTH TO DATE  472                       455     17      477
  SINCE JUN 1    472                       455     17      477
  SINCE JAN 1   2227                      1885    342     1968
..................................................................

WIND (MPH)
  HIGHEST WIND SPEED    18   HIGHEST WIND DIRECTION     E (110)
  HIGHEST GUST SPEED    22   HIGHEST GUST DIRECTION     E (110)
  AVERAGE WIND SPEED    12.3

SKY COVER
  POSSIBLE SUNSHINE  MM
  AVERAGE SKY COVER 0.2

WEATHER CONDITIONS
 THE FOLLOWING WEATHER WAS RECORDED YESTERDAY.
  NO SIGNIFICANT WEATHER WAS OBSERVED.

RELATIVE HUMIDITY (PERCENT)
 HIGHEST    85
 LOWEST     68
 AVERAGE    77

..........................................................

THE KEY WEST CLIMATE NORMALS FOR TODAY
                         NORMAL    RECORD    YEAR
 MAXIMUM TEMPERATURE (F)   88        93      1952
 MINIMUM TEMPERATURE (F)   79        69      1903

SUNRISE AND SUNSET
JUNE 26 2017..........SUNRISE   640 AM EDT   SUNSET   819 PM EDT
JUNE 27 2017..........SUNRISE   641 AM EDT   SUNSET   820 PM EDT

-  INDICATES NEGATIVE NUMBERS.
R  INDICATES RECORD WAS SET OR TIED.
MM INDICATES DATA IS MISSING.
T  INDICATES TRACE AMOUNT.

$$
