000
CDUS42 KKEY 192115
CLIEYW


CLIMATE REPORT
NATIONAL WEATHER SERVICE KEY WEST, FL
415 PM EST SUN NOV 19 2017


...................................

...THE KEY WEST CLIMATE SUMMARY FOR NOVEMBER 19 2017...
VALID TODAY AS OF 0400 PM LOCAL TIME.

CLIMATE NORMAL PERIOD 1981 TO 2010
CLIMATE RECORD PERIOD 1871 TO 2017


WEATHER ITEM   OBSERVED TIME   RECORD YEAR NORMAL DEPARTURE LAST
                VALUE   (LST)  VALUE       VALUE  FROM      YEAR
                                                  NORMAL
..................................................................
TEMPERATURE (F)
 TODAY
  MAXIMUM         81    121 PM  87    1947  79      2       79
  MINIMUM         69    644 AM  57    1951  71     -2       72
  AVERAGE         75                        75      0       76

PRECIPITATION (IN)
  TODAY            0.00          1.94 1911   0.06  -0.06     0.00
  MONTH TO DATE    0.05                      1.52  -1.47     0.03
  SINCE SEP 1     15.14                     13.16   1.98    10.19
  SINCE JAN 1     35.38                     36.83  -1.45    35.53

SNOWFALL (IN)
  TODAY            0.0
  MONTH TO DATE    0.0
  SINCE SEP 1      0.0
  SINCE JUL 1      0.0
  SNOW DEPTH       0

DEGREE DAYS
 HEATING
  TODAY            0                         0      0        0
  MONTH TO DATE    0                         0      0        0
  SINCE SEP 1      0                         0      0        0
  SINCE JUL 1      0                         0      0        0

 COOLING
  TODAY           10                        10      0       11
  MONTH TO DATE  252                       220     32      237
  SINCE SEP 1   1344                      1239    105     1331
  SINCE JAN 1   4975                      4428    547     4638
..................................................................


WIND (MPH)
  HIGHEST WIND SPEED    10   HIGHEST WIND DIRECTION     N (350)
  HIGHEST GUST SPEED    13   HIGHEST GUST DIRECTION     N (340)
  AVERAGE WIND SPEED     5.2


SKY COVER
  POSSIBLE SUNSHINE  MM
  AVERAGE SKY COVER 0.0


WEATHER CONDITIONS
 THE FOLLOWING WEATHER WAS RECORDED TODAY.
  NO SIGNIFICANT WEATHER WAS OBSERVED.


RELATIVE HUMIDITY (PERCENT)
 HIGHEST    97
 LOWEST     54
 AVERAGE    76

..........................................................


THE KEY WEST CLIMATE NORMALS FOR TOMORROW
                         NORMAL    RECORD    YEAR
 MAXIMUM TEMPERATURE (F)   79        87      1880
 MINIMUM TEMPERATURE (F)   71        54      1873


SUNRISE AND SUNSET
NOVEMBER 19 2017......SUNRISE   646 AM EST   SUNSET   539 PM EST
NOVEMBER 20 2017......SUNRISE   647 AM EST   SUNSET   539 PM EST


-  INDICATES NEGATIVE NUMBERS.
R  INDICATES RECORD WAS SET OR TIED.
MM INDICATES DATA IS MISSING.
T  INDICATES TRACE AMOUNT.




$$
