000
CDUS42 KKEY 300556
CLIEYW

CLIMATE REPORT
NATIONAL WEATHER SERVICE KEY WEST, FL
149 AM EDT SAT MAY 30 2015


...................................

...THE KEY WEST CLIMATE SUMMARY FOR MAY 29 2015...

CLIMATE NORMAL PERIOD 1981 TO 2010
CLIMATE RECORD PERIOD 1871 TO 2015


WEATHER ITEM   OBSERVED TIME   RECORD YEAR NORMAL DEPARTURE LAST
               VALUE    (LST)  VALUE       VALUE  FROM      YEAR
                                                  NORMAL
..................................................................
TEMPERATURE (F)
 YESTERDAY
  MAXIMUM         86    250 PM  91    1952  87     -1       87
                                      1878
  MINIMUM         77    731 AM  68    1926  77      0       81
  AVERAGE         82                        82      0       84

PRECIPITATION (IN)
  YESTERDAY        T             2.04 1960   0.15  -0.15     0.00
  MONTH TO DATE    1.12                      2.72  -1.60     0.91
  SINCE MAR 1      9.20                      6.82   2.38     5.25
  SINCE JAN 1     12.43                     10.35   2.08    12.85

SNOWFALL (IN)
  YESTERDAY        0.0
  MONTH TO DATE    0.0
  SINCE MAR 1      0.0
  SINCE JUL 1      0.0
  SNOW DEPTH       0

DEGREE DAYS
 HEATING
  YESTERDAY        0                         0      0        0
  MONTH TO DATE    0                         0      0        0
  SINCE MAR 1      0                         7     -7        0
  SINCE JUL 1     27                        73    -46       22

 COOLING
  YESTERDAY       17                        17      0       19
  MONTH TO DATE  480                       443     37      489
  SINCE MAR 1   1324                      1049    275     1157
  SINCE JAN 1   1682                      1397    285     1583
..................................................................


WIND (MPH)
  HIGHEST WIND SPEED    16   HIGHEST WIND DIRECTION     E (110)
  HIGHEST GUST SPEED    20   HIGHEST GUST DIRECTION     E (100)
  AVERAGE WIND SPEED    11.5


SKY COVER
  POSSIBLE SUNSHINE  MM
  AVERAGE SKY COVER 0.2


WEATHER CONDITIONS
 THE FOLLOWING WEATHER WAS RECORDED YESTERDAY.
  LIGHT RAIN


RELATIVE HUMIDITY (PERCENT)
 HIGHEST    76
 LOWEST     51
 AVERAGE    64

..........................................................


THE KEY WEST CLIMATE NORMALS FOR TODAY
                         NORMAL    RECORD    YEAR
 MAXIMUM TEMPERATURE (F)   87        92      1881
 MINIMUM TEMPERATURE (F)   78        67      1932


SUNRISE AND SUNSET
MAY 30 2015...........SUNRISE   638 AM EDT   SUNSET   811 PM EDT
MAY 31 2015...........SUNRISE   638 AM EDT   SUNSET   811 PM EDT


-  INDICATES NEGATIVE NUMBERS.
R  INDICATES RECORD WAS SET OR TIED.
MM INDICATES DATA IS MISSING.
T  INDICATES TRACE AMOUNT.


$$
