000
CDUS42 KKEY 210612
CLIEYW


CLIMATE REPORT
NATIONAL WEATHER SERVICE KEY WEST, FL
204 AM EDT MON AUG 21 2017


...................................

...THE KEY WEST CLIMATE SUMMARY FOR AUGUST 20 2017...

CLIMATE NORMAL PERIOD 1981 TO 2010
CLIMATE RECORD PERIOD 1871 TO 2017


WEATHER ITEM   OBSERVED TIME   RECORD YEAR NORMAL DEPARTURE LAST
                VALUE   (LST)  VALUE       VALUE  FROM      YEAR
                                                  NORMAL
..................................................................
TEMPERATURE (F)
 YESTERDAY
  MAXIMUM         90    312 PM  94    1958  89      1       91
                                      1951
  MINIMUM         82   1253 AM  69    1963  80      2       82
  AVERAGE         86                        84      2       87

PRECIPITATION (IN)
  YESTERDAY        T             2.06 1963   0.17  -0.17     0.00
  MONTH TO DATE    1.84                      3.24  -1.40     3.00
  SINCE JUN 1     10.80                     10.90  -0.10     7.88
  SINCE JAN 1     19.85                     21.53  -1.68    19.53

SNOWFALL (IN)
  YESTERDAY        0.0
  MONTH TO DATE    0.0
  SINCE JUN 1      0.0
  SINCE JUL 1      0.0
  SNOW DEPTH       0

DEGREE DAYS
 HEATING
  YESTERDAY        0                         0      0        0
  MONTH TO DATE    0                         0      0        0
  SINCE JUN 1      0                         0      0        0
  SINCE JUL 1      0                         0      0        0

 COOLING
  YESTERDAY       21                        19      2       22
  MONTH TO DATE  434                       397     37      407
  SINCE JUN 1   1658                      1552    106     1611
  SINCE JAN 1   3413                      2982    431     3102
..................................................................


WIND (MPH)
  HIGHEST WIND SPEED    20   HIGHEST WIND DIRECTION     E (90)
  HIGHEST GUST SPEED    24   HIGHEST GUST DIRECTION     E (90)
  AVERAGE WIND SPEED    10.7


SKY COVER
  POSSIBLE SUNSHINE  MM
  AVERAGE SKY COVER 0.2


WEATHER CONDITIONS
 THE FOLLOWING WEATHER WAS RECORDED YESTERDAY.
  LIGHT RAIN


RELATIVE HUMIDITY (PERCENT)
 HIGHEST    88
 LOWEST     64
 AVERAGE    76

..........................................................


THE KEY WEST CLIMATE NORMALS FOR TODAY
                         NORMAL    RECORD    YEAR
 MAXIMUM TEMPERATURE (F)   89        94      1956
                                             1951
                                             1950
 MINIMUM TEMPERATURE (F)   80        71      1923


SUNRISE AND SUNSET
AUGUST 21 2017........SUNRISE   704 AM EDT   SUNSET   756 PM EDT
AUGUST 22 2017........SUNRISE   705 AM EDT   SUNSET   755 PM EDT


-  INDICATES NEGATIVE NUMBERS.
R  INDICATES RECORD WAS SET OR TIED.
MM INDICATES DATA IS MISSING.
T  INDICATES TRACE AMOUNT.




$$
