000
CDUS42 KKEY 270554
CLIEYW

CLIMATE REPORT
NATIONAL WEATHER SERVICE KEY WEST, FL
1251 AM EST FRI FEB 27 2015

...................................

...THE KEY WEST CLIMATE SUMMARY FOR FEBRUARY 26 2015...

CLIMATE NORMAL PERIOD 1981 TO 2010
CLIMATE RECORD PERIOD 1871 TO 2015


WEATHER ITEM   OBSERVED TIME   RECORD YEAR NORMAL DEPARTURE LAST
                VALUE   (LST)  VALUE       VALUE  FROM      YEAR
                                                  NORMAL
..................................................................
TEMPERATURE (F)
 YESTERDAY
  MAXIMUM         80    421 PM  85    1991  77      3       79
  MINIMUM         71   1159 PM  49    1967  67      4       68
  AVERAGE         76                        72      4       74

PRECIPITATION (IN)
  YESTERDAY        0.05          1.20 1877   0.07  -0.02     0.00
  MONTH TO DATE    2.20                      1.37   0.83     0.75
  SINCE DEC 1      5.48                      5.63  -0.15     8.52
  SINCE JAN 1      3.23                      3.41  -0.18     7.43

SNOWFALL (IN)
  YESTERDAY        0.0
  MONTH TO DATE    0.0
  SINCE DEC 1      0.0
  SINCE JUL 1      0.0
  SNOW DEPTH       0

DEGREE DAYS
 HEATING
  YESTERDAY        0                         0      0        0
  MONTH TO DATE   21                        19      2        0
  SINCE DEC 1     26                        69    -43       22
  SINCE JUL 1     27                        70    -43       22

 COOLING
  YESTERDAY       11                         7      4        9
  MONTH TO DATE  110                       169    -59      255
  SINCE DEC 1    594                       551     43      752
  SINCE JAN 1    341                       334      7      412
..................................................................


WIND (MPH)
  HIGHEST WIND SPEED    17   HIGHEST WIND DIRECTION    SW (210)
  HIGHEST GUST SPEED    23   HIGHEST GUST DIRECTION    SW (210)
  AVERAGE WIND SPEED    10.9


SKY COVER
  POSSIBLE SUNSHINE  MM
  AVERAGE SKY COVER 0.2


WEATHER CONDITIONS
 THE FOLLOWING WEATHER WAS RECORDED YESTERDAY.
  LIGHT RAIN
  FOG


RELATIVE HUMIDITY (PERCENT)
 HIGHEST    94
 LOWEST     85
 AVERAGE    90

..........................................................


THE KEY WEST CLIMATE NORMALS FOR TODAY
                         NORMAL    RECORD    YEAR
 MAXIMUM TEMPERATURE (F)   77        84      1997
                                             1874
 MINIMUM TEMPERATURE (F)   67        46      1989


SUNRISE AND SUNSET
FEBRUARY 27 2015......SUNRISE   651 AM EST   SUNSET   628 PM EST
FEBRUARY 28 2015......SUNRISE   651 AM EST   SUNSET   629 PM EST


-  INDICATES NEGATIVE NUMBERS.
R  INDICATES RECORD WAS SET OR TIED.
MM INDICATES DATA IS MISSING.
T  INDICATES TRACE AMOUNT.

$$

APA
