000
CDAK49 PAFG 221158
CLIFAI

CLIMATE REPORT
NATIONAL WEATHER SERVICE FAIRBANKS AK
358 AM AKDT TUE JUL 22 2014

...................................

...THE FAIRBANKS AK CLIMATE SUMMARY FOR JULY 21 2014...

CLIMATE NORMAL PERIOD 1981 TO 2010
CLIMATE RECORD PERIOD 1904 TO 2014


WEATHER ITEM   OBSERVED TIME   RECORD YEAR NORMAL DEPARTURE LAST
                VALUE   (LST)  VALUE       VALUE  FROM      YEAR
                                                  NORMAL
..................................................................
TEMPERATURE (F)
 YESTERDAY
  MAXIMUM         60    619 PM  88    1915  72    -12       69
  MINIMUM         42    255 AM  35    1928  52    -10       52
  AVERAGE         51                        62    -11       61

PRECIPITATION (IN)
  YESTERDAY        0.01          1.35 2010   0.08  -0.07      T
  MONTH TO DATE    5.42                      1.43   3.99     1.00
  SINCE JUN 1      8.98                      2.80   6.18     1.43
  SINCE JAN 1     10.07                      4.96   5.11     3.77

SNOWFALL (IN)
  YESTERDAY       0.0             0.0  2002  0.0   0.0       0.0
                                       2001
                             2000
MONTH TO DATE    0.0                       0.0    0.0      0.0
SINCE JUN 1      0.0                       0.0    0.0      0.0
SINCE JUL 1      0.0                       0.0    0.0      0.0
SNOW DEPTH       0

DEGREE DAYS
 HEATING
  YESTERDAY       14                         4     10        4
  MONTH TO DATE   71                        65      6       63
  SINCE JUN 1    263                       225     38      134
  SINCE JUL 1     71                        65      6       63

 COOLING
  YESTERDAY        0                         1     -1        0
  MONTH TO DATE   19                        25     -6       25
  SINCE JUN 1     20                        48    -28      160
  SINCE JAN 1     20                        49    -29      173
..................................................................


WIND (MPH)
  HIGHEST GUST SPEED     8   HIGHEST GUST DIRECTION    SW (220)


SKY COVER
  AVERAGE SKY COVER 0.9


WEATHER CONDITIONS
 THE FOLLOWING WEATHER WAS RECORDED YESTERDAY.
  NO SIGNIFICANT WEATHER WAS OBSERVED.


RELATIVE HUMIDITY (PERCENT)
 HIGHEST    89
 LOWEST     57
 AVERAGE    73

..........................................................


THE FAIRBANKS AK CLIMATE NORMALS FOR TODAY
                         NORMAL    RECORD    YEAR
 MAXIMUM TEMPERATURE (F)   72        88      1968
 MINIMUM TEMPERATURE (F)   52        32      1928


SUNRISE AND SUNSET
JULY 22 2014..........SUNRISE  418 AM AKDT   SUNSET  1136 PM AKDT
JULY 23 2014..........SUNRISE  421 AM AKDT   SUNSET  1133 PM AKDT


-  INDICATES NEGATIVE NUMBERS.
R  INDICATES RECORD WAS SET OR TIED.
MM INDICATES DATA IS MISSING.
T  INDICATES TRACE AMOUNT.

&&

SNOW DEPTH IS MEASURED AT 3AM AKST/4AM AKDT

----------------------------
AVAILABLE DAYLIGHT

AMOUNT OF DAYLIGHT TODAY  (HOUR:MIN)........19:18
LOSS SINCE YESTERDAY........................7 MINUTES
----------------------------

$$
JB/APW JUL 14
