000
CDAK49 PAFG 180054
CLIFAI

CLIMATE REPORT
NATIONAL WEATHER SERVICE FAIRBANKS AK
354 PM AKST WED JAN 17 2018

...................................

...THE FAIRBANKS AK CLIMATE SUMMARY FOR JANUARY 17 2018...
VALID TODAY AS OF 0300 PM LOCAL TIME.

CLIMATE NORMAL PERIOD 1981 TO 2010
CLIMATE RECORD PERIOD 1904 TO 2018


WEATHER ITEM   OBSERVED TIME   RECORD YEAR NORMAL DEPARTURE LAST
                VALUE   (LST)  VALUE       VALUE  FROM      YEAR
                                                  NORMAL
..................................................................
TEMPERATURE (F)
 TODAY
  MAXIMUM         33    105 AM  48    2009   0     33      -14
  MINIMUM         18    256 PM -57    1947 -16     34      -47
  AVERAGE         26                        -9     35      -30

PRECIPITATION (IN)
  TODAY            0.55R         0.33 2000   0.02   0.53     0.02
  MONTH TO DATE    0.70                      0.34   0.36     0.82
  SINCE DEC 1      1.08                      0.98   0.10     2.78
  SINCE JAN 1      0.70                      0.34   0.36     0.82

SNOWFALL (IN)
  TODAY            6.1 R         4.0  2008   0.4    5.7      0.2
  MONTH TO DATE    7.4                       6.1    1.3     13.8
  SINCE DEC 1     14.4                      18.2   -3.8     46.7
  SINCE JUL 1     44.2                      44.0    0.2     51.9
  SNOW DEPTH      19

DEGREE DAYS
 HEATING
  TODAY           39                        74    -35       95
  MONTH TO DATE 1073                      1242   -169     1244
  SINCE DEC 1   2802                      3383   -581     3510
  SINCE JUL 1   6367                      7514  -1147     7280

 COOLING
  TODAY            0                         0      0        0
  MONTH TO DATE    0                         0      0        0
  SINCE DEC 1      0                         0      0        0
  SINCE JAN 1      0                         0      0        0
..................................................................


WIND (MPH)
  HIGHEST GUST SPEED    23   HIGHEST GUST DIRECTION     S (200)


SKY COVER
  AVERAGE SKY COVER 0.8


WEATHER CONDITIONS
 THE FOLLOWING WEATHER WAS RECORDED TODAY.
  FREEZING RAIN
  LT FREEZING RAIN
  SNOW
  LIGHT SNOW
  FOG
  FOG W/VISIBILITY <= 1/4 MILE
  BLOWING SNOW


RELATIVE HUMIDITY (PERCENT)
 HIGHEST   100
 LOWEST     91
 AVERAGE    96

..........................................................


THE FAIRBANKS AK CLIMATE NORMALS FOR TOMORROW
                         NORMAL    RECORD    YEAR
 MAXIMUM TEMPERATURE (F)    0        38      2001
                                             1980
                                             1965
 MINIMUM TEMPERATURE (F)  -16       -61      1906


SUNRISE AND SUNSET
JANUARY 17 2018.......SUNRISE  1021 AM AKST  SUNSET   343 PM AKST
JANUARY 18 2018.......SUNRISE  1018 AM AKST  SUNSET   346 PM AKST


-  INDICATES NEGATIVE NUMBERS.
R  INDICATES RECORD WAS SET OR TIED.
MM INDICATES DATA IS MISSING.
T  INDICATES TRACE AMOUNT.

&&

SNOW DEPTH IS MEASURED AT 3AM AKST/4AM AKDT

----------------------------
AVAILABLE DAYLIGHT

AMOUNT OF DAYLIGHT TODAY  (HOUR:MIN)........05:28
GAIN SINCE YESTERDAY........................6 MINUTES
----------------------------

$$
EB JAN 18
