000
CDAK49 PAFG 020932
CLIFAI

CLIMATE REPORT
NATIONAL WEATHER SERVICE FAIRBANKS AK
132 AM AKDT TUE SEP 2 2014

...................................

...THE FAIRBANKS AK CLIMATE SUMMARY FOR SEPTEMBER 1 2014...

CLIMATE NORMAL PERIOD 1981 TO 2010
CLIMATE RECORD PERIOD 1904 TO 2014


WEATHER ITEM   OBSERVED TIME   RECORD YEAR NORMAL DEPARTURE LAST
                VALUE   (LST)  VALUE       VALUE  FROM      YEAR
                                                  NORMAL
..................................................................
TEMPERATURE (F)
 YESTERDAY
  MAXIMUM         48   1159 PM  80    1963  62    -14       52
  MINIMUM         35    609 AM  17    1922  41     -6       36
  AVERAGE         42                        51     -9       44

PRECIPITATION (IN)
  YESTERDAY        1.43R         0.69 1953   0.05   1.38     0.02
  MONTH TO DATE    1.43                      0.05   1.38     0.02
  SINCE SEP 1      1.43                      0.05   1.38     0.02
  SINCE JAN 1     14.15                      7.62   6.53     5.82

SNOWFALL (IN)
  YESTERDAY       MM             T    2005   0.0   MM        0.0
                                      1980
  MONTH TO DATE   MM                         0.0   MM        0.0
  SINCE SEP 1     MM                         0.0   MM        0.0
  SINCE JUL 1      0.0                       T      0.0      0.0
  SNOW DEPTH       0

DEGREE DAYS
 HEATING
  YESTERDAY       23                        14      9       21
  MONTH TO DATE   23                        14      9       21
  SINCE SEP 1     23                        14      9       21
  SINCE JUL 1    344                       403    -59      280

 COOLING
  YESTERDAY        0                         0      0        0
  MONTH TO DATE    0                         0      0        0
  SINCE SEP 1      0                         0      0        0
  SINCE JAN 1     27                        61    -34      226
..................................................................


WIND (MPH)
  HIGHEST GUST SPEED    21   HIGHEST GUST DIRECTION     S (170)


SKY COVER
  AVERAGE SKY COVER 0.9


WEATHER CONDITIONS
 THE FOLLOWING WEATHER WAS RECORDED YESTERDAY.
  RAIN
  LIGHT RAIN
  FOG


RELATIVE HUMIDITY (PERCENT)
 HIGHEST    93
 LOWEST     65
 AVERAGE    79

..........................................................


THE FAIRBANKS AK CLIMATE NORMALS FOR TODAY
                         NORMAL    RECORD    YEAR
 MAXIMUM TEMPERATURE (F)   61        74      1917
 MINIMUM TEMPERATURE (F)   41        18      1922


SUNRISE AND SUNSET
SEPTEMBER 02 2014..........SUNRISE  636 AM AKDT   SUNSET  905 PM AKDT
SEPTEMBER 03 2014..........SUNRISE  639 AM AKDT   SUNSET  902 PM AKDT


-  INDICATES NEGATIVE NUMBERS.
R  INDICATES RECORD WAS SET OR TIED.
MM INDICATES DATA IS MISSING.
T  INDICATES TRACE AMOUNT.

&&

SNOW DEPTH IS MEASURED AT 3AM AKST/4AM AKDT

----------------------------
AVAILABLE DAYLIGHT

AMOUNT OF DAYLIGHT TODAY  (HOUR:MIN)........14:29
LOSS SINCE YESTERDAY........................7 MINUTES
----------------------------

$$
DA SEP 14
