000
CDAK49 PAFG 230040
CLIFAI

CLIMATE REPORT
NATIONAL WEATHER SERVICE FAIRBANKS AK
440 PM AKDT SUN OCT 22 2017

...................................

...THE FAIRBANKS AK CLIMATE SUMMARY FOR OCTOBER 22 2017...
VALID TODAY AS OF 0400 PM LOCAL TIME.

CLIMATE NORMAL PERIOD 1981 TO 2010
CLIMATE RECORD PERIOD 1904 TO 2017


WEATHER ITEM   OBSERVED TIME   RECORD YEAR NORMAL DEPARTURE LAST
                VALUE   (LST)  VALUE       VALUE  FROM      YEAR
                                                  NORMAL
..................................................................
TEMPERATURE (F)
 TODAY
  MAXIMUM         19    259 PM  50    1938  27     -8       22
  MINIMUM          8    422 AM -16    1958  12     -4        3
  AVERAGE         14                        19     -5       13

PRECIPITATION (IN)
  TODAY            0.01          0.40 1921   0.03  -0.02     0.00
  MONTH TO DATE    2.06                      0.62   1.44     0.02
  SINCE SEP 1      3.48                      1.72   1.76     2.10
  SINCE JAN 1     12.35                      9.29   3.06    13.81

SNOWFALL (IN)
  TODAY            0.2           5.9  1991   0.4   -0.2      0.0
  MONTH TO DATE    4.8                       7.0   -2.2      0.8
  SINCE SEP 1      4.8                       8.8   -4.0      0.8
  SINCE JUL 1      4.8                       8.8   -4.0      0.8
  SNOW DEPTH       1

DEGREE DAYS
 HEATING
  TODAY           51                        46      5       52
  MONTH TO DATE  703                       812   -109      755
  SINCE SEP 1   1207                      1417   -210     1310
  SINCE JUL 1   1430                      1806   -376     1512

 COOLING
  TODAY            0                         0      0        0
  MONTH TO DATE    0                         0      0        0
  SINCE SEP 1      0                         0      0        0
  SINCE JAN 1    104                        61     43       76
..................................................................


WIND (MPH)
  HIGHEST GUST SPEED     8   HIGHEST GUST DIRECTION    NE (30)


SKY COVER
  AVERAGE SKY COVER 0.8


WEATHER CONDITIONS
 THE FOLLOWING WEATHER WAS RECORDED TODAY.
  LIGHT SNOW
  FOG


RELATIVE HUMIDITY (PERCENT)
 HIGHEST    92
 LOWEST     73
 AVERAGE    83

..........................................................


THE FAIRBANKS AK CLIMATE NORMALS FOR TOMORROW
                         NORMAL    RECORD    YEAR
 MAXIMUM TEMPERATURE (F)   26        52      1938
 MINIMUM TEMPERATURE (F)   11       -18      1958


SUNRISE AND SUNSET
OCTOBER 22 2017.......SUNRISE   907 AM AKDT  SUNSET   603 PM AKDT
OCTOBER 23 2017.......SUNRISE   911 AM AKDT  SUNSET   559 PM AKDT


-  INDICATES NEGATIVE NUMBERS.
R  INDICATES RECORD WAS SET OR TIED.
MM INDICATES DATA IS MISSING.
T  INDICATES TRACE AMOUNT.

&&

SNOW DEPTH IS MEASURED AT 3AM AKST/4AM AKDT

----------------------------
AVAILABLE DAYLIGHT

AMOUNT OF DAYLIGHT TODAY  (HOUR:MIN)........08:48
LOSS SINCE YESTERDAY........................7 MINUTES
----------------------------

$$
HFL OCT 17
