396
CDAK49 PAFG 090932
CLIFAI

CLIMATE REPORT
NATIONAL WEATHER SERVICE FAIRBANKS AK
1232 AM AKST TUE FEB 9 2016

...................................

...THE FAIRBANKS AK CLIMATE SUMMARY FOR FEBRUARY 8 2016...

CLIMATE NORMAL PERIOD 1981 TO 2010
CLIMATE RECORD PERIOD 1904 TO 2016


WEATHER ITEM   OBSERVED TIME   RECORD YEAR NORMAL DEPARTURE LAST
                VALUE   (LST)  VALUE       VALUE  FROM      YEAR
                                                  NORMAL
..................................................................
TEMPERATURE (F)
 YESTERDAY
  MAXIMUM         17    403 PM  39    1986   7     10      -12
  MINIMUM        -10    506 AM -50    1979 -14      4      -39
  AVERAGE          4                        -4      8      -25

PRECIPITATION (IN)
  YESTERDAY        0.00          0.27 1914   0.02  -0.02     0.00
  MONTH TO DATE    0.05                      0.13  -0.08      T
  SINCE DEC 1      0.13                      1.35  -1.22     1.08
  SINCE JAN 1      0.06                      0.71  -0.65     0.15

SNOWFALL (IN)
  YESTERDAY        0.0           3.8  1914   0.3   -0.3      0.0
  MONTH TO DATE    0.6                       2.4   -1.8       T
  SINCE DEC 1      2.5                      24.8  -22.3     19.8
  SINCE JUL 1     52.6                      50.6    2.0     29.6
  SNOW DEPTH      13

DEGREE DAYS
 HEATING
  YESTERDAY       61                        69     -8       90
  MONTH TO DATE  513                       561    -48      696
  SINCE DEC 1   4484                      4962   -478     4660
  SINCE JUL 1   8272                      9093   -821     8378

 COOLING
  YESTERDAY        0                         0      0        0
  MONTH TO DATE    0                         0      0        0
  SINCE DEC 1      0                         0      0        0
  SINCE JAN 1      0                         0      0        0
..................................................................


WIND (MPH)
  HIGHEST GUST SPEED    11   HIGHEST GUST DIRECTION    NE (40)


SKY COVER
  AVERAGE SKY COVER 0.2


WEATHER CONDITIONS
 THE FOLLOWING WEATHER WAS RECORDED YESTERDAY.
  NO SIGNIFICANT WEATHER WAS OBSERVED.


RELATIVE HUMIDITY (PERCENT)
 HIGHEST    96
 LOWEST     73
 AVERAGE    85

..........................................................


THE FAIRBANKS AK CLIMATE NORMALS FOR TODAY
                         NORMAL    RECORD    YEAR
 MAXIMUM TEMPERATURE (F)    7        39      1980
 MINIMUM TEMPERATURE (F)  -14       -50      1936


SUNRISE AND SUNSET
FEBRUARY 09 2016..........SUNRISE  912 AM AKST   SUNSET  501 PM AKST
FEBRUARY 10 2016..........SUNRISE  909 AM AKST   SUNSET  505 PM AKST


-  INDICATES NEGATIVE NUMBERS.
R  INDICATES RECORD WAS SET OR TIED.
MM INDICATES DATA IS MISSING.
T  INDICATES TRACE AMOUNT.

&&

SNOW DEPTH IS MEASURED AT 3AM AKST/4AM AKDT

----------------------------
AVAILABLE DAYLIGHT

AMOUNT OF DAYLIGHT TODAY  (HOUR:MIN)........7:49
GAIN SINCE YESTERDAY........................6 MINUTES
----------------------------

$$
SDB FEB 16
