000
CDAK49 PAFG 310938
CLIFAI

CLIMATE REPORT
NATIONAL WEATHER SERVICE FAIRBANKS AK
138 AM AKDT TUE MAY 31 2016

...................................

...THE FAIRBANKS AK CLIMATE SUMMARY FOR MAY 30 2016...

CLIMATE NORMAL PERIOD 1981 TO 2010
CLIMATE RECORD PERIOD 1904 TO 2016


WEATHER ITEM   OBSERVED TIME   RECORD YEAR NORMAL DEPARTURE LAST
                VALUE   (LST)  VALUE       VALUE  FROM      YEAR
                                                  NORMAL
..................................................................
TEMPERATURE (F)
 YESTERDAY
  MAXIMUM         74    718 PM  84    2013  67      7       74
                                      1983
  MINIMUM         46    426 AM  28    1931  43      3       46
  AVERAGE         60                        55      5       60

PRECIPITATION (IN)
  YESTERDAY        0.00          0.55 1977   0.03  -0.03     0.00
  MONTH TO DATE    0.78                      0.58   0.20     0.29
  SINCE MAR 1      1.83                      1.14   0.69     0.94
  SINCE JAN 1      1.89                      2.14  -0.25     1.57

SNOWFALL (IN)
  YESTERDAY        0.0           T    2003   0.0    0.0      0.0
                                      1933
  MONTH TO DATE    0.0                       0.9   -0.9      0.0
  SINCE MAR 1      7.4                       8.7   -1.3     10.2
  SINCE JUL 1     60.0                      65.0   -5.0     43.8
  SNOW DEPTH       0

DEGREE DAYS
 HEATING
  YESTERDAY        5                        10     -5        5
  MONTH TO DATE  351                       476   -125      289
  SINCE MAR 1   2418                      3110   -692     2657
  SINCE JUL 1  11824                     13500  -1676    12124

 COOLING
  YESTERDAY        0                         0      0        0
  MONTH TO DATE    6                         0      6        2
  SINCE MAR 1      6                         0      6        2
  SINCE JAN 1      6                         0      6        2
..................................................................


WIND (MPH)
  HIGHEST GUST SPEED    17   HIGHEST GUST DIRECTION     E (7)


SKY COVER
  AVERAGE SKY COVER 0.3


WEATHER CONDITIONS
 THE FOLLOWING WEATHER WAS RECORDED YESTERDAY.
  NO SIGNIFICANT WEATHER WAS OBSERVED.


RELATIVE HUMIDITY (PERCENT)
 HIGHEST    61
 LOWEST     20
 AVERAGE    41

..........................................................


THE FAIRBANKS AK CLIMATE NORMALS FOR TODAY
                         NORMAL    RECORD    YEAR
 MAXIMUM TEMPERATURE (F)   67        84      1958
 MINIMUM TEMPERATURE (F)   44        30      1933


SUNRISE AND SUNSET
MAY 31 2016..........SUNRISE  335 AM AKDT   SUNSET  1208 AM AKDT
JUNE 01 2016..........SUNRISE  332 AM AKDT   SUNSET  1211 AM AKDT


-  INDICATES NEGATIVE NUMBERS.
R  INDICATES RECORD WAS SET OR TIED.
MM INDICATES DATA IS MISSING.
T  INDICATES TRACE AMOUNT.

&&

SNOW DEPTH IS MEASURED AT 3AM AKST/4AM AKDT

----------------------------
AVAILABLE DAYLIGHT

AMOUNT OF DAYLIGHT TODAY  (HOUR:MIN)........20:33
GAIN SINCE YESTERDAY........................7 MINUTES
----------------------------

$$
LTH MAY 16
