000
CDAK49 PAFG 040036
CLIFAI

CLIMATE REPORT
NATIONAL WEATHER SERVICE FAIRBANKS AK
436 PM AKDT MON AUG 3 2015

...................................

...THE FAIRBANKS AK CLIMATE SUMMARY FOR AUGUST 3 2015...
VALID TODAY AS OF 0400 PM LOCAL TIME.

CLIMATE NORMAL PERIOD 1981 TO 2010
CLIMATE RECORD PERIOD 1904 TO 2015


WEATHER ITEM   OBSERVED TIME   RECORD YEAR NORMAL DEPARTURE LAST
                VALUE   (LST)  VALUE       VALUE  FROM      YEAR
                                                  NORMAL
..................................................................
TEMPERATURE (F)
 TODAY
  MAXIMUM         72    259 PM  87    1919  69      3       76
  MINIMUM         57    659 AM  32    1944  50      7       57
  AVERAGE         65                        60      5       67

PRECIPITATION (IN)
  TODAY            0.00          0.63 1942   0.07  -0.07      T
  MONTH TO DATE    0.07                      0.21  -0.14     1.04
  SINCE JUN 1      3.88                      3.74   0.14    10.38
  SINCE JAN 1      5.45                      5.90  -0.45    11.47

SNOWFALL (IN)
  TODAY            0.0           0.0  2002   0.0    0.0      0.0
                                      2001
                                      2000
  MONTH TO DATE    0.0                       0.0    0.0      0.0
  SINCE JUN 1      0.0                       0.0    0.0      0.0
  SINCE JUL 1      0.0                       0.0    0.0      0.0
  SNOW DEPTH       0

DEGREE DAYS
 HEATING
  TODAY            0                         6     -6        0
  MONTH TO DATE   14                        17     -3        8
  SINCE JUN 1    299                       285     14      337
  SINCE JUL 1    118                       125     -7      145

 COOLING
  TODAY            0                         0      0        2
  MONTH TO DATE    0                         0      0        2
  SINCE JUN 1     55                        54      1       22
  SINCE JAN 1     57                        55      2       22
..................................................................


WIND (MPH)
  HIGHEST GUST SPEED    13   HIGHEST GUST DIRECTION     S (200)


SKY COVER
  AVERAGE SKY COVER 0.9


WEATHER CONDITIONS
 THE FOLLOWING WEATHER WAS RECORDED TODAY.
  NO SIGNIFICANT WEATHER WAS OBSERVED.


RELATIVE HUMIDITY (PERCENT)
 HIGHEST    86
 LOWEST     49
 AVERAGE    68

..........................................................


THE FAIRBANKS AK CLIMATE NORMALS FOR TOMORROW
                         NORMAL    RECORD    YEAR
 MAXIMUM TEMPERATURE (F)   69        91      1994
 MINIMUM TEMPERATURE (F)   50        33      1926


SUNRISE AND SUNSET
AUGUST 03 2015..........SUNRISE  458 AM AKDT   SUNSET  1055 PM AKDT
AUGUST 04 2015..........SUNRISE  502 AM AKDT   SUNSET  1052 PM AKDT


-  INDICATES NEGATIVE NUMBERS.
R  INDICATES RECORD WAS SET OR TIED.
MM INDICATES DATA IS MISSING.
T  INDICATES TRACE AMOUNT.

&&

SNOW DEPTH IS MEASURED AT 3AM AKST/4AM AKDT

----------------------------
AVAILABLE DAYLIGHT

AMOUNT OF DAYLIGHT TODAY  (HOUR:MIN)........17:57
LOSS SINCE YESTERDAY........................7 MINUTES
----------------------------

$$
RM AUG 15
