000
CDAK49 PAFG 060933
CLIFAI

CLIMATE REPORT
NATIONAL WEATHER SERVICE FAIRBANKS AK
133 AM AKDT MON JUL 6 2015

...................................

...THE FAIRBANKS AK CLIMATE SUMMARY FOR JULY 5 2015...

CLIMATE NORMAL PERIOD 1981 TO 2010
CLIMATE RECORD PERIOD 1904 TO 2015


WEATHER ITEM   OBSERVED TIME   RECORD YEAR NORMAL DEPARTURE LAST
                VALUE   (LST)  VALUE       VALUE  FROM      YEAR
                                                  NORMAL
..................................................................
TEMPERATURE (F)
 YESTERDAY
  MAXIMUM         79    750 PM  91    1986  74      5       84
  MINIMUM         62    120 AM  40    1905  53      9       56
  AVERAGE         71                        64      7       70

PRECIPITATION (IN)
  YESTERDAY        0.00          1.43 1929   0.06  -0.06     0.00
  MONTH TO DATE    0.24                      0.31  -0.07     3.36
  SINCE JUN 1      1.27                      1.68  -0.41     6.92
  SINCE JAN 1      2.84                      3.84  -1.00     8.01

SNOWFALL (IN)
  YESTERDAY        0.0           0.0  2002   0.0    0.0      0.0
                                      2001
                                      2000
  MONTH TO DATE    0.0                       0.0    0.0      0.0
  SINCE JUN 1      0.0                       0.0    0.0      0.0
  SINCE JUL 1      0.0                       0.0    0.0      0.0
  SNOW DEPTH       0

DEGREE DAYS
 HEATING
  YESTERDAY        0                         3     -3        0
  MONTH TO DATE   19                        15      4       15
  SINCE JUN 1    200                       175     25      207
  SINCE JUL 1     19                        15      4       15

 COOLING
  YESTERDAY        6                         1      5        5
  MONTH TO DATE    7                         9     -2        5
  SINCE JUN 1     38                        32      6        6
  SINCE JAN 1     40                        33      7        6
..................................................................


WIND (MPH)
  HIGHEST GUST SPEED    19   HIGHEST GUST DIRECTION     W (280)


SKY COVER
  AVERAGE SKY COVER 0.7


WEATHER CONDITIONS
 THE FOLLOWING WEATHER WAS RECORDED YESTERDAY.
  HAZE


RELATIVE HUMIDITY (PERCENT)
 HIGHEST    73
 LOWEST     32
 AVERAGE    53

..........................................................


THE FAIRBANKS AK CLIMATE NORMALS FOR TODAY
                         NORMAL    RECORD    YEAR
 MAXIMUM TEMPERATURE (F)   74        90      1986
 MINIMUM TEMPERATURE (F)   53        38      1905


SUNRISE AND SUNSET
JULY 06 2015..........SUNRISE  325 AM AKDT   SUNSET  1226 AM AKDT
JULY 07 2015..........SUNRISE  328 AM AKDT   SUNSET  1223 AM AKDT


-  INDICATES NEGATIVE NUMBERS.
R  INDICATES RECORD WAS SET OR TIED.
MM INDICATES DATA IS MISSING.
T  INDICATES TRACE AMOUNT.

&&

SNOW DEPTH IS MEASURED AT 3AM AKST/4AM AKDT

----------------------------
AVAILABLE DAYLIGHT

AMOUNT OF DAYLIGHT TODAY  (HOUR:MIN)........21:01
LOSS SINCE YESTERDAY........................6 MINUTES
----------------------------

$$
SDB JUL 15
