000
CDAK49 PAFG 170047
CLIFAI

CLIMATE REPORT
NATIONAL WEATHER SERVICE FAIRBANKS AK
347 PM AKST MON JAN 16 2017

...................................

...THE FAIRBANKS AK CLIMATE SUMMARY FOR JANUARY 16 2017...
VALID TODAY AS OF 0300 PM LOCAL TIME.

CLIMATE NORMAL PERIOD 1981 TO 2010
CLIMATE RECORD PERIOD 1904 TO 2017


WEATHER ITEM   OBSERVED TIME   RECORD YEAR NORMAL DEPARTURE LAST
                VALUE   (LST)  VALUE       VALUE  FROM      YEAR
                                                  NORMAL
..................................................................
TEMPERATURE (F)
 TODAY
  MAXIMUM        -12    326 AM  52    2009   0    -12        2
  MINIMUM        -18    825 AM -58    1934 -16     -2      -20
  AVERAGE        -15                        -9     -6       -9

PRECIPITATION (IN)
  TODAY            0.19          0.32 1933   0.02   0.17     0.00
                                      1929
  MONTH TO DATE    0.71                      0.32   0.39      T
  SINCE DEC 1      2.67                      0.96   1.71     0.07
  SINCE JAN 1      0.71                      0.32   0.39      T

SNOWFALL (IN)
  TODAY            2.0           4.5  1929   0.3    1.7      0.0
  MONTH TO DATE   12.8                       5.7    7.1      0.6
  SINCE DEC 1     45.7                      17.8   27.9      1.7
  SINCE JUL 1     50.9                      43.6    7.3     51.8
  SNOW DEPTH      21

DEGREE DAYS
 HEATING
  TODAY           80                        74      6       74
  MONTH TO DATE 1149                      1168    -19      977
  SINCE DEC 1   3415                      3309    106     3049
  SINCE JUL 1   7185                      7440   -255     6837

 COOLING
  TODAY            0                         0      0        0
  MONTH TO DATE    0                         0      0        0
  SINCE DEC 1      0                         0      0        0
  SINCE JAN 1      0                         0      0        0
..................................................................


WIND (MPH)
  HIGHEST GUST SPEED    12   HIGHEST GUST DIRECTION    SW (210)


SKY COVER
  AVERAGE SKY COVER 1.0


WEATHER CONDITIONS
 THE FOLLOWING WEATHER WAS RECORDED TODAY.
  LIGHT SNOW
  FOG


RELATIVE HUMIDITY (PERCENT)
 HIGHEST    81
 LOWEST     72
 AVERAGE    77

..........................................................


THE FAIRBANKS AK CLIMATE NORMALS FOR TOMORROW
                         NORMAL    RECORD    YEAR
 MAXIMUM TEMPERATURE (F)    0        48      2009
 MINIMUM TEMPERATURE (F)  -16       -57      1947


SUNRISE AND SUNSET
JANUARY 16 2017..........SUNRISE  1023 AM AKST   SUNSET  341 PM AKST
JANUARY 17 2017..........SUNRISE  1020 AM AKST   SUNSET  344 PM AKST


-  INDICATES NEGATIVE NUMBERS.
R  INDICATES RECORD WAS SET OR TIED.
MM INDICATES DATA IS MISSING.
T  INDICATES TRACE AMOUNT.

&&

SNOW DEPTH IS MEASURED AT 3AM AKST/4AM AKDT

----------------------------
AVAILABLE DAYLIGHT

AMOUNT OF DAYLIGHT TODAY  (HOUR:MIN)........5:18
GAIN SINCE YESTERDAY........................6 MINUTES
----------------------------

$$
JAN 17
