000
CDAK49 PAFG 190932
CLIFAI

CLIMATE REPORT
NATIONAL WEATHER SERVICE FAIRBANKS AK
1232 AM AKST FRI DEC 19 2014

...................................

...THE FAIRBANKS AK CLIMATE SUMMARY FOR DECEMBER 18 2014...

CLIMATE NORMAL PERIOD 1981 TO 2010
CLIMATE RECORD PERIOD 1904 TO 2014


WEATHER ITEM   OBSERVED TIME   RECORD YEAR NORMAL DEPARTURE LAST
                VALUE   (LST)  VALUE       VALUE  FROM      YEAR
                                                  NORMAL
..................................................................
TEMPERATURE (F)
 YESTERDAY
  MAXIMUM         20    412 AM  42    1935   5     15        1
  MINIMUM         -7   1159 PM -54    1933 -13      6      -21
  AVERAGE          7                        -4     11      -10

PRECIPITATION (IN)
  YESTERDAY        T             0.80 1968   0.02  -0.02      T
  MONTH TO DATE    0.57                      0.35   0.22     0.33
  SINCE DEC 1      0.57                      0.35   0.22     0.33
  SINCE JAN 1     16.80                     10.52   6.28    10.20

SNOWFALL (IN)
  YESTERDAY        T            10.7  1968   0.4   -0.4       T
  MONTH TO DATE    8.4                       6.9    1.5      5.3
  SINCE DEC 1      8.4                       6.9    1.5      5.3
  SINCE JUL 1     18.2                      32.7  -14.5     24.3
  SNOW DEPTH       8

DEGREE DAYS
 HEATING
  YESTERDAY       58                        69    -11       75
  MONTH TO DATE  997                      1226   -229     1144
  SINCE DEC 1    997                      1226   -229     1144
  SINCE JUL 1   4715                      5357   -642     4681

 COOLING
  YESTERDAY        0                         0      0        0
  MONTH TO DATE    0                         0      0        0
  SINCE DEC 1      0                         0      0        0
  SINCE JAN 1     27                        61    -34      226
..................................................................


WIND (MPH)
  HIGHEST GUST SPEED     7   HIGHEST GUST DIRECTION    NE (50)


SKY COVER
  AVERAGE SKY COVER 0.9


WEATHER CONDITIONS
 THE FOLLOWING WEATHER WAS RECORDED YESTERDAY.
  FREEZING RAIN
  LIGHT SNOW
  FOG
  FOG W/VISIBILITY <= 1/4 MILE


RELATIVE HUMIDITY (PERCENT)
 HIGHEST    88
 LOWEST     71
 AVERAGE    80

..........................................................


THE FAIRBANKS AK CLIMATE NORMALS FOR TODAY
                         NORMAL    RECORD    YEAR
 MAXIMUM TEMPERATURE (F)    5        40      1985
 MINIMUM TEMPERATURE (F)  -13       -52      1933


SUNRISE AND SUNSET
DECEMBER 19 2014..........SUNRISE  1058 AM AKST   SUNSET  241 PM AKST
DECEMBER 20 2014..........SUNRISE  1059 AM AKST   SUNSET  241 PM AKST


-  INDICATES NEGATIVE NUMBERS.
R  INDICATES RECORD WAS SET OR TIED.
MM INDICATES DATA IS MISSING.
T  INDICATES TRACE AMOUNT.

&&

SNOW DEPTH IS MEASURED AT 3AM AKST/4AM AKDT

----------------------------
AVAILABLE DAYLIGHT

AMOUNT OF DAYLIGHT TODAY  (HOUR:MIN)........3:43
LOSS SINCE YESTERDAY........................1 MINUTE
----------------------------

$$
RF DEC 14
