000
CDUS43 KFGF 310637
CLIFAR


CLIMATE REPORT
NATIONAL WEATHER SERVICE EASTERN NORTH DAKOTA/GRAND FORKS
136 AM CDT FRI OCT 31 2014


...................................

...THE FARGO HECTOR INTL AP ND CLIMATE SUMMARY FOR OCTOBER 30 2014...

CLIMATE NORMAL PERIOD 1981 TO 2010
CLIMATE RECORD PERIOD 1881 TO 2014


WEATHER ITEM   OBSERVED TIME   RECORD YEAR NORMAL DEPARTURE LAST
                VALUE   (LST)  VALUE       VALUE  FROM      YEAR
                                                  NORMAL
..................................................................
TEMPERATURE (F)
 YESTERDAY
  MAXIMUM         42   1032 AM  75    1950  48     -6       39
  MINIMUM         22   1141 PM  10    1991  29     -7       35
                                      1925
  AVERAGE         32                        39     -7       37

PRECIPITATION (IN)
  YESTERDAY        0.06          1.05 2004   0.05   0.01     0.01
  MONTH TO DATE    0.33                      2.11  -1.78     4.18
  SINCE SEP 1      2.78                      4.68  -1.90     8.57
  SINCE JAN 1     19.24                     20.74  -1.50    30.49

SNOWFALL (IN)
  YESTERDAY        0.0           7.0  1951   0.0    0.0      0.0
  MONTH TO DATE    T                         0.6   -0.6       T
  SINCE SEP 1      T                         0.6   -0.6       T
  SINCE JUL 1      T                         0.6   -0.6       T
  SNOW DEPTH       0

DEGREE DAYS
 HEATING
  YESTERDAY       33                        26      7       28
  MONTH TO DATE  469                       580   -111      595
  SINCE SEP 1    629                       800   -171      686
  SINCE JUL 1    661                       850   -189      720

 COOLING
  YESTERDAY        0                         0      0        0
  MONTH TO DATE    0                         0      0        0
  SINCE SEP 1     43                        43      0       81
  SINCE JAN 1    544                       548     -4      699
..................................................................


WIND (MPH)
  HIGHEST WIND SPEED    30   HIGHEST WIND DIRECTION     N (360)
  HIGHEST GUST SPEED    37   HIGHEST GUST DIRECTION     N (350)
  AVERAGE WIND SPEED    14.2


SKY COVER
  POSSIBLE SUNSHINE  MM
  AVERAGE SKY COVER 0.7


WEATHER CONDITIONS
 THE FOLLOWING WEATHER WAS RECORDED YESTERDAY.
  LIGHT RAIN
  FOG


RELATIVE HUMIDITY (PERCENT)
 HIGHEST    92           300 AM
 LOWEST     54           400 PM
 AVERAGE    73

..........................................................


THE FARGO HECTOR INTL AP ND CLIMATE NORMALS FOR TODAY
                         NORMAL    RECORD    YEAR
 MAXIMUM TEMPERATURE (F)   48        76      1933
 MINIMUM TEMPERATURE (F)   29         5      1951


SUNRISE AND SUNSET
OCTOBER 31 2014.......SUNRISE   808 AM CDT   SUNSET   613 PM CDT
NOVEMBER  1 2014......SUNRISE   810 AM CDT   SUNSET   611 PM CDT


-  INDICATES NEGATIVE NUMBERS.
R  INDICATES RECORD WAS SET OR TIED.
MM INDICATES DATA IS MISSING.
T  INDICATES TRACE AMOUNT.




$$
