000
CDUS43 KFGF 182156
CLIFAR


CLIMATE REPORT
NATIONAL WEATHER SERVICE EASTERN NORTH DAKOTA/GRAND FORKS
455 PM CDT FRI APR 18 2014


...................................

...THE FARGO HECTOR INTL AP ND CLIMATE SUMMARY FOR APRIL 18 2014...
VALID TODAY AS OF 0400 PM LOCAL TIME.

CLIMATE NORMAL PERIOD 1981 TO 2010
CLIMATE RECORD PERIOD 1881 TO 2014


WEATHER ITEM   OBSERVED TIME   RECORD YEAR NORMAL DEPARTURE LAST
                VALUE   (LST)  VALUE       VALUE  FROM      YEAR
                                                  NORMAL
..................................................................
TEMPERATURE (F)
 TODAY
  MAXIMUM         53    259 PM  90    1987  58     -5       37
  MINIMUM         32   1249 PM  12    1988  34     -2       30
  AVERAGE         43                        46     -3       34

PRECIPITATION (IN)
  TODAY            T             1.16 1896   0.04  -0.04     0.08
  MONTH TO DATE    0.56                      0.72  -0.16     2.01
  SINCE MAR 1      1.28                      2.02  -0.74     3.45
  SINCE JAN 1      2.16                      3.33  -1.17     5.64

SNOWFALL (IN)
  TODAY            0.0           1.7  2011   0.1   -0.1      1.6
  MONTH TO DATE    2.0                       2.1   -0.1     16.4
  SINCE MAR 1      7.3                      11.2   -3.9     31.0
  SINCE JUL 1     34.9                      49.2  -14.3     68.1
  SNOW DEPTH       0

DEGREE DAYS
 HEATING
  TODAY           22                        19      3       31
  MONTH TO DATE  499                       431     68      639
  SINCE MAR 1   1815                      1583    232     2109
  SINCE JUL 1   9092                      8261    831     8700

 COOLING
  TODAY            0                         0      0        0
  MONTH TO DATE    0                         0      0        0
  SINCE MAR 1      0                         0      0        0
  SINCE JAN 1      0                         0      0        0
..................................................................


WIND (MPH)
  HIGHEST WIND SPEED    32   HIGHEST WIND DIRECTION    SE (120)
  HIGHEST GUST SPEED    40   HIGHEST GUST DIRECTION    SE (120)
  AVERAGE WIND SPEED    12.5


SKY COVER
  POSSIBLE SUNSHINE  MM
  AVERAGE SKY COVER 0.9


WEATHER CONDITIONS
 THE FOLLOWING WEATHER WAS RECORDED TODAY.
  NO SIGNIFICANT WEATHER WAS OBSERVED.


RELATIVE HUMIDITY (PERCENT)
 HIGHEST    64           300 AM
 LOWEST     38           200 PM
 AVERAGE    51

..........................................................


THE FARGO HECTOR INTL AP ND CLIMATE NORMALS FOR TOMORROW
                         NORMAL    RECORD    YEAR
 MAXIMUM TEMPERATURE (F)   58        86      1987
 MINIMUM TEMPERATURE (F)   34        11      1928


SUNRISE AND SUNSET
APRIL 18 2014.........SUNRISE   634 AM CDT   SUNSET   820 PM CDT
APRIL 19 2014.........SUNRISE   632 AM CDT   SUNSET   821 PM CDT


-  INDICATES NEGATIVE NUMBERS.
R  INDICATES RECORD WAS SET OR TIED.
MM INDICATES DATA IS MISSING.
T  INDICATES TRACE AMOUNT.




$$
