000
CDUS43 KFGF 220718
CLIFAR


CLIMATE REPORT
NATIONAL WEATHER SERVICE EASTERN NORTH DAKOTA/GRAND FORKS
218 AM CDT TUE AUG 22 2017


...................................

...THE FARGO HECTOR INTL AP ND CLIMATE SUMMARY FOR AUGUST 21 2017...

CLIMATE NORMAL PERIOD 1981 TO 2010
CLIMATE RECORD PERIOD 1881 TO 2017


WEATHER ITEM   OBSERVED TIME   RECORD YEAR NORMAL DEPARTURE LAST
                VALUE   (LST)  VALUE       VALUE  FROM      YEAR
                                                  NORMAL
..................................................................
TEMPERATURE (F)
 YESTERDAY
  MAXIMUM         76    520 PM 103    1947  81     -5       78
  MINIMUM         55   1127 PM  40    1920  57     -2       46
  AVERAGE         66                        69     -3       62

PRECIPITATION (IN)
  YESTERDAY        0.01          1.51 1964   0.09  -0.08     0.00
  MONTH TO DATE    2.25                      1.61   0.64     1.26
  SINCE JUN 1      5.81                      8.30  -2.49     9.69
  SINCE JAN 1     10.45                     15.11  -4.66    15.17

SNOWFALL (IN)
  YESTERDAY        0.0           0.0    MM   0.0    0.0      0.0
  MONTH TO DATE    0.0                       0.0    0.0      0.0
  SINCE JUN 1      0.0                       0.0    0.0      0.0
  SINCE JUL 1      0.0                       0.0    0.0      0.0
  SNOW DEPTH       0

DEGREE DAYS
 HEATING
  YESTERDAY        0                         1     -1        3
  MONTH TO DATE    2                        17    -15        6
  SINCE JUN 1     44                       106    -62       41
  SINCE JUL 1      9                        33    -24       14

 COOLING
  YESTERDAY        1                         5     -4        0
  MONTH TO DATE   54                       127    -73      135
  SINCE JUN 1    417                       436    -19      510
  SINCE JAN 1    428                       467    -39      558
..................................................................


WIND (MPH)
  HIGHEST WIND SPEED    23   HIGHEST WIND DIRECTION    NW (330)
  HIGHEST GUST SPEED    27   HIGHEST GUST DIRECTION    NW (330)
  AVERAGE WIND SPEED     8.3


SKY COVER
  POSSIBLE SUNSHINE  MM
  AVERAGE SKY COVER 0.3


WEATHER CONDITIONS
 THE FOLLOWING WEATHER WAS RECORDED YESTERDAY.
  LIGHT RAIN


RELATIVE HUMIDITY (PERCENT)
 HIGHEST    93           200 AM
 LOWEST     58           500 PM
 AVERAGE    76

..........................................................


THE FARGO HECTOR INTL AP ND CLIMATE NORMALS FOR TODAY
                         NORMAL    RECORD    YEAR
 MAXIMUM TEMPERATURE (F)   80       101      1947
 MINIMUM TEMPERATURE (F)   56        36      1890


SUNRISE AND SUNSET
AUGUST 22 2017........SUNRISE   634 AM CDT   SUNSET   825 PM CDT
AUGUST 23 2017........SUNRISE   635 AM CDT   SUNSET   823 PM CDT


-  INDICATES NEGATIVE NUMBERS.
R  INDICATES RECORD WAS SET OR TIED.
MM INDICATES DATA IS MISSING.
T  INDICATES TRACE AMOUNT.




$$
