000
CDUS43 KFGF 010639
CLIFAR


CLIMATE REPORT
NATIONAL WEATHER SERVICE EASTERN NORTH DAKOTA/GRAND FORKS
136 AM CDT FRI AUG 1 2014


...................................

...THE FARGO HECTOR INTL AP ND CLIMATE SUMMARY FOR JULY 31 2014...

CLIMATE NORMAL PERIOD 1981 TO 2010
CLIMATE RECORD PERIOD 1881 TO 2014


WEATHER ITEM   OBSERVED TIME   RECORD YEAR NORMAL DEPARTURE LAST
                VALUE   (LST)  VALUE       VALUE  FROM      YEAR
                                                  NORMAL
..................................................................
TEMPERATURE (F)
 YESTERDAY
  MAXIMUM         85    217 PM 101    1987  83      2       78
  MINIMUM         55    432 AM  44    1903  60     -5       56
  AVERAGE         70                        71     -1       67

PRECIPITATION (IN)
  YESTERDAY        0.00          1.55 1966   0.07  -0.07     0.00
  MONTH TO DATE    1.64                      2.79  -1.15     0.90
  SINCE JUN 1      7.33                      6.69   0.64     8.63
  SINCE JAN 1     14.35                     13.50   0.85    21.53

SNOWFALL (IN)
  YESTERDAY        0.0           0.0    MM   0.0    0.0      0.0
  MONTH TO DATE    0.0                       0.0    0.0      0.0
  SINCE JUN 1      0.0                       0.0    0.0      0.0
  SINCE JUL 1      0.0                       0.0    0.0      0.0
  SNOW DEPTH       0

DEGREE DAYS
 HEATING
  YESTERDAY        0                         0      0        0
  MONTH TO DATE   20                        12      8       17
  SINCE JUN 1     50                        89    -39       79
  SINCE JUL 1     20                        16      4       17

 COOLING
  YESTERDAY        5                         7     -2        2
  MONTH TO DATE  163                       202    -39      233
  SINCE JUN 1    265                       309    -44      379
  SINCE JAN 1    344                       340      4      408
..................................................................


WIND (MPH)
  HIGHEST WIND SPEED    12   HIGHEST WIND DIRECTION     N (10)
  HIGHEST GUST SPEED    16   HIGHEST GUST DIRECTION     W (290)
  AVERAGE WIND SPEED     4.3


SKY COVER
  POSSIBLE SUNSHINE  MM
  AVERAGE SKY COVER 0.1


WEATHER CONDITIONS
 THE FOLLOWING WEATHER WAS RECORDED YESTERDAY.
  NO SIGNIFICANT WEATHER WAS OBSERVED.


RELATIVE HUMIDITY (PERCENT)
 HIGHEST    93           400 AM
 LOWEST     40           300 PM
 AVERAGE    67

..........................................................


THE FARGO HECTOR INTL AP ND CLIMATE NORMALS FOR TODAY
                         NORMAL    RECORD    YEAR
 MAXIMUM TEMPERATURE (F)   83        98      1937
                                             1936
                                             1930
 MINIMUM TEMPERATURE (F)   59        42      1927


SUNRISE AND SUNSET
AUGUST  1 2014........SUNRISE   607 AM CDT   SUNSET   859 PM CDT
AUGUST  2 2014........SUNRISE   608 AM CDT   SUNSET   858 PM CDT


-  INDICATES NEGATIVE NUMBERS.
R  INDICATES RECORD WAS SET OR TIED.
MM INDICATES DATA IS MISSING.
T  INDICATES TRACE AMOUNT.




$$
