000
CDUS43 KFGF 210633
CLIFAR


CLIMATE REPORT
NATIONAL WEATHER SERVICE EASTERN NORTH DAKOTA/GRAND FORKS
133 AM CDT SUN SEP 21 2014


...................................

...THE FARGO HECTOR INTL AP ND CLIMATE SUMMARY FOR SEPTEMBER 20 2014...

CLIMATE NORMAL PERIOD 1981 TO 2010
CLIMATE RECORD PERIOD 1881 TO 2014


WEATHER ITEM   OBSERVED TIME   RECORD YEAR NORMAL DEPARTURE LAST
                VALUE   (LST)  VALUE       VALUE  FROM      YEAR
                                                  NORMAL
..................................................................
TEMPERATURE (F)
 YESTERDAY
  MAXIMUM         71   1135 AM  90    1941  69      2       62
  MINIMUM         50    624 AM  22    1918  45      5       44
  AVERAGE         61                        57      4       53

PRECIPITATION (IN)
  YESTERDAY        0.07          2.86 1970   0.07   0.00     0.07
  MONTH TO DATE    2.24                      1.82   0.42     3.09
  SINCE SEP 1      2.24                      1.82   0.42     3.09
  SINCE JAN 1     18.70                     17.88   0.82    25.01

SNOWFALL (IN)
  YESTERDAY        0.0           T    1983   0.0    0.0     MM
  MONTH TO DATE    0.0                       0.0    0.0      0.0
  SINCE SEP 1      0.0                       0.0    0.0      0.0
  SINCE JUL 1      0.0                       0.0    0.0      0.0
  SNOW DEPTH       0

DEGREE DAYS
 HEATING
  YESTERDAY        4                         9     -5       12
  MONTH TO DATE  125                       112     13       56
  SINCE SEP 1    125                       112     13       56
  SINCE JUL 1    157                       162     -5       90

 COOLING
  YESTERDAY        0                         1     -1        0
  MONTH TO DATE   15                        38    -23       62
  SINCE SEP 1     15                        38    -23       62
  SINCE JAN 1    516                       543    -27      680
..................................................................


WIND (MPH)
  HIGHEST WIND SPEED    36   HIGHEST WIND DIRECTION     W (290)
  HIGHEST GUST SPEED    45   HIGHEST GUST DIRECTION     W (290)
  AVERAGE WIND SPEED    10.1


SKY COVER
  POSSIBLE SUNSHINE  MM
  AVERAGE SKY COVER 0.2


WEATHER CONDITIONS
 THE FOLLOWING WEATHER WAS RECORDED YESTERDAY.
  LIGHT RAIN
  FOG


RELATIVE HUMIDITY (PERCENT)
 HIGHEST    96           600 AM
 LOWEST     55           500 PM
 AVERAGE    76

..........................................................


THE FARGO HECTOR INTL AP ND CLIMATE NORMALS FOR TODAY
                         NORMAL    RECORD    YEAR
 MAXIMUM TEMPERATURE (F)   68        96      1937
 MINIMUM TEMPERATURE (F)   45        24      1882


SUNRISE AND SUNSET
SEPTEMBER 21 2014.....SUNRISE   713 AM CDT   SUNSET   727 PM CDT
SEPTEMBER 22 2014.....SUNRISE   714 AM CDT   SUNSET   725 PM CDT


-  INDICATES NEGATIVE NUMBERS.
R  INDICATES RECORD WAS SET OR TIED.
MM INDICATES DATA IS MISSING.
T  INDICATES TRACE AMOUNT.




$$
