000
CDUS43 KFGF 270714
CLIFAR


CLIMATE REPORT
NATIONAL WEATHER SERVICE EASTERN NORTH DAKOTA/GRAND FORKS
214 AM CDT WED AUG 27 2014


...................................

...THE FARGO HECTOR INTL AP ND CLIMATE SUMMARY FOR AUGUST 26 2014...

CLIMATE NORMAL PERIOD 1981 TO 2010
CLIMATE RECORD PERIOD 1881 TO 2014


WEATHER ITEM   OBSERVED TIME   RECORD YEAR NORMAL DEPARTURE LAST
                VALUE   (LST)  VALUE       VALUE  FROM      YEAR
                                                  NORMAL
..................................................................
TEMPERATURE (F)
 YESTERDAY
  MAXIMUM         70    322 PM  98    1953  79     -9       93
  MINIMUM         49    605 AM  36    1915  55     -6       69
  AVERAGE         60                        67     -7       81

PRECIPITATION (IN)
  YESTERDAY        0.04          3.05 1928   0.09  -0.05      T
  MONTH TO DATE    1.92                      2.10  -0.18     0.30
  SINCE JUN 1      9.25                      8.79   0.46     8.93
  SINCE JAN 1     16.27                     15.60   0.67    21.83

SNOWFALL (IN)
  YESTERDAY        0.0           0.0    MM   0.0    0.0      0.0
  MONTH TO DATE    0.0                       0.0    0.0      0.0
  SINCE JUN 1      0.0                       0.0    0.0      0.0
  SINCE JUL 1      0.0                       0.0    0.0      0.0
  SNOW DEPTH       0

DEGREE DAYS
 HEATING
  YESTERDAY        5                         2      3        0
  MONTH TO DATE    9                        25    -16       17
  SINCE JUN 1     59                       114    -55       96
  SINCE JUL 1     29                        41    -12       34

 COOLING
  YESTERDAY        0                         4     -4       16
  MONTH TO DATE  147                       149     -2      142
  SINCE JUN 1    412                       458    -46      521
  SINCE JAN 1    491                       489      2      550
..................................................................


WIND (MPH)
  HIGHEST WIND SPEED    12   HIGHEST WIND DIRECTION     W (250)
  HIGHEST GUST SPEED    16   HIGHEST GUST DIRECTION     W (250)
  AVERAGE WIND SPEED     4.7


SKY COVER
  POSSIBLE SUNSHINE  MM
  AVERAGE SKY COVER 0.5


WEATHER CONDITIONS
 THE FOLLOWING WEATHER WAS RECORDED YESTERDAY.
  LIGHT RAIN
  FOG


RELATIVE HUMIDITY (PERCENT)
 HIGHEST   100          1100 PM
 LOWEST     47           200 PM
 AVERAGE    74

..........................................................


THE FARGO HECTOR INTL AP ND CLIMATE NORMALS FOR TODAY
                         NORMAL    RECORD    YEAR
 MAXIMUM TEMPERATURE (F)   79       100      1984
 MINIMUM TEMPERATURE (F)   55        33      1982


SUNRISE AND SUNSET
AUGUST 27 2014........SUNRISE   640 AM CDT   SUNSET   816 PM CDT
AUGUST 28 2014........SUNRISE   642 AM CDT   SUNSET   814 PM CDT


-  INDICATES NEGATIVE NUMBERS.
R  INDICATES RECORD WAS SET OR TIED.
MM INDICATES DATA IS MISSING.
T  INDICATES TRACE AMOUNT.




$$
