000
CDUS43 KFGF 190650
CLIFAR


CLIMATE REPORT
NATIONAL WEATHER SERVICE EASTERN NORTH DAKOTA/GRAND FORKS
147 AM CDT THU OCT 19 2017


...................................

...THE FARGO HECTOR INTL AP ND CLIMATE SUMMARY FOR OCTOBER 18 2017...

CLIMATE NORMAL PERIOD 1981 TO 2010
CLIMATE RECORD PERIOD 1881 TO 2017


WEATHER ITEM   OBSERVED TIME   RECORD YEAR NORMAL DEPARTURE LAST
                VALUE   (LST)  VALUE       VALUE  FROM      YEAR
                                                  NORMAL
..................................................................
TEMPERATURE (F)
 YESTERDAY
  MAXIMUM         63    157 PM  79    1953  55      8       57
                                      1914
  MINIMUM         38   1159 PM  10    1972  35      3       40
  AVERAGE         51                        45      6       49

PRECIPITATION (IN)
  YESTERDAY        0.00          1.00 1984   0.08  -0.08     0.01
  MONTH TO DATE    0.70                      1.40  -0.70     1.19
  SINCE SEP 1      3.53                      3.97  -0.44     3.79
  SINCE JAN 1     14.03                     20.03  -6.00    19.26

SNOWFALL (IN)
  YESTERDAY        0.0           2.1  1917   0.0    0.0      0.0
  MONTH TO DATE    0.0                       0.2   -0.2      0.0
  SINCE SEP 1      0.0                       0.2   -0.2      0.0
  SINCE JUL 1      0.0                       0.2   -0.2      0.0
  SNOW DEPTH       0

DEGREE DAYS
 HEATING
  YESTERDAY       14                        20     -6       16
  MONTH TO DATE  253                       298    -45      239
  SINCE SEP 1    405                       518   -113      351
  SINCE JUL 1    421                       568   -147      368

 COOLING
  YESTERDAY        0                         0      0        0
  MONTH TO DATE    0                         0      0        8
  SINCE SEP 1     69                        43     26       58
  SINCE JAN 1    516                       548    -32      661
..................................................................


WIND (MPH)
  HIGHEST WIND SPEED    33   HIGHEST WIND DIRECTION     W (280)
  HIGHEST GUST SPEED    42   HIGHEST GUST DIRECTION     W (290)
  AVERAGE WIND SPEED    14.0


SKY COVER
  POSSIBLE SUNSHINE  MM
  AVERAGE SKY COVER 0.0


WEATHER CONDITIONS
 THE FOLLOWING WEATHER WAS RECORDED YESTERDAY.
  NO SIGNIFICANT WEATHER WAS OBSERVED.


RELATIVE HUMIDITY (PERCENT)
 HIGHEST    77           200 AM
 LOWEST     14           100 PM
 AVERAGE    46

..........................................................


THE FARGO HECTOR INTL AP ND CLIMATE NORMALS FOR TODAY
                         NORMAL    RECORD    YEAR
 MAXIMUM TEMPERATURE (F)   55        84      2003
 MINIMUM TEMPERATURE (F)   34        12      1917


SUNRISE AND SUNSET
OCTOBER 19 2017.......SUNRISE   751 AM CDT   SUNSET   632 PM CDT
OCTOBER 20 2017.......SUNRISE   753 AM CDT   SUNSET   630 PM CDT


-  INDICATES NEGATIVE NUMBERS.
R  INDICATES RECORD WAS SET OR TIED.
MM INDICATES DATA IS MISSING.
T  INDICATES TRACE AMOUNT.




$$
