000
CDUS43 KFGF 030636
CLIFAR


CLIMATE REPORT
NATIONAL WEATHER SERVICE EASTERN NORTH DAKOTA/GRAND FORKS
135 AM CDT TUE MAY 3 2016


...................................

...THE FARGO HECTOR INTL AP ND CLIMATE SUMMARY FOR MAY 2 2016...

CLIMATE NORMAL PERIOD 1981 TO 2010
CLIMATE RECORD PERIOD 1881 TO 2016


WEATHER ITEM   OBSERVED TIME   RECORD YEAR NORMAL DEPARTURE LAST
                VALUE   (LST)  VALUE       VALUE  FROM      YEAR
                                                  NORMAL
..................................................................
TEMPERATURE (F)
 YESTERDAY
  MAXIMUM         71    456 PM  95    1959  65      6       87
  MINIMUM         41    307 AM  17    1907  40      1       51
  AVERAGE         56                        52      4       69

PRECIPITATION (IN)
  YESTERDAY        0.00          0.91 1927   0.08  -0.08     0.05
  MONTH TO DATE    0.00                      0.15  -0.15     0.07
  SINCE MAR 1      3.07                      2.84   0.23     1.35
  SINCE JAN 1      4.06                      4.15  -0.09     2.32

SNOWFALL (IN)
  YESTERDAY        0.0           5.1  1935   0.0    0.0      0.0
  MONTH TO DATE    0.0                       0.0    0.0      0.0
  SINCE MAR 1      3.1                      12.4   -9.3      0.4
  SINCE JUL 1     27.4                      50.4  -23.0     16.0
  SNOW DEPTH       0

DEGREE DAYS
 HEATING
  YESTERDAY        9                        13     -4        0
  MONTH TO DATE   24                        26     -2        2
  SINCE MAR 1   1470                      1804   -334     1499
  SINCE JUL 1   6993                      8482  -1489     7915

 COOLING
  YESTERDAY        0                         0      0        4
  MONTH TO DATE    0                         0      0        4
  SINCE MAR 1      0                         3     -3        4
  SINCE JAN 1      0                         3     -3        4
..................................................................


WIND (MPH)
  HIGHEST WIND SPEED    18   HIGHEST WIND DIRECTION     W (270)
  HIGHEST GUST SPEED    23   HIGHEST GUST DIRECTION     W (280)
  AVERAGE WIND SPEED     5.2


SKY COVER
  POSSIBLE SUNSHINE  MM
  AVERAGE SKY COVER 0.0


WEATHER CONDITIONS
 THE FOLLOWING WEATHER WAS RECORDED YESTERDAY.
  NO SIGNIFICANT WEATHER WAS OBSERVED.


RELATIVE HUMIDITY (PERCENT)
 HIGHEST    70           600 AM
 LOWEST     20           100 PM
 AVERAGE    45

..........................................................


THE FARGO HECTOR INTL AP ND CLIMATE NORMALS FOR TODAY
                         NORMAL    RECORD    YEAR
 MAXIMUM TEMPERATURE (F)   65        92      1952
 MINIMUM TEMPERATURE (F)   40        18      1926


SUNRISE AND SUNSET
MAY  3 2016...........SUNRISE   608 AM CDT   SUNSET   841 PM CDT
MAY  4 2016...........SUNRISE   606 AM CDT   SUNSET   842 PM CDT


-  INDICATES NEGATIVE NUMBERS.
R  INDICATES RECORD WAS SET OR TIED.
MM INDICATES DATA IS MISSING.
T  INDICATES TRACE AMOUNT.




$$
