000
CDUS43 KFGF 210638
CLIFAR


CLIMATE REPORT
NATIONAL WEATHER SERVICE EASTERN NORTH DAKOTA/GRAND FORKS
1236 AM CST SUN DEC 21 2014


...................................

...THE FARGO HECTOR INTL AP ND CLIMATE SUMMARY FOR DECEMBER 20 2014...

CLIMATE NORMAL PERIOD 1981 TO 2010
CLIMATE RECORD PERIOD 1881 TO 2014


WEATHER ITEM   OBSERVED TIME   RECORD YEAR NORMAL DEPARTURE LAST
                VALUE   (LST)  VALUE       VALUE  FROM      YEAR
                                                  NORMAL
..................................................................
TEMPERATURE (F)
 YESTERDAY
  MAXIMUM         33   1136 PM  46    1890  21     12        6
  MINIMUM         30    953 AM -28    1916   4     26      -13
  AVERAGE         32                        12     20       -3

PRECIPITATION (IN)
  YESTERDAY        0.00          0.57 1967   0.02  -0.02      T
  MONTH TO DATE    0.08                      0.52  -0.44     1.00
  SINCE DEC 1      0.08                      0.52  -0.44     1.00
  SINCE JAN 1     20.03                     22.30  -2.27    31.89

SNOWFALL (IN)
  YESTERDAY        0.0           5.5  2010   0.4   -0.4      0.1
  MONTH TO DATE    0.6                       6.9   -6.3     12.9
  SINCE DEC 1      0.6                       6.9   -6.3     12.9
  SINCE JUL 1      4.2                      15.5  -11.3     13.2
  SNOW DEPTH       T

DEGREE DAYS
 HEATING
  YESTERDAY       33                        53    -20       68
  MONTH TO DATE  848                       985   -137     1193
  SINCE DEC 1    848                       985   -137     1193
  SINCE JUL 1   2805                      2947   -142     3034

 COOLING
  YESTERDAY        0                         0      0        0
  MONTH TO DATE    0                         0      0        0
  SINCE DEC 1      0                         0      0        0
  SINCE JAN 1    544                       551     -7      699
..................................................................


WIND (MPH)
  HIGHEST WIND SPEED    24   HIGHEST WIND DIRECTION     S (170)
  HIGHEST GUST SPEED    31   HIGHEST GUST DIRECTION     S (170)
  AVERAGE WIND SPEED    13.8


SKY COVER
  POSSIBLE SUNSHINE  MM
  AVERAGE SKY COVER 1.0


WEATHER CONDITIONS
 THE FOLLOWING WEATHER WAS RECORDED YESTERDAY.
  FOG


RELATIVE HUMIDITY (PERCENT)
 HIGHEST    92           100 AM
 LOWEST     82           800 PM
 AVERAGE    87

..........................................................


THE FARGO HECTOR INTL AP ND CLIMATE NORMALS FOR TODAY
                         NORMAL    RECORD    YEAR
 MAXIMUM TEMPERATURE (F)   20        42      1979
                                             1941
 MINIMUM TEMPERATURE (F)    4       -31      1916


SUNRISE AND SUNSET
DECEMBER 21 2014......SUNRISE   810 AM CST   SUNSET   441 PM CST
DECEMBER 22 2014......SUNRISE   810 AM CST   SUNSET   442 PM CST


-  INDICATES NEGATIVE NUMBERS.
R  INDICATES RECORD WAS SET OR TIED.
MM INDICATES DATA IS MISSING.
T  INDICATES TRACE AMOUNT.




$$
