000
CDUS46 KHNX 150837
CLIFAT


CLIMATE REPORT
NATIONAL WEATHER SERVICE SAN JOAQUIN VALLEY, CA
136 AM PDT MON SEP 15 2014


...................................

...THE FRESNO CA CLIMATE SUMMARY FOR SEPTEMBER 14 2014...

CLIMATE NORMAL PERIOD 1981 TO 2010
CLIMATE RECORD PERIOD 1887 TO 2014


WEATHER ITEM   OBSERVED TIME   RECORD YEAR NORMAL DEPARTURE
                VALUE   (LST)  VALUE       VALUE  FROM
                                                  NORMAL
...............................................................
TEMPERATURE (F)
 YESTERDAY
  MAXIMUM        105    249 PM 106    2012  92     13
  MINIMUM         74    619 AM  47    1903  62     12
  AVERAGE         90                        77     13

PRECIPITATION (IN)
  YESTERDAY        0.00          0.27 1910   0.01  -0.01
  MONTH TO DATE    T                         0.05  -0.05
  SINCE JUL 1      0.01                      0.07  -0.06
  SINCE JAN 1      4.09                      7.91  -3.82

SNOWFALL (IN)
  YESTERDAY        0.0
  MONTH TO DATE    0.0
  SINCE SEP 1      0.0
  SINCE JUL 1      0.0
  SNOW DEPTH       0

DEGREE DAYS
 HEATING
  YESTERDAY        0                                0
  MONTH TO DATE    0                                0
  SINCE SEP 1      0                                0
  SINCE JUL 1      0                                0

 COOLING
  YESTERDAY       25                               13
  MONTH TO DATE  274                               90
  SINCE SEP 1    274                               90
  SINCE JAN 1   2495                              627
...............................................................


WIND (MPH)
  HIGHEST WIND SPEED    13   HIGHEST WIND DIRECTION    NW (310)
  HIGHEST GUST SPEED    17   HIGHEST GUST DIRECTION    NW (310)
  AVERAGE WIND SPEED     7.0




RELATIVE HUMIDITY (PERCENT)
 HIGHEST    53
 LOWEST     13
 AVERAGE    33

..........................................................


THE FRESNO CA CLIMATE NORMALS FOR TODAY
                         NORMAL    RECORD    YEAR
 MAXIMUM TEMPERATURE (F)   91       104      1983
                                             1887
 MINIMUM TEMPERATURE (F)   62        45      1970


SUNRISE AND SUNSET
SEPTEMBER 15 2014.....SUNRISE   641 AM PDT   SUNSET   706 PM PDT
SEPTEMBER 16 2014.....SUNRISE   642 AM PDT   SUNSET   705 PM PDT


-  INDICATES NEGATIVE NUMBERS.
R  INDICATES RECORD WAS SET OR TIED.
MM INDICATES DATA IS MISSING.
T  INDICATES TRACE AMOUNT.




$$
