000
CDUS46 KHNX 010834
CLIFAT


CLIMATE REPORT
NATIONAL WEATHER SERVICE SAN JOAQUIN VALLEY, CA
1234 AM PST SUN FEB 1 2015


...................................

...THE FRESNO CA CLIMATE SUMMARY FOR JANUARY 31 2015...

CLIMATE NORMAL PERIOD 1981 TO 2010
CLIMATE RECORD PERIOD 1887 TO 2015


WEATHER ITEM   OBSERVED TIME   RECORD YEAR NORMAL DEPARTURE
                VALUE   (LST)  VALUE       VALUE  FROM
                                                  NORMAL
...............................................................
TEMPERATURE (F)
 YESTERDAY
  MAXIMUM         63    426 PM  75    1984  58      5
  MINIMUM         43    657 AM  26    1949  39      4
                                      1946
  AVERAGE         53                        48      5

PRECIPITATION (IN)
  YESTERDAY        0.00          0.96 1963   0.08  -0.08
  MONTH TO DATE    0.21                      2.19  -1.98
  SINCE OCT 1      3.40                      5.66  -2.26
  SINCE JAN 1      0.21                      2.19  -1.98

SNOWFALL (IN)
  YESTERDAY        0.0
  MONTH TO DATE    0.0
  SINCE DEC 1      0.0
  SINCE JUL 1      0.0
  SNOW DEPTH       0

DEGREE DAYS
 HEATING
  YESTERDAY       12                               -4
  MONTH TO DATE  487                              -84
  SINCE DEC 1    888                             -259
  SINCE JUL 1   1109                             -426

 COOLING
  YESTERDAY        0                                0
  MONTH TO DATE    0                                0
  SINCE DEC 1      0                                0
  SINCE JAN 1      0                                0
...............................................................


WIND (MPH)
  HIGHEST WIND SPEED    16   HIGHEST WIND DIRECTION    NW (300)
  HIGHEST GUST SPEED    18   HIGHEST GUST DIRECTION    NW (300)
  AVERAGE WIND SPEED     2.3




RELATIVE HUMIDITY (PERCENT)
 HIGHEST   100
 LOWEST     60
 AVERAGE    80

..........................................................


THE FRESNO CA CLIMATE NORMALS FOR TODAY
                         NORMAL    RECORD    YEAR
 MAXIMUM TEMPERATURE (F)   58        73      1991
 MINIMUM TEMPERATURE (F)   39        25      1950


SUNRISE AND SUNSET
FEBRUARY  1 2015......SUNRISE   701 AM PST   SUNSET   524 PM PST
FEBRUARY  2 2015......SUNRISE   700 AM PST   SUNSET   525 PM PST


-  INDICATES NEGATIVE NUMBERS.
R  INDICATES RECORD WAS SET OR TIED.
MM INDICATES DATA IS MISSING.
T  INDICATES TRACE AMOUNT.




$$
