000
CDUS46 KHNX 310828
CLIFAT


CLIMATE REPORT
NATIONAL WEATHER SERVICE SAN JOAQUIN VALLEY, CA
127 AM PDT THU JUL 31 2014


...................................

...THE FRESNO CA CLIMATE SUMMARY FOR JULY 30 2014...

CLIMATE NORMAL PERIOD 1981 TO 2010
CLIMATE RECORD PERIOD 1887 TO 2014


WEATHER ITEM   OBSERVED TIME   RECORD YEAR NORMAL DEPARTURE
                VALUE   (LST)  VALUE       VALUE  FROM
                                                  NORMAL
...............................................................
TEMPERATURE (F)
 YESTERDAY
  MAXIMUM        102    459 PM 114    1898  99      3
  MINIMUM         81    707 AM  57    1975  68     13
                                      1919
  AVERAGE         92                        84      8

PRECIPITATION (IN)
  YESTERDAY        T             0.03 1966   0.00   0.00
  MONTH TO DATE    0.01                      0.01   0.00
  SINCE JUL 1      0.01                      0.01   0.00
  SINCE JAN 1      4.09                      7.85  -3.76

SNOWFALL (IN)
  YESTERDAY        0.0
  MONTH TO DATE    0.0
  SINCE JUN 1      0.0
  SINCE JUL 1      0.0
  SNOW DEPTH       0

DEGREE DAYS
 HEATING
  YESTERDAY        0                                0
  MONTH TO DATE    0                                0
  SINCE JUN 1      0                               -3
  SINCE JUL 1      0                                0

 COOLING
  YESTERDAY       27                                9
  MONTH TO DATE  659                              117
  SINCE JUN 1   1144                              233
  SINCE JAN 1   1587                              435
...............................................................


WIND (MPH)
  HIGHEST WIND SPEED    13   HIGHEST WIND DIRECTION     N (340)
  HIGHEST GUST SPEED    19   HIGHEST GUST DIRECTION     E (100)
  AVERAGE WIND SPEED     4.0




RELATIVE HUMIDITY (PERCENT)
 HIGHEST    46
 LOWEST     19
 AVERAGE    33

..........................................................


THE FRESNO CA CLIMATE NORMALS FOR TODAY
                         NORMAL    RECORD    YEAR
 MAXIMUM TEMPERATURE (F)   99       114      1908
 MINIMUM TEMPERATURE (F)   68        53      1895


SUNRISE AND SUNSET
JULY 31 2014..........SUNRISE   604 AM PDT   SUNSET   806 PM PDT
AUGUST  1 2014........SUNRISE   605 AM PDT   SUNSET   805 PM PDT


-  INDICATES NEGATIVE NUMBERS.
R  INDICATES RECORD WAS SET OR TIED.
MM INDICATES DATA IS MISSING.
T  INDICATES TRACE AMOUNT.




$$
