000
CDUS46 KHNX 190837
CLIFAT


CLIMATE REPORT
NATIONAL WEATHER SERVICE SAN JOAQUIN VALLEY, CA
1235 AM PST THU JAN 19 2017


...................................

...THE FRESNO CA CLIMATE SUMMARY FOR JANUARY 18 2017...

CLIMATE NORMAL PERIOD 1981 TO 2010
CLIMATE RECORD PERIOD 1887 TO 2017


WEATHER ITEM   OBSERVED TIME   RECORD YEAR NORMAL DEPARTURE
                VALUE   (LST)  VALUE       VALUE  FROM
                                                  NORMAL
...............................................................
TEMPERATURE (F)
 YESTERDAY
  MAXIMUM         55    140 PM  70    2014  55      0
                                      2009
                                      1981
  MINIMUM         39    152 AM  23    1943  38      1
  AVERAGE         47                        47      0

PRECIPITATION (IN)
  YESTERDAY        0.46          0.91 1983   0.06   0.40
  MONTH TO DATE    4.32                      1.30   3.02
  SINCE OCT 1      8.88                      4.77   4.11
  SINCE JAN 1      4.32                      1.30   3.02

SNOWFALL (IN)
  YESTERDAY       MM
  MONTH TO DATE    0.0
  SINCE DEC 1      0.0
  SINCE JUL 1      0.0
  SNOW DEPTH       0

DEGREE DAYS
 HEATING
  YESTERDAY       18                                0
  MONTH TO DATE  291                              -54
  SINCE DEC 1    835                              -85
  SINCE JUL 1   1086                             -222

 COOLING
  YESTERDAY        0                                0
  MONTH TO DATE    0                                0
  SINCE DEC 1      0                                0
  SINCE JAN 1      0                                0
...............................................................


WIND (MPH)
  HIGHEST WIND SPEED    18   HIGHEST WIND DIRECTION    SE (120)
  HIGHEST GUST SPEED    26   HIGHEST GUST DIRECTION    SE (120)
  AVERAGE WIND SPEED     7.8




RELATIVE HUMIDITY (PERCENT)
 HIGHEST    92
 LOWEST     55
 AVERAGE    74

..........................................................


THE FRESNO CA CLIMATE NORMALS FOR TODAY
                         NORMAL    RECORD    YEAR
 MAXIMUM TEMPERATURE (F)   55        73      2014
                                             1981
 MINIMUM TEMPERATURE (F)   38        24      1943
                                             1922


SUNRISE AND SUNSET
JANUARY 19 2017.......SUNRISE   709 AM PST   SUNSET   511 PM PST
JANUARY 20 2017.......SUNRISE   708 AM PST   SUNSET   512 PM PST


-  INDICATES NEGATIVE NUMBERS.
R  INDICATES RECORD WAS SET OR TIED.
MM INDICATES DATA IS MISSING.
T  INDICATES TRACE AMOUNT.




$$
