979
CDUS46 KHNX 100827
CLIFAT


CLIMATE REPORT
NATIONAL WEATHER SERVICE SAN JOAQUIN VALLEY, CA
1227 AM PST WED FEB 10 2016


...................................

...THE FRESNO CA CLIMATE SUMMARY FOR FEBRUARY 9 2016...

CLIMATE NORMAL PERIOD 1981 TO 2010
CLIMATE RECORD PERIOD 1887 TO 2016


WEATHER ITEM   OBSERVED TIME   RECORD YEAR NORMAL DEPARTURE
                VALUE   (LST)  VALUE       VALUE  FROM
                                                  NORMAL
...............................................................
TEMPERATURE (F)
 YESTERDAY
  MAXIMUM         78R   346 PM  71    2012  60     18
                                      2006
                                      1918
  MINIMUM         43    730 AM  27    1891  41      2
  AVERAGE         61                        50     11

PRECIPITATION (IN)
  YESTERDAY        0.00          1.50 1976   0.07  -0.07
  MONTH TO DATE    0.00                      0.66  -0.66
  SINCE OCT 1      9.62                      6.32   3.30
  SINCE JAN 1      4.42                      2.85   1.57

SNOWFALL (IN)
  YESTERDAY        0.0
  MONTH TO DATE    0.0
  SINCE DEC 1      0.0
  SINCE JUL 1      0.0
  SNOW DEPTH       0

DEGREE DAYS
 HEATING
  YESTERDAY        4                              -11
  MONTH TO DATE  132                               -7
  SINCE DEC 1   1175                             -111
  SINCE JUL 1   1565                             -109

 COOLING
  YESTERDAY        0                                0
  MONTH TO DATE    0                                0
  SINCE DEC 1      0                                0
  SINCE JAN 1      0                                0
...............................................................


WIND (MPH)
  HIGHEST WIND SPEED     8   HIGHEST WIND DIRECTION     W (290)
  HIGHEST GUST SPEED    10   HIGHEST GUST DIRECTION     W (270)
  AVERAGE WIND SPEED     2.3




RELATIVE HUMIDITY (PERCENT)
 HIGHEST    89
 LOWEST     31
 AVERAGE    60

..........................................................


THE FRESNO CA CLIMATE NORMALS FOR TODAY
                         NORMAL    RECORD    YEAR
 MAXIMUM TEMPERATURE (F)   61        75      1961
 MINIMUM TEMPERATURE (F)   41        29      1965
                                             1946


SUNRISE AND SUNSET
FEBRUARY 10 2016......SUNRISE   653 AM PST   SUNSET   534 PM PST
FEBRUARY 11 2016......SUNRISE   652 AM PST   SUNSET   535 PM PST


-  INDICATES NEGATIVE NUMBERS.
R  INDICATES RECORD WAS SET OR TIED.
MM INDICATES DATA IS MISSING.
T  INDICATES TRACE AMOUNT.




$$
