000
CDUS46 KHNX 300821
CLIFAT


CLIMATE REPORT
NATIONAL WEATHER SERVICE SAN JOAQUIN VALLEY, CA
120 AM PDT TUE JUN 30 2015


...................................

...THE FRESNO CA CLIMATE SUMMARY FOR JUNE 29 2015...

CLIMATE NORMAL PERIOD 1981 TO 2010
CLIMATE RECORD PERIOD 1887 TO 2015


WEATHER ITEM   OBSERVED TIME   RECORD YEAR NORMAL DEPARTURE
                VALUE   (LST)  VALUE       VALUE  FROM
                                                  NORMAL
...............................................................
TEMPERATURE (F)
 YESTERDAY
  MAXIMUM         98    459 PM 110    1891  96      2
  MINIMUM         70    640 AM  49    1963  66      4
  AVERAGE         84                        81      3

PRECIPITATION (IN)
  YESTERDAY        0.00          0.27 2011   0.00   0.00
  MONTH TO DATE    0.01                      0.21  -0.20
  SINCE OCT 1      6.42                     11.31  -4.89
  SINCE JAN 1      3.23                      7.84  -4.61

SNOWFALL (IN)
  YESTERDAY        0.0
  MONTH TO DATE    0.0
  SINCE JUN 1      0.0
  SINCE JUL 1      0.0
  SNOW DEPTH       0

DEGREE DAYS
 HEATING
  YESTERDAY        0                                0
  MONTH TO DATE    0                                0
  SINCE JUN 1      0                                0
  SINCE JUL 1   1519                             -824

 COOLING
  YESTERDAY       19                                3
  MONTH TO DATE  487                              134
  SINCE JUN 1    487                              134
  SINCE JAN 1    760                              166
...............................................................


WIND (MPH)
  HIGHEST WIND SPEED    15   HIGHEST WIND DIRECTION    NW (310)
  HIGHEST GUST SPEED    20   HIGHEST GUST DIRECTION    NW (320)
  AVERAGE WIND SPEED     6.7




RELATIVE HUMIDITY (PERCENT)
 HIGHEST    53
 LOWEST     22
 AVERAGE    38

..........................................................


THE FRESNO CA CLIMATE NORMALS FOR TODAY
                         NORMAL    RECORD    YEAR
 MAXIMUM TEMPERATURE (F)   96       112      1891
 MINIMUM TEMPERATURE (F)   66        53      1970
                                             1958


SUNRISE AND SUNSET
JUNE 30 2015..........SUNRISE   543 AM PDT   SUNSET   822 PM PDT
JULY  1 2015..........SUNRISE   544 AM PDT   SUNSET   822 PM PDT


-  INDICATES NEGATIVE NUMBERS.
R  INDICATES RECORD WAS SET OR TIED.
MM INDICATES DATA IS MISSING.
T  INDICATES TRACE AMOUNT.




$$
