000
CDUS46 KHNX 260826
CLIFAT


CLIMATE REPORT
NATIONAL WEATHER SERVICE SAN JOAQUIN VALLEY, CA
125 AM PDT THU MAY 26 2016


...................................

...THE FRESNO CA CLIMATE SUMMARY FOR MAY 25 2016...

CLIMATE NORMAL PERIOD 1981 TO 2010
CLIMATE RECORD PERIOD 1887 TO 2016


WEATHER ITEM   OBSERVED TIME   RECORD YEAR NORMAL DEPARTURE
                VALUE   (LST)  VALUE       VALUE  FROM
                                                  NORMAL
...............................................................
TEMPERATURE (F)
 YESTERDAY
  MAXIMUM         79    319 PM 102    1890  87     -8
  MINIMUM         55    615 AM  42    1980  58     -3
  AVERAGE         67                        72     -5

PRECIPITATION (IN)
  YESTERDAY        0.00          0.24 1901   0.01  -0.01
  MONTH TO DATE    0.29                      0.36  -0.07
  SINCE OCT 1     14.23                     11.03   3.20
  SINCE JAN 1      9.03                      7.56   1.47

SNOWFALL (IN)
  YESTERDAY        0.0
  MONTH TO DATE    0.0
  SINCE MAR 1      0.0
  SINCE JUL 1      0.0
  SNOW DEPTH       0

DEGREE DAYS
 HEATING
  YESTERDAY        0                                0
  MONTH TO DATE   10                              -19
  SINCE MAR 1    246                             -184
  SINCE JUL 1   1947                             -395

 COOLING
  YESTERDAY        2                               -6
  MONTH TO DATE  140                                1
  SINCE MAR 1    204                               14
  SINCE JAN 1    204                               14
...............................................................


WIND (MPH)
  HIGHEST WIND SPEED    17   HIGHEST WIND DIRECTION     E (90)
  HIGHEST GUST SPEED    22   HIGHEST GUST DIRECTION     E (80)
  AVERAGE WIND SPEED     8.7




RELATIVE HUMIDITY (PERCENT)
 HIGHEST    77
 LOWEST     33
 AVERAGE    55

..........................................................


THE FRESNO CA CLIMATE NORMALS FOR TODAY
                         NORMAL    RECORD    YEAR
 MAXIMUM TEMPERATURE (F)   87       103      1974
                                             1951
 MINIMUM TEMPERATURE (F)   58        40      1953


SUNRISE AND SUNSET
MAY 26 2016...........SUNRISE   544 AM PDT   SUNSET   809 PM PDT
MAY 27 2016...........SUNRISE   543 AM PDT   SUNSET   809 PM PDT


-  INDICATES NEGATIVE NUMBERS.
R  INDICATES RECORD WAS SET OR TIED.
MM INDICATES DATA IS MISSING.
T  INDICATES TRACE AMOUNT.




$$
