000
CDUS46 KHNX 170823
CLIFAT


CLIMATE REPORT
NATIONAL WEATHER SERVICE SAN JOAQUIN VALLEY, CA
123 AM PDT TUE OCT 17 2017


...................................

...THE FRESNO CA CLIMATE SUMMARY FOR OCTOBER 16 2017...

CLIMATE NORMAL PERIOD 1981 TO 2010
CLIMATE RECORD PERIOD 1887 TO 2017


WEATHER ITEM   OBSERVED TIME   RECORD YEAR NORMAL DEPARTURE
                VALUE   (LST)  VALUE       VALUE  FROM
                                                  NORMAL
...............................................................
TEMPERATURE (F)
 YESTERDAY
  MAXIMUM         84    330 PM  96    1961  80      4
  MINIMUM         50    640 AM  36    1966  53     -3
  AVERAGE         67                        66      1

PRECIPITATION (IN)
  YESTERDAY        0.00          0.42 1963   0.02  -0.02
  MONTH TO DATE    0.00                      0.22  -0.22
  SINCE OCT 1      0.00                      0.22  -0.22
  SINCE JAN 1     12.80                      8.25   4.55

SNOWFALL (IN)
  YESTERDAY        0.0
  MONTH TO DATE    0.0
  SINCE SEP 1      0.0
  SINCE JUL 1      0.0
  SNOW DEPTH       0

DEGREE DAYS
 HEATING
  YESTERDAY        0                               -2
  MONTH TO DATE   19                                6
  SINCE SEP 1     23                                8
  SINCE JUL 1     23                                8

 COOLING
  YESTERDAY        2                               -1
  MONTH TO DATE   26                              -54
  SINCE SEP 1    401                              -17
  SINCE JAN 1   2440                              338
...............................................................


WIND (MPH)
  HIGHEST WIND SPEED     7   HIGHEST WIND DIRECTION    NE (60)
  HIGHEST GUST SPEED     9   HIGHEST GUST DIRECTION     N (360)
  AVERAGE WIND SPEED     2.5




RELATIVE HUMIDITY (PERCENT)
 HIGHEST    64
 LOWEST     18
 AVERAGE    41

..........................................................


THE FRESNO CA CLIMATE NORMALS FOR TODAY
                         NORMAL    RECORD    YEAR
 MAXIMUM TEMPERATURE (F)   79        97      1959
 MINIMUM TEMPERATURE (F)   53        36      1893
                                             1892


SUNRISE AND SUNSET
OCTOBER 17 2017.......SUNRISE   708 AM PDT   SUNSET   619 PM PDT
OCTOBER 18 2017.......SUNRISE   709 AM PDT   SUNSET   618 PM PDT


-  INDICATES NEGATIVE NUMBERS.
R  INDICATES RECORD WAS SET OR TIED.
MM INDICATES DATA IS MISSING.
T  INDICATES TRACE AMOUNT.




$$
