929
CDUS46 KHNX 250824
CLIFAT


CLIMATE REPORT
NATIONAL WEATHER SERVICE SAN JOAQUIN VALLEY, CA
123 AM PDT SAT MAR 25 2017


...................................

...THE FRESNO CA CLIMATE SUMMARY FOR MARCH 24 2017...

CLIMATE NORMAL PERIOD 1981 TO 2010
CLIMATE RECORD PERIOD 1887 TO 2017


WEATHER ITEM   OBSERVED TIME   RECORD YEAR NORMAL DEPARTURE
                VALUE   (LST)  VALUE       VALUE  FROM
                                                  NORMAL
...............................................................
TEMPERATURE (F)
 YESTERDAY
  MAXIMUM         62   1209 PM  85    2014  69     -7
  MINIMUM         49    357 AM  34    1945  46      3
  AVERAGE         56                        58     -2

PRECIPITATION (IN)
  YESTERDAY        0.09          1.54 1950   0.06   0.03
  MONTH TO DATE    0.47                      1.65  -1.18
  SINCE OCT 1     13.05                      9.34   3.71
  SINCE JAN 1      8.49                      5.87   2.62

SNOWFALL (IN)
  YESTERDAY        0.0
  MONTH TO DATE    0.0
  SINCE MAR 1      0.0
  SINCE JUL 1      0.0
  SNOW DEPTH       0

DEGREE DAYS
 HEATING
  YESTERDAY        9                                1
  MONTH TO DATE  151                              -64
  SINCE MAR 1    151                              -64
  SINCE JUL 1   1765                             -362

 COOLING
  YESTERDAY        0                                0
  MONTH TO DATE   17                               17
  SINCE MAR 1     17                               17
  SINCE JAN 1     17                               17
...............................................................


WIND (MPH)
  HIGHEST WIND SPEED    15   HIGHEST WIND DIRECTION     E (70)
  HIGHEST GUST SPEED    18   HIGHEST GUST DIRECTION     E (70)
  AVERAGE WIND SPEED     7.1




RELATIVE HUMIDITY (PERCENT)
 HIGHEST    93
 LOWEST     55
 AVERAGE    74

..........................................................


THE FRESNO CA CLIMATE NORMALS FOR TODAY
                         NORMAL    RECORD    YEAR
 MAXIMUM TEMPERATURE (F)   69        85      1997
 MINIMUM TEMPERATURE (F)   46        32      1964


SUNRISE AND SUNSET
MARCH 25 2017.........SUNRISE   655 AM PDT   SUNSET   715 PM PDT
MARCH 26 2017.........SUNRISE   653 AM PDT   SUNSET   716 PM PDT


-  INDICATES NEGATIVE NUMBERS.
R  INDICATES RECORD WAS SET OR TIED.
MM INDICATES DATA IS MISSING.
T  INDICATES TRACE AMOUNT.




$$
