000
CDUS42 KRAH 030746
CLIFAY


CLIMATE REPORT
NATIONAL WEATHER SERVICE RALEIGH NC
343 AM EDT THU SEP 3 2015


...................................

...THE FAYETTEVILLE REGL AIRPORT NC CLIMATE SUMMARY FOR SEPTEMBER 2 2015...

CLIMATE NORMAL PERIOD 1981 TO 2010
CLIMATE RECORD PERIOD 1910 TO 2015


WEATHER ITEM   OBSERVED TIME   RECORD YEAR NORMAL DEPARTURE LAST
                VALUE   (LST)  VALUE       VALUE  FROM      YEAR
                                                  NORMAL
..................................................................
TEMPERATURE (F)
 YESTERDAY
  MAXIMUM         93    432 PM 103    1932  87      6       98
  MINIMUM         72    622 AM  49    1967  67      5       75
  AVERAGE         83                        77      6       87

PRECIPITATION (IN)
  YESTERDAY        0.00          1.16 1955   0.14  -0.14     0.47
  MONTH TO DATE    0.00                      0.29  -0.29     0.47
  SINCE SEP 1      0.00                      0.29  -0.29     0.47
  SINCE JAN 1     30.79                     31.72  -0.93    27.39

DEGREE DAYS
 HEATING
  YESTERDAY        0                         0      0        0
  MONTH TO DATE    0                         0      0        0
  SINCE SEP 1      0                         0      0        0
  SINCE JUL 1      0                         0      0        0

 COOLING
  YESTERDAY       18                        12      6       22
  MONTH TO DATE   33                        25      8       43
  SINCE SEP 1     33                        25      8       43
  SINCE JAN 1   1868                      1665    203     1784
..................................................................


WIND (MPH)
  HIGHEST WIND SPEED    10   HIGHEST WIND DIRECTION     S (200)
  HIGHEST GUST SPEED    15   HIGHEST GUST DIRECTION    SW (240)
  AVERAGE WIND SPEED     4.5


SKY COVER
  POSSIBLE SUNSHINE  MM
  AVERAGE SKY COVER 0.1


WEATHER CONDITIONS
 THE FOLLOWING WEATHER WAS RECORDED YESTERDAY.
  FOG


RELATIVE HUMIDITY (PERCENT)
 HIGHEST    93           100 AM
 LOWEST     41           400 PM
 AVERAGE    67

..........................................................


THE FAYETTEVILLE REGL AIRPORT NC CLIMATE NORMALS FOR TODAY
                         NORMAL    RECORD    YEAR
 MAXIMUM TEMPERATURE (F)   87       101      2010
 MINIMUM TEMPERATURE (F)   67        49      1967


SUNRISE AND SUNSET
SEPTEMBER  3 2015.....SUNRISE   649 AM EDT   SUNSET   740 PM EDT
SEPTEMBER  4 2015.....SUNRISE   650 AM EDT   SUNSET   738 PM EDT


-  INDICATES NEGATIVE NUMBERS.
R  INDICATES RECORD WAS SET OR TIED.
MM INDICATES DATA IS MISSING.
T  INDICATES TRACE AMOUNT.




$$
