000
CDUS42 KRAH 220748
CLIFAY


CLIMATE REPORT
NATIONAL WEATHER SERVICE RALEIGH NC
346 AM EDT SAT JUL 22 2017


...................................

...THE FAYETTEVILLE REGL AIRPORT NC CLIMATE SUMMARY FOR JULY 21 2017...

CLIMATE NORMAL PERIOD 1981 TO 2010
CLIMATE RECORD PERIOD 1910 TO 2017


WEATHER ITEM   OBSERVED TIME   RECORD YEAR NORMAL DEPARTURE LAST
                VALUE   (LST)  VALUE       VALUE  FROM      YEAR
                                                  NORMAL
..................................................................
TEMPERATURE (F)
 YESTERDAY
  MAXIMUM        101    319 PM 105    1932  91     10       93
  MINIMUM         80    406 PM  61    1978  72      8       72
  AVERAGE         91                        82      9       83

PRECIPITATION (IN)
  YESTERDAY        0.45          2.93 1939   0.22   0.23     0.00
  MONTH TO DATE    5.55                      3.90   1.65     4.50
  SINCE JUN 1     10.11                      8.25   1.86     7.71
  SINCE JAN 1     25.75                     23.92   1.83    25.28

DEGREE DAYS
 HEATING
  YESTERDAY        0                         0      0        0
  MONTH TO DATE    0                         0      0        0
  SINCE JUN 1      0                         0      0        0
  SINCE JUL 1      0                         0      0        0

 COOLING
  YESTERDAY       26                        17      9       18
  MONTH TO DATE  424                       346     78      395
  SINCE JUN 1    856                       742    114      847
  SINCE JAN 1   1359                      1026    333     1183
..................................................................


WIND (MPH)
  HIGHEST WIND SPEED    31   HIGHEST WIND DIRECTION     N (350)
  HIGHEST GUST SPEED    42   HIGHEST GUST DIRECTION     N (20)
  AVERAGE WIND SPEED     8.4


SKY COVER
  POSSIBLE SUNSHINE  MM
  AVERAGE SKY COVER 0.0


WEATHER CONDITIONS
 THE FOLLOWING WEATHER WAS RECORDED YESTERDAY.
  THUNDERSTORM
  HEAVY RAIN
  LIGHT RAIN
  HAZE


RELATIVE HUMIDITY (PERCENT)
 HIGHEST    85           200 AM
 LOWEST     45           300 PM
 AVERAGE    65

..........................................................


THE FAYETTEVILLE REGL AIRPORT NC CLIMATE NORMALS FOR TODAY
                         NORMAL    RECORD    YEAR
 MAXIMUM TEMPERATURE (F)   91       107      1932
 MINIMUM TEMPERATURE (F)   72        57      1966


SUNRISE AND SUNSET
JULY 22 2017..........SUNRISE   618 AM EDT   SUNSET   826 PM EDT
JULY 23 2017..........SUNRISE   619 AM EDT   SUNSET   825 PM EDT


-  INDICATES NEGATIVE NUMBERS.
R  INDICATES RECORD WAS SET OR TIED.
MM INDICATES DATA IS MISSING.
T  INDICATES TRACE AMOUNT.




$$
