000
CDUS42 KRAH 230746
CLIFAY


CLIMATE REPORT
NATIONAL WEATHER SERVICE RALEIGH NC
343 AM EDT SUN APR 23 2017


...................................

...THE FAYETTEVILLE REGL AIRPORT NC CLIMATE SUMMARY FOR APRIL 22 2017...

CLIMATE NORMAL PERIOD 1981 TO 2010
CLIMATE RECORD PERIOD 1910 TO 2017


WEATHER ITEM   OBSERVED TIME   RECORD YEAR NORMAL DEPARTURE LAST
                VALUE   (LST)  VALUE       VALUE  FROM      YEAR
                                                  NORMAL
..................................................................
TEMPERATURE (F)
 YESTERDAY
  MAXIMUM         91    249 PM  93    1952  77     14       76
  MINIMUM         63    541 AM  33    1953  52     11       63
  AVERAGE         77                        64     13       70

PRECIPITATION (IN)
  YESTERDAY        0.08          2.45 1992   0.11  -0.03     0.83
  MONTH TO DATE    1.19                      2.25  -1.06     2.16
  SINCE MAR 1      3.87                      5.80  -1.93     3.17
  SINCE JAN 1      7.29                     11.86  -4.57    11.01

DEGREE DAYS
 HEATING
  YESTERDAY        0                         3     -3        0
  MONTH TO DATE   35                       116    -81      139
  SINCE MAR 1    384                       460    -76      329
  SINCE JUL 1   2006                      2685   -679     2142

 COOLING
  YESTERDAY       12                         3      9        5
  MONTH TO DATE   99                        41     58       29
  SINCE MAR 1    135                        53     82       91
  SINCE JAN 1    150                        57     93       91
..................................................................


WIND (MPH)
  HIGHEST WIND SPEED    24   HIGHEST WIND DIRECTION    SW (230)
  HIGHEST GUST SPEED    32   HIGHEST GUST DIRECTION     W (250)
  AVERAGE WIND SPEED    11.9


SKY COVER
  POSSIBLE SUNSHINE  MM
  AVERAGE SKY COVER 0.1


WEATHER CONDITIONS
 THE FOLLOWING WEATHER WAS RECORDED YESTERDAY.
  THUNDERSTORM
  RAIN
  LIGHT RAIN
  FOG


RELATIVE HUMIDITY (PERCENT)
 HIGHEST    87           600 AM
 LOWEST     32           200 PM
 AVERAGE    60

..........................................................


THE FAYETTEVILLE REGL AIRPORT NC CLIMATE NORMALS FOR TODAY
                         NORMAL    RECORD    YEAR
 MAXIMUM TEMPERATURE (F)   77        93      1957
 MINIMUM TEMPERATURE (F)   52        35      1927


SUNRISE AND SUNSET
APRIL 23 2017.........SUNRISE   633 AM EDT   SUNSET   755 PM EDT
APRIL 24 2017.........SUNRISE   632 AM EDT   SUNSET   756 PM EDT


-  INDICATES NEGATIVE NUMBERS.
R  INDICATES RECORD WAS SET OR TIED.
MM INDICATES DATA IS MISSING.
T  INDICATES TRACE AMOUNT.




$$
