000
CDUS42 KRAH 280605
CLIFAY


CLIMATE REPORT
NATIONAL WEATHER SERVICE RALEIGH NC
201 AM EDT MON JUL 28 2014


...................................

...THE FAYETTEVILLE REGL AIRPORT NC CLIMATE SUMMARY FOR JULY 27 2014...

CLIMATE NORMAL PERIOD 1981 TO 2010
CLIMATE RECORD PERIOD 1910 TO 2014


WEATHER ITEM   OBSERVED TIME   RECORD YEAR NORMAL DEPARTURE LAST
                VALUE   (LST)  VALUE       VALUE  FROM      YEAR
                                                  NORMAL
..................................................................
TEMPERATURE (F)
 YESTERDAY
  MAXIMUM         94    331 PM 106    1940  91      3       89
  MINIMUM         76    631 AM  56    1920  71      5       68
  AVERAGE         85                        81      4       79

PRECIPITATION (IN)
  YESTERDAY        T             2.08 1969   0.22  -0.22     0.17
  MONTH TO DATE    1.83                      5.20  -3.37     7.01
  SINCE JUN 1      4.52                      9.55  -5.03    15.59
  SINCE JAN 1     22.97                     25.22  -2.25    28.93

DEGREE DAYS
 HEATING
  YESTERDAY        0                         0      0        0
  MONTH TO DATE    0                         0      0        0
  SINCE JUN 1      0                         0      0        0
  SINCE JUL 1      0                         0      0        0

 COOLING
  YESTERDAY       20                        16      4       14
  MONTH TO DATE  425                       443    -18      438
  SINCE JUN 1    882                       839     43      833
  SINCE JAN 1   1248                      1123    125     1082
..................................................................


WIND (MPH)
  HIGHEST WIND SPEED    20   HIGHEST WIND DIRECTION    SW (230)
  HIGHEST GUST SPEED    26   HIGHEST GUST DIRECTION    SW (210)
  AVERAGE WIND SPEED     9.4


SKY COVER
  POSSIBLE SUNSHINE  MM
  AVERAGE SKY COVER 0.2


WEATHER CONDITIONS
 THE FOLLOWING WEATHER WAS RECORDED YESTERDAY.
  FOG
  HAZE


RELATIVE HUMIDITY (PERCENT)
 HIGHEST   100           300 AM
 LOWEST     46           300 PM
 AVERAGE    73

..........................................................


THE FAYETTEVILLE REGL AIRPORT NC CLIMATE NORMALS FOR TODAY
                         NORMAL    RECORD    YEAR
 MAXIMUM TEMPERATURE (F)   91       105      1940
 MINIMUM TEMPERATURE (F)   71        55      1920


SUNRISE AND SUNSET
JULY 28 2014..........SUNRISE   622 AM EDT   SUNSET   822 PM EDT
JULY 29 2014..........SUNRISE   623 AM EDT   SUNSET   821 PM EDT


-  INDICATES NEGATIVE NUMBERS.
R  INDICATES RECORD WAS SET OR TIED.
MM INDICATES DATA IS MISSING.
T  INDICATES TRACE AMOUNT.




$$
