000
CDUS42 KRAH 020833
CLIFAY


CLIMATE REPORT
NATIONAL WEATHER SERVICE RALEIGH NC
432 AM EDT THU JUL 2 2015


...................................

...THE FAYETTEVILLE REGL AIRPORT NC CLIMATE SUMMARY FOR JULY 1 2015...

CLIMATE NORMAL PERIOD 1981 TO 2010
CLIMATE RECORD PERIOD 1910 TO 2015


WEATHER ITEM   OBSERVED TIME   RECORD YEAR NORMAL DEPARTURE LAST
                VALUE   (LST)  VALUE       VALUE  FROM      YEAR
                                                  NORMAL
..................................................................
TEMPERATURE (F)
 YESTERDAY
  MAXIMUM         85    407 PM 104    1959  91     -6       93
  MINIMUM         69    230 AM  52    1919  71     -2       71
  AVERAGE         77                        81     -4       82

PRECIPITATION (IN)
  YESTERDAY        0.00          3.20 1985   0.16  -0.16      T
  MONTH TO DATE    0.00                      0.16  -0.16      T
  SINCE JUN 1      9.14                      4.51   4.63     2.69
  SINCE JAN 1     24.41                     20.18   4.23    21.14

DEGREE DAYS
 HEATING
  YESTERDAY        0                         0      0        0
  MONTH TO DATE    0                         0      0        0
  SINCE JUN 1      0                         0      0        0
  SINCE JUL 1      0                         0      0        0

 COOLING
  YESTERDAY       12                        16     -4       17
  MONTH TO DATE   12                        16     -4       17
  SINCE JUN 1    501                       412     89      474
  SINCE JAN 1    831                       696    135      840
..................................................................


WIND (MPH)
  HIGHEST WIND SPEED    13   HIGHEST WIND DIRECTION    SW (230)
  HIGHEST GUST SPEED    16   HIGHEST GUST DIRECTION    SW (230)
  AVERAGE WIND SPEED     7.8


SKY COVER
  POSSIBLE SUNSHINE  MM
  AVERAGE SKY COVER 0.5


WEATHER CONDITIONS
 THE FOLLOWING WEATHER WAS RECORDED YESTERDAY.
  FOG


RELATIVE HUMIDITY (PERCENT)
 HIGHEST    97           100 AM
 LOWEST     61           400 PM
 AVERAGE    79

..........................................................


THE FAYETTEVILLE REGL AIRPORT NC CLIMATE NORMALS FOR TODAY
                         NORMAL    RECORD    YEAR
 MAXIMUM TEMPERATURE (F)   91       106      1931
 MINIMUM TEMPERATURE (F)   71        53      1988


SUNRISE AND SUNSET
JULY  2 2015..........SUNRISE   606 AM EDT   SUNSET   833 PM EDT
JULY  3 2015..........SUNRISE   606 AM EDT   SUNSET   833 PM EDT


-  INDICATES NEGATIVE NUMBERS.
R  INDICATES RECORD WAS SET OR TIED.
MM INDICATES DATA IS MISSING.
T  INDICATES TRACE AMOUNT.




$$
