000
CDUS42 KRAH 100558
CLIFAY


CLIMATE REPORT
NATIONAL WEATHER SERVICE RALEIGH NC
156 AM EDT THU JUL 10 2014


...................................

...THE FAYETTEVILLE REGL AIRPORT NC CLIMATE SUMMARY FOR JULY 9 2014...

CLIMATE NORMAL PERIOD 1981 TO 2010
CLIMATE RECORD PERIOD 1910 TO 2014


WEATHER ITEM   OBSERVED TIME   RECORD YEAR NORMAL DEPARTURE LAST
                VALUE   (LST)  VALUE       VALUE  FROM      YEAR
                                                  NORMAL
..................................................................
TEMPERATURE (F)
 YESTERDAY
  MAXIMUM        100    309 PM 103    1977  91      9       88
  MINIMUM         77    554 AM  55    1984  72      5       74
  AVERAGE         89                        81      8       81

PRECIPITATION (IN)
  YESTERDAY        0.00          3.76 1927   0.17  -0.17     0.28
  MONTH TO DATE    0.08                      1.52  -1.44     4.69
  SINCE JUN 1      2.77                      5.87  -3.10    13.27
  SINCE JAN 1     21.22                     21.54  -0.32    26.61

DEGREE DAYS
 HEATING
  YESTERDAY        0                         0      0        0
  MONTH TO DATE    0                         0      0        0
  SINCE JUN 1      0                         0      0        0
  SINCE JUL 1      0                         0      0        0

 COOLING
  YESTERDAY       24                        16      8       16
  MONTH TO DATE  152                       144      8      138
  SINCE JUN 1    609                       540     69      533
  SINCE JAN 1    975                       824    151      782
..................................................................


WIND (MPH)
  HIGHEST WIND SPEED    26   HIGHEST WIND DIRECTION    NW (320)
  HIGHEST GUST SPEED    39   HIGHEST GUST DIRECTION     W (250)
  AVERAGE WIND SPEED    11.2


SKY COVER
  POSSIBLE SUNSHINE  MM
  AVERAGE SKY COVER 0.1


WEATHER CONDITIONS
 THE FOLLOWING WEATHER WAS RECORDED YESTERDAY.
  THUNDERSTORM
  FOG
  HAZE


RELATIVE HUMIDITY (PERCENT)
 HIGHEST    88           500 AM
 LOWEST     24           200 PM
 AVERAGE    56

..........................................................


THE FAYETTEVILLE REGL AIRPORT NC CLIMATE NORMALS FOR TODAY
                         NORMAL    RECORD    YEAR
 MAXIMUM TEMPERATURE (F)   91       103      1986
 MINIMUM TEMPERATURE (F)   72        56      1984


SUNRISE AND SUNSET
JULY 10 2014..........SUNRISE   610 AM EDT   SUNSET   832 PM EDT
JULY 11 2014..........SUNRISE   610 AM EDT   SUNSET   831 PM EDT


-  INDICATES NEGATIVE NUMBERS.
R  INDICATES RECORD WAS SET OR TIED.
MM INDICATES DATA IS MISSING.
T  INDICATES TRACE AMOUNT.

$$
