000
CDUS42 KRAH 060926
CLIFAY


CLIMATE REPORT
NATIONAL WEATHER SERVICE RALEIGH NC
410 AM EST SAT FEB 6 2016


...................................

...THE FAYETTEVILLE REGL AIRPORT NC CLIMATE SUMMARY FOR FEBRUARY 5 2016...

CLIMATE NORMAL PERIOD 1981 TO 2010
CLIMATE RECORD PERIOD 1910 TO 2016


WEATHER ITEM   OBSERVED TIME   RECORD YEAR NORMAL DEPARTURE LAST
                VALUE   (LST)  VALUE       VALUE  FROM      YEAR
                                                  NORMAL
..................................................................
TEMPERATURE (F)
 YESTERDAY
  MAXIMUM         50    413 PM  82    1957  57     -7       56
  MINIMUM         32   1159 PM   6    1996  34     -2       31
  AVERAGE         41                        46     -5       44

PRECIPITATION (IN)
  YESTERDAY        T             2.04 1959   0.10  -0.10     0.01
  MONTH TO DATE    2.23                      0.45   1.78     0.52
  SINCE DEC 1     10.44                      6.40   4.04     9.11
  SINCE JAN 1      3.93                      3.75   0.18     4.89

DEGREE DAYS
 HEATING
  YESTERDAY       24                        19      5       21
  MONTH TO DATE   44                        99    -55      107
  SINCE DEC 1    997                      1377   -380     1330
  SINCE JUL 1   1316                      1825   -509     1874

 COOLING
  YESTERDAY        0                         0      0        0
  MONTH TO DATE    0                         0      0        0
  SINCE DEC 1     47                         4     43        0
  SINCE JAN 1      0                         2     -2        0
..................................................................


WIND (MPH)
  HIGHEST WIND SPEED    24   HIGHEST WIND DIRECTION     N (10)
  HIGHEST GUST SPEED    35   HIGHEST GUST DIRECTION     N (10)
  AVERAGE WIND SPEED    11.5


SKY COVER
  POSSIBLE SUNSHINE  MM
  AVERAGE SKY COVER 0.5


WEATHER CONDITIONS
 THE FOLLOWING WEATHER WAS RECORDED YESTERDAY.
  LIGHT RAIN
  FOG


RELATIVE HUMIDITY (PERCENT)
 HIGHEST    93          1200 AM
 LOWEST     29           300 PM
 AVERAGE    61

..........................................................


THE FAYETTEVILLE REGL AIRPORT NC CLIMATE NORMALS FOR TODAY
                         NORMAL    RECORD    YEAR
 MAXIMUM TEMPERATURE (F)   57        82      1927
 MINIMUM TEMPERATURE (F)   34         5      1996


SUNRISE AND SUNSET
FEBRUARY  6 2016......SUNRISE   711 AM EST   SUNSET   549 PM EST
FEBRUARY  7 2016......SUNRISE   710 AM EST   SUNSET   550 PM EST


-  INDICATES NEGATIVE NUMBERS.
R  INDICATES RECORD WAS SET OR TIED.
MM INDICATES DATA IS MISSING.
T  INDICATES TRACE AMOUNT.




$$
