000
CDUS42 KRAH 290037
CLIFAY


CLIMATE REPORT
NATIONAL WEATHER SERVICE RALEIGH NC
833 PM EDT SAT MAY 28 2016


...................................

...THE FAYETTEVILLE REGL AIRPORT NC CLIMATE SUMMARY FOR MAY 28 2016...
VALID AS OF 0800 PM LOCAL TIME.

CLIMATE NORMAL PERIOD 1981 TO 2010
CLIMATE RECORD PERIOD 1910 TO 2016


WEATHER ITEM   OBSERVED TIME   RECORD YEAR NORMAL DEPARTURE LAST
                VALUE   (LST)  VALUE       VALUE  FROM      YEAR
                                                  NORMAL
..................................................................
TEMPERATURE (F)
 TODAY
  MAXIMUM         88    224 PM 102    1941  85      3       88
  MINIMUM         59    501 AM  40    1961  63     -4       68
  AVERAGE         74                        74      0       78

PRECIPITATION (IN)
  TODAY            0.00          1.75 1995   0.14  -0.14     0.02
  MONTH TO DATE    3.93                      2.78   1.15     2.26
  SINCE MAR 1      8.47                      9.15  -0.68     7.62
  SINCE JAN 1     16.31                     15.21   1.10    15.27

DEGREE DAYS
 HEATING
  TODAY            0                         0      0        0
  MONTH TO DATE   27                        23      4       10
  SINCE MAR 1    356                       505   -149      446
  SINCE JUL 1   2169                      2730   -561     2942

 COOLING
  TODAY            9                         9      0       13
  MONTH TO DATE  161                       171    -10      202
  SINCE MAR 1    296                       250     46      294
  SINCE JAN 1    296                       254     42      294
..................................................................


WIND (MPH)
  HIGHEST WIND SPEED    16   HIGHEST WIND DIRECTION     E (110)
  HIGHEST GUST SPEED    20   HIGHEST GUST DIRECTION     E (110)
  AVERAGE WIND SPEED     5.5


SKY COVER
  POSSIBLE SUNSHINE  MM
  AVERAGE SKY COVER 0.2


WEATHER CONDITIONS
 THE FOLLOWING WEATHER WAS RECORDED TODAY.
  FOG


RELATIVE HUMIDITY (PERCENT)
 HIGHEST    90           300 AM
 LOWEST     42           100 PM
 AVERAGE    66

..........................................................




SUNRISE AND SUNSET
MAY 28 2016...........SUNRISE   604 AM EDT   SUNSET   822 PM EDT
MAY 29 2016...........SUNRISE   604 AM EDT   SUNSET   823 PM EDT


-  INDICATES NEGATIVE NUMBERS.
R  INDICATES RECORD WAS SET OR TIED.
MM INDICATES DATA IS MISSING.
T  INDICATES TRACE AMOUNT.




$$
