000
CDUS42 KRAH 190648
CLIFAY


CLIMATE REPORT
NATIONAL WEATHER SERVICE RALEIGH NC
146 AM EST SUN FEB 19 2017


...................................

...THE FAYETTEVILLE REGL AIRPORT NC CLIMATE SUMMARY FOR FEBRUARY 18 2017...

CLIMATE NORMAL PERIOD 1981 TO 2010
CLIMATE RECORD PERIOD 1910 TO 2017


WEATHER ITEM   OBSERVED TIME   RECORD YEAR NORMAL DEPARTURE LAST
                VALUE   (LST)  VALUE       VALUE  FROM      YEAR
                                                  NORMAL
..................................................................
TEMPERATURE (F)
 YESTERDAY
  MAXIMUM         75    239 PM  80    1976  60     15       54
  MINIMUM         38    703 AM   7    1958  36      2       35
  AVERAGE         57                        48      9       45

PRECIPITATION (IN)
  YESTERDAY        T             1.26 2008   0.11  -0.11     0.00
  MONTH TO DATE    0.99                      1.75  -0.76     4.22
  SINCE DEC 1      6.06                      7.70  -1.64    12.43
  SINCE JAN 1      3.42                      5.05  -1.63     5.92

DEGREE DAYS
 HEATING
  YESTERDAY        8                        17     -9       20
  MONTH TO DATE  207                       337   -130      393
  SINCE DEC 1   1221                      1615   -394     1346
  SINCE JUL 1   1572                      2063   -491     1665

 COOLING
  YESTERDAY        0                         0      0        0
  MONTH TO DATE    9                         0      9        0
  SINCE DEC 1     10                         4      6       47
  SINCE JAN 1     10                         2      8        0
..................................................................


WIND (MPH)
  HIGHEST WIND SPEED    23   HIGHEST WIND DIRECTION    SW (220)
  HIGHEST GUST SPEED    29   HIGHEST GUST DIRECTION    SW (210)
  AVERAGE WIND SPEED     8.6


SKY COVER
  POSSIBLE SUNSHINE  MM
  AVERAGE SKY COVER 0.0


WEATHER CONDITIONS
 THE FOLLOWING WEATHER WAS RECORDED YESTERDAY.
  LIGHT RAIN


RELATIVE HUMIDITY (PERCENT)
 HIGHEST    76           700 AM
 LOWEST     20           300 PM
 AVERAGE    48

..........................................................


THE FAYETTEVILLE REGL AIRPORT NC CLIMATE NORMALS FOR TODAY
                         NORMAL    RECORD    YEAR
 MAXIMUM TEMPERATURE (F)   60        84      1956
 MINIMUM TEMPERATURE (F)   36         8      1958


SUNRISE AND SUNSET
FEBRUARY 19 2017......SUNRISE   657 AM EST   SUNSET   602 PM EST
FEBRUARY 20 2017......SUNRISE   656 AM EST   SUNSET   603 PM EST


-  INDICATES NEGATIVE NUMBERS.
R  INDICATES RECORD WAS SET OR TIED.
MM INDICATES DATA IS MISSING.
T  INDICATES TRACE AMOUNT.




$$
