000
CDUS42 KRAH 200812
CLIFAY


CLIMATE REPORT
NATIONAL WEATHER SERVICE RALEIGH NC
410 AM EDT MON OCT 20 2014


...................................

...THE FAYETTEVILLE REGL AIRPORT NC CLIMATE SUMMARY FOR OCTOBER 19 2014...

CLIMATE NORMAL PERIOD 1981 TO 2010
CLIMATE RECORD PERIOD 1910 TO 2014


WEATHER ITEM   OBSERVED TIME   RECORD YEAR NORMAL DEPARTURE LAST
                VALUE   (LST)  VALUE       VALUE  FROM      YEAR
                                                  NORMAL
..................................................................
TEMPERATURE (F)
 YESTERDAY
  MAXIMUM         69    313 PM  90    1926  74     -5       74
  MINIMUM         46   1130 PM  32    1931  51     -5       61
  AVERAGE         58                        62     -4       68

PRECIPITATION (IN)
  YESTERDAY        T             1.65 1916   0.09  -0.09     0.10
  MONTH TO DATE    1.31                      2.33  -1.02     0.89
  SINCE SEP 1      8.17                      6.73   1.44     1.96
  SINCE JAN 1     35.09                     38.16  -3.07    36.52

DEGREE DAYS
 HEATING
  YESTERDAY        7                         4      3        0
  MONTH TO DATE   26                        48    -22       12
  SINCE SEP 1     31                        57    -26       12
  SINCE JUL 1     31                        57    -26       12

 COOLING
  YESTERDAY        0                         2     -2        3
  MONTH TO DATE   87                        55     32       80
  SINCE SEP 1    380                       323     57      345
  SINCE JAN 1   2121                      1963    158     1924
..................................................................


WIND (MPH)
  HIGHEST WIND SPEED    17   HIGHEST WIND DIRECTION     N (360)
  HIGHEST GUST SPEED    22   HIGHEST GUST DIRECTION     N (10)
  AVERAGE WIND SPEED     6.8


SKY COVER
  POSSIBLE SUNSHINE  MM
  AVERAGE SKY COVER 0.1


WEATHER CONDITIONS
 THE FOLLOWING WEATHER WAS RECORDED YESTERDAY.
  NO SIGNIFICANT WEATHER WAS OBSERVED.


RELATIVE HUMIDITY (PERCENT)
 HIGHEST    93          1000 PM
 LOWEST     35           200 PM
 AVERAGE    64

..........................................................


THE FAYETTEVILLE REGL AIRPORT NC CLIMATE NORMALS FOR TODAY
                         NORMAL    RECORD    YEAR
 MAXIMUM TEMPERATURE (F)   74        89      1926
 MINIMUM TEMPERATURE (F)   50        30      1981


SUNRISE AND SUNSET
OCTOBER 20 2014.......SUNRISE   726 AM EDT   SUNSET   634 PM EDT
OCTOBER 21 2014.......SUNRISE   727 AM EDT   SUNSET   633 PM EDT


-  INDICATES NEGATIVE NUMBERS.
R  INDICATES RECORD WAS SET OR TIED.
MM INDICATES DATA IS MISSING.
T  INDICATES TRACE AMOUNT.




$$
