000
CDUS42 KFFC 270923
CLIFFC


CLIMATE REPORT
NATIONAL WEATHER SERVICE PEACHTREE CITY GA
422 AM EST FRI FEB 27 2015


...................................

...THE PEACHTREE CITY CLIMATE SUMMARY FOR FEBRUARY 26 2015...

CLIMATE NORMAL PERIOD 1981 TO 2010
CLIMATE RECORD PERIOD 9999 TO 9999


WEATHER ITEM   OBSERVED TIME   RECORD YEAR NORMAL DEPARTURE LAST
                VALUE   (LST)  VALUE       VALUE  FROM      YEAR
                                                  NORMAL
..................................................................
TEMPERATURE (F)
 YESTERDAY
  MAXIMUM         47   1256 PM  MM      MM  62    -15       47
  MINIMUM         30   1159 PM  MM      MM  36     -6       34
  AVERAGE         39                        49    -10       41

PRECIPITATION (IN)
  YESTERDAY        0.00         MM      MM   0.18  -0.18     0.24
  MONTH TO DATE    4.79                      4.55   0.24     3.96
  SINCE DEC 1     12.23                     12.89  -0.66    13.75
  SINCE JAN 1      7.18                      8.75  -1.57     6.34

SNOWFALL (IN)
  YESTERDAY        0.0          MM      MM  MM     MM       MM
  MONTH TO DATE    T                        MM     MM        0.0
  SINCE DEC 1      T                        MM     MM        1.8
  SINCE JUL 1      T                        MM     MM        1.8
  SNOW DEPTH      MM

DEGREE DAYS
 HEATING
  YESTERDAY       26                        16     10       24
  MONTH TO DATE  634                       482    152      470
  SINCE DEC 1   1834                      1809     25     1921
  SINCE JUL 1   2472                      2351    121     2478

 COOLING
  YESTERDAY        0                         0      0        0
  MONTH TO DATE    0                         0      0        0
  SINCE DEC 1      0                         0      0        8
  SINCE JAN 1      0                         0      0        0
..................................................................


WIND (MPH)
  RESULTANT WIND SPEED   7   RESULTANT WIND DIRECTION  NW (330)
  HIGHEST WIND SPEED    16   HIGHEST WIND DIRECTION    NW (330)
  HIGHEST GUST SPEED    22   HIGHEST GUST DIRECTION    NW (310)
  AVERAGE WIND SPEED     7.1


SKY COVER
  POSSIBLE SUNSHINE  MM
  AVERAGE SKY COVER 0.8


WEATHER CONDITIONS
 THE FOLLOWING WEATHER WAS RECORDED YESTERDAY.
  FOG


RELATIVE HUMIDITY (PERCENT)
 HIGHEST    96           700 AM
 LOWEST     60           100 PM
 AVERAGE    78

..........................................................


THE PEACHTREE CITY CLIMATE NORMALS FOR TODAY
                         NORMAL    RECORD    YEAR
 MAXIMUM TEMPERATURE (F)   62        MM        MM
 MINIMUM TEMPERATURE (F)   37        MM        MM


SUNRISE AND SUNSET
FEBRUARY 27 2015......SUNRISE   709 AM EST   SUNSET   633 PM EST
FEBRUARY 28 2015......SUNRISE   708 AM EST   SUNSET   634 PM EST


-  INDICATES NEGATIVE NUMBERS.
R  INDICATES RECORD WAS SET OR TIED.
MM INDICATES DATA IS MISSING.
T  INDICATES TRACE AMOUNT.




$$
