000
CDUS43 KLMK 250637
CLIFFT


CLIMATE REPORT
NATIONAL WEATHER SERVICE LOUISVILLE KY
226 AM EDT TUE APR 25 2017


...................................

...THE FRANKFORT KY CLIMATE SUMMARY FOR APRIL 24 2017...

CLIMATE NORMAL PERIOD 1981 TO 2010
CLIMATE RECORD PERIOD 1895 TO 2017


WEATHER ITEM   OBSERVED TIME   RECORD YEAR NORMAL DEPARTURE LAST
                VALUE   (LST)  VALUE       VALUE  FROM      YEAR
                                                  NORMAL
..................................................................
TEMPERATURE (F)
 YESTERDAY
  MAXIMUM         74    232 PM  89    1925  70      4       78
  MINIMUM         56    752 AM  28    1986  46     10       42
  AVERAGE         65                        58      7       60

PRECIPITATION (IN)
  YESTERDAY        0.00          1.52 1970   0.15  -0.15     0.00
  MONTH TO DATE    2.61                      2.84  -0.23     0.97
  SINCE MAR 1      7.70                      7.22   0.48     7.05
  SINCE JAN 1     13.80                     13.77   0.03    13.07

SNOWFALL (IN)
  YESTERDAY       MM            MM      MM  MM     MM       MM
  MONTH TO DATE   MM                        MM     MM       MM
  SINCE MAR 1     MM                        MM     MM       MM
  SINCE JUL 1     MM                        MM     MM       MM
  SNOW DEPTH      MM

DEGREE DAYS
 HEATING
  YESTERDAY        0                         8     -8        5
  MONTH TO DATE  126                       273   -147      249
  SINCE MAR 1    659                       898   -239      659
  SINCE JUL 1   3429                      4537  -1108     3731

 COOLING
  YESTERDAY        0                         1     -1        0
  MONTH TO DATE   43                        16     27       11
  SINCE MAR 1     49                        18     31       12
  SINCE JAN 1     52                        18     34       12
..................................................................


WIND (MPH)
  HIGHEST WIND SPEED    17   HIGHEST WIND DIRECTION     E (70)
  HIGHEST GUST SPEED    23   HIGHEST GUST DIRECTION     E (70)
  AVERAGE WIND SPEED     8.2


SKY COVER
  POSSIBLE SUNSHINE  MM
  AVERAGE SKY COVER 0.9


WEATHER CONDITIONS
 THE FOLLOWING WEATHER WAS RECORDED YESTERDAY.
  NO SIGNIFICANT WEATHER WAS OBSERVED.


RELATIVE HUMIDITY (PERCENT)
 HIGHEST    72          1100 PM
 LOWEST     44          1200 PM
 AVERAGE    58

..........................................................


THE FRANKFORT KY CLIMATE NORMALS FOR TODAY
                         NORMAL    RECORD    YEAR
 MAXIMUM TEMPERATURE (F)   70        89      1948
                                             1915
 MINIMUM TEMPERATURE (F)   46        29      1919


SUNRISE AND SUNSET
APRIL 25 2017.........SUNRISE   650 AM EDT   SUNSET   825 PM EDT
APRIL 26 2017.........SUNRISE   649 AM EDT   SUNSET   826 PM EDT


-  INDICATES NEGATIVE NUMBERS.
R  INDICATES RECORD WAS SET OR TIED.
MM INDICATES DATA IS MISSING.
T  INDICATES TRACE AMOUNT.




$$
