000
CDUS43 KLMK 110626
CLIFFT


CLIMATE REPORT
NATIONAL WEATHER SERVICE LOUISVILLE KY
125 AM EST SUN DEC 11 2016


...................................

...THE FRANKFORT KY CLIMATE SUMMARY FOR DECEMBER 10 2016...

CLIMATE NORMAL PERIOD 1981 TO 2010
CLIMATE RECORD PERIOD 1895 TO 2016


WEATHER ITEM   OBSERVED TIME   RECORD YEAR NORMAL DEPARTURE LAST
                VALUE   (LST)  VALUE       VALUE  FROM      YEAR
                                                  NORMAL
..................................................................
TEMPERATURE (F)
 YESTERDAY
  MAXIMUM         34    345 PM  70    1952  46    -12       58
  MINIMUM         14    732 AM  -8    1917  27    -13       42
  AVERAGE         24                        36    -12       50

PRECIPITATION (IN)
  YESTERDAY        T             2.35 1952   0.15  -0.15     0.00
  MONTH TO DATE    0.94                      1.45  -0.51     0.92
  SINCE DEC 1      0.94                      1.45  -0.51     0.92
  SINCE JAN 1     41.18                     43.06  -1.88    56.07

SNOWFALL (IN)
  YESTERDAY       MM            MM      MM  MM     MM       MM
  MONTH TO DATE   MM                        MM     MM       MM
  SINCE DEC 1     MM                        MM     MM       MM
  SINCE JUL 1     MM                        MM     MM       MM
  SNOW DEPTH      MM

DEGREE DAYS
 HEATING
  YESTERDAY       41                        28     13       15
  MONTH TO DATE  292                       268     24      222
  SINCE DEC 1    292                       268     24      222
  SINCE JUL 1    910                      1179   -269      956

 COOLING
  YESTERDAY        0                         0      0        0
  MONTH TO DATE    0                         0      0        0
  SINCE DEC 1      0                         0      0        0
  SINCE JAN 1   1639                      1155    484     1232
..................................................................


WIND (MPH)
  HIGHEST WIND SPEED     9   HIGHEST WIND DIRECTION    SW (220)
  HIGHEST GUST SPEED    13   HIGHEST GUST DIRECTION     S (200)
  AVERAGE WIND SPEED     3.4


SKY COVER
  POSSIBLE SUNSHINE  MM
  AVERAGE SKY COVER 0.2


WEATHER CONDITIONS
 THE FOLLOWING WEATHER WAS RECORDED YESTERDAY.
  HAZE


RELATIVE HUMIDITY (PERCENT)
 HIGHEST    80          1200 AM
 LOWEST     43           300 PM
 AVERAGE    62

..........................................................


THE FRANKFORT KY CLIMATE NORMALS FOR TODAY
                         NORMAL    RECORD    YEAR
 MAXIMUM TEMPERATURE (F)   45        72      1971
 MINIMUM TEMPERATURE (F)   27       -17      1917


SUNRISE AND SUNSET
DECEMBER 11 2016......SUNRISE   746 AM EST   SUNSET   520 PM EST
DECEMBER 12 2016......SUNRISE   747 AM EST   SUNSET   520 PM EST


-  INDICATES NEGATIVE NUMBERS.
R  INDICATES RECORD WAS SET OR TIED.
MM INDICATES DATA IS MISSING.
T  INDICATES TRACE AMOUNT.




$$
