000
CDUS43 KLMK 042030
CLIFFT


CLIMATE REPORT
NATIONAL WEATHER SERVICE LOUISVILLE KY
430 PM EDT SAT JUL 4 2015


...................................

...THE FRANKFORT KY CLIMATE SUMMARY FOR JULY 4 2015...
VALID TODAY AS OF 0400 PM LOCAL TIME.

CLIMATE NORMAL PERIOD 1981 TO 2010
CLIMATE RECORD PERIOD 1895 TO 2015


WEATHER ITEM   OBSERVED TIME   RECORD YEAR NORMAL DEPARTURE LAST
                VALUE   (LST)  VALUE       VALUE  FROM      YEAR
                                                  NORMAL
..................................................................
TEMPERATURE (F)
 TODAY
  MAXIMUM         82    311 PM 100    1934  87     -5       80
  MINIMUM         67    658 AM  49    1968  66      1       52
  AVERAGE         75                        76     -1       66

PRECIPITATION (IN)
  TODAY            T             2.60 1925   0.12  -0.12     0.00
  MONTH TO DATE    2.88                      0.47   2.41     0.66
  SINCE JUN 1      9.09                      4.56   4.53     4.58
  SINCE JAN 1     32.49                     24.03   8.46    25.36

SNOWFALL (IN)
  TODAY           MM            MM      MM  MM     MM       MM
  MONTH TO DATE   MM                        MM     MM       MM
  SINCE JUN 1     MM                        MM     MM       MM
  SINCE JUL 1     MM                        MM     MM       MM
  SNOW DEPTH      MM

DEGREE DAYS
 HEATING
  TODAY            0                         0      0        0
  MONTH TO DATE    0                         0      0        0
  SINCE JUN 1     16                        10      6        3
  SINCE JUL 1      0                         0      0        0

 COOLING
  TODAY           10                        11     -1        1
  MONTH TO DATE   34                        44    -10       29
  SINCE JUN 1    330                       280     50      294
  SINCE JAN 1    485                       379    106      416
..................................................................


WIND (MPH)
  HIGHEST WIND SPEED     7   HIGHEST WIND DIRECTION    NE (50)
  HIGHEST GUST SPEED    10   HIGHEST GUST DIRECTION     N (360)
  AVERAGE WIND SPEED     1.7


SKY COVER
  POSSIBLE SUNSHINE  MM
  AVERAGE SKY COVER 0.9


WEATHER CONDITIONS
 THE FOLLOWING WEATHER WAS RECORDED TODAY.
  FOG
  HAZE


RELATIVE HUMIDITY (PERCENT)
 HIGHEST    93           200 AM
 LOWEST     58           300 PM
 AVERAGE    76

..........................................................


THE FRANKFORT KY CLIMATE NORMALS FOR TOMORROW
                         NORMAL    RECORD    YEAR
 MAXIMUM TEMPERATURE (F)   87        99      1934
 MINIMUM TEMPERATURE (F)   66        50      1940


SUNRISE AND SUNSET
JULY  4 2015..........SUNRISE   622 AM EDT   SUNSET   906 PM EDT
JULY  5 2015..........SUNRISE   622 AM EDT   SUNSET   906 PM EDT


-  INDICATES NEGATIVE NUMBERS.
R  INDICATES RECORD WAS SET OR TIED.
MM INDICATES DATA IS MISSING.
T  INDICATES TRACE AMOUNT.




$$
