632
CDUS43 KFGF 060723
CLIFGF


CLIMATE REPORT
NATIONAL WEATHER SERVICE EASTERN NORTH DAKOTA/GRAND FORKS
120 AM CST SAT FEB 6 2016


...................................

...THE GRAND FORKS UNIV. (NWS) ND CLIMATE SUMMARY FOR FEBRUARY 5 2016...

CLIMATE NORMAL PERIOD 1981 TO 2010
CLIMATE RECORD PERIOD 1890 TO 2016


WEATHER ITEM   OBSERVED TIME   RECORD YEAR NORMAL DEPARTURE LAST
                VALUE   (LST)  VALUE       VALUE  FROM      YEAR
                                                  NORMAL
..................................................................
TEMPERATURE (F)
 YESTERDAY
  MAXIMUM         27        MM  46    1991  20      7       32
                                      1963
  MINIMUM         16        MM -41    1936   1     15       -2
  AVERAGE         22                        10     12       15

PRECIPITATION (IN)
  YESTERDAY        0.00          0.60   MM   0.02  -0.02     0.00
  MONTH TO DATE    0.10                      0.09   0.01     0.01
  SINCE DEC 1      1.52                      1.45   0.07     0.41
  SINCE JAN 1      0.40                      0.80  -0.40     0.28

SNOWFALL (IN)
  YESTERDAY        0.0           4.0    MM   0.3   -0.3      0.0
  MONTH TO DATE    0.9                       1.3   -0.4      0.2
  SINCE DEC 1     20.4                      22.6   -2.2      8.0
  SINCE JUL 1     23.8                      29.7   -5.9     11.8
  SNOW DEPTH       4

DEGREE DAYS
 HEATING
  YESTERDAY       43                        55    -12       50
  MONTH TO DATE  220                       276    -56      299
  SINCE DEC 1   3257                      3700   -443     3340
  SINCE JUL 1   4866                      5794   -928     5460

 COOLING
  YESTERDAY        0                         0      0        0
  MONTH TO DATE    0                         0      0        0
  SINCE DEC 1      0                         0      0        0
  SINCE JAN 1      0                         0      0        0
..................................................................


WIND (MPH)
  RESULTANT WIND SPEED  MM   RESULTANT WIND DIRECTION  MM
  HIGHEST WIND SPEED    MM   HIGHEST WIND DIRECTION    MM
  HIGHEST GUST SPEED    MM   HIGHEST GUST DIRECTION    MM
  AVERAGE WIND SPEED    MM


SKY COVER
  POSSIBLE SUNSHINE  MM
  AVERAGE SKY COVER  MM


WEATHER CONDITIONS
 THE FOLLOWING WEATHER WAS RECORDED YESTERDAY.
  NO SIGNIFICANT WEATHER WAS OBSERVED.


RELATIVE HUMIDITY (PERCENT)
 HIGHEST    MM
 LOWEST     MM
 AVERAGE    MM

..........................................................


THE GRAND FORKS UNIV. (NWS) ND CLIMATE NORMALS FOR TODAY
                         NORMAL    RECORD    YEAR
 MAXIMUM TEMPERATURE (F)   20        46      2002
                                             1925
 MINIMUM TEMPERATURE (F)    1       -40      1936


SUNRISE AND SUNSET
FEBRUARY  6 2016......SUNRISE   749 AM CST   SUNSET   536 PM CST
FEBRUARY  7 2016......SUNRISE   748 AM CST   SUNSET   538 PM CST


-  INDICATES NEGATIVE NUMBERS.
R  INDICATES RECORD WAS SET OR TIED.
MM INDICATES DATA IS MISSING.
T  INDICATES TRACE AMOUNT.




$$
