000
CDUS43 KFGF 210643
CLIFGF


CLIMATE REPORT
NATIONAL WEATHER SERVICE EASTERN NORTH DAKOTA/GRAND FORKS
1242 AM CST SAT JAN 21 2017


...................................

...THE GRAND FORKS UNIV. (NWS) ND CLIMATE SUMMARY FOR JANUARY 20 2017...

CLIMATE NORMAL PERIOD 1981 TO 2010
CLIMATE RECORD PERIOD 1890 TO 2017


WEATHER ITEM   OBSERVED TIME   RECORD YEAR NORMAL DEPARTURE LAST
                VALUE   (LST)  VALUE       VALUE  FROM      YEAR
                                                  NORMAL
..................................................................
TEMPERATURE (F)
 YESTERDAY
  MAXIMUM         36        MM  49    1944  16     20       21
  MINIMUM         33        MM -31    1970  -2     35       11
  AVERAGE         35                         7     28       16

PRECIPITATION (IN)
  YESTERDAY        T             0.33 1937   0.02  -0.02      T
  MONTH TO DATE    0.57                      0.48   0.09     0.25
  SINCE DEC 1      2.41                      1.13   1.28     1.37
  SINCE JAN 1      0.57                      0.48   0.09     0.25

SNOWFALL (IN)
  YESTERDAY        0.0           6.0  1950   0.3   -0.3       T
  MONTH TO DATE   11.0                       7.2    3.8      4.1
  SINCE DEC 1     36.6                      18.1   18.5     18.9
  SINCE JUL 1     37.5                      25.2   12.3     22.3
  SNOW DEPTH      12

DEGREE DAYS
 HEATING
  YESTERDAY       30                        58    -28       49
  MONTH TO DATE 1211                      1158     53     1190
  SINCE DEC 1   2804                      2795      9     2561
  SINCE JUL 1   4258                      4889   -631     4170

 COOLING
  YESTERDAY        0                         0      0        0
  MONTH TO DATE    0                         0      0        0
  SINCE DEC 1      0                         0      0        0
  SINCE JAN 1      0                         0      0        0
..................................................................


WIND (MPH)
  RESULTANT WIND SPEED  MM   RESULTANT WIND DIRECTION  MM
  HIGHEST WIND SPEED    MM   HIGHEST WIND DIRECTION    MM
  HIGHEST GUST SPEED    MM   HIGHEST GUST DIRECTION    MM
  AVERAGE WIND SPEED    MM


SKY COVER
  POSSIBLE SUNSHINE  MM
  AVERAGE SKY COVER  MM


WEATHER CONDITIONS
 THE FOLLOWING WEATHER WAS RECORDED YESTERDAY.
  NO SIGNIFICANT WEATHER WAS OBSERVED.


RELATIVE HUMIDITY (PERCENT)
 HIGHEST    MM
 LOWEST     MM
 AVERAGE    MM

..........................................................


THE GRAND FORKS UNIV. (NWS) ND CLIMATE NORMALS FOR TODAY
                         NORMAL    RECORD    YEAR
 MAXIMUM TEMPERATURE (F)   16        48      1900
 MINIMUM TEMPERATURE (F)   -2       -32      1954


SUNRISE AND SUNSET
JANUARY 21 2017.......SUNRISE   808 AM CST   SUNSET   512 PM CST
JANUARY 22 2017.......SUNRISE   807 AM CST   SUNSET   514 PM CST


-  INDICATES NEGATIVE NUMBERS.
R  INDICATES RECORD WAS SET OR TIED.
MM INDICATES DATA IS MISSING.
T  INDICATES TRACE AMOUNT.




$$
