000
CDUS43 KFGF 050639
CLIFGF


CLIMATE REPORT
NATIONAL WEATHER SERVICE EASTERN NORTH DAKOTA/GRAND FORKS
136 AM CDT SUN JUL 5 2015


...................................

...THE GRAND FORKS UNIV. (NWS) ND CLIMATE SUMMARY FOR JULY 4 2015...

CLIMATE NORMAL PERIOD 1981 TO 2010
CLIMATE RECORD PERIOD 1890 TO 2015


WEATHER ITEM   OBSERVED TIME   RECORD YEAR NORMAL DEPARTURE LAST
                VALUE   (LST)  VALUE       VALUE  FROM      YEAR
                                                  NORMAL
..................................................................
TEMPERATURE (F)
 YESTERDAY
  MAXIMUM         84        MM  97    1989  80      4       81
  MINIMUM         63        MM  38    1972  58      5       58
  AVERAGE         74                        69      5       70

PRECIPITATION (IN)
  YESTERDAY        0.00          1.45   MM   0.12  -0.12     0.09
  MONTH TO DATE    0.00                      0.46  -0.46     0.15
  SINCE JUN 1      2.32                      4.20  -1.88     6.90
  SINCE JAN 1      8.22                     10.25  -2.03    13.89

SNOWFALL (IN)
  YESTERDAY        0.0           0.0    MM   0.0    0.0      0.0
  MONTH TO DATE    0.0                       0.0    0.0      0.0
  SINCE JUN 1      0.1                       0.0    0.1      0.0
  SINCE JUL 1      0.0                       0.0    0.0      0.0
  SNOW DEPTH       0

DEGREE DAYS
 HEATING
  YESTERDAY        0                         1     -1        0
  MONTH TO DATE    0                         4     -4       14
  SINCE JUN 1     46                        87    -41       66
  SINCE JUL 1      0                         4     -4       14

 COOLING
  YESTERDAY        9                         5      4        5
  MONTH TO DATE   26                        20      6        5
  SINCE JUN 1    127                       111     16       68
  SINCE JAN 1    138                       137      1      123
..................................................................


WIND (MPH)
  RESULTANT WIND SPEED  MM   RESULTANT WIND DIRECTION  MM
  HIGHEST WIND SPEED    MM   HIGHEST WIND DIRECTION    MM
  HIGHEST GUST SPEED    MM   HIGHEST GUST DIRECTION    MM
  AVERAGE WIND SPEED    MM


SKY COVER
  POSSIBLE SUNSHINE  MM
  AVERAGE SKY COVER  MM


WEATHER CONDITIONS
 THE FOLLOWING WEATHER WAS RECORDED YESTERDAY.
  FOG
  HAZE


RELATIVE HUMIDITY (PERCENT)
 HIGHEST    MM
 LOWEST     MM
 AVERAGE    MM

..........................................................


THE GRAND FORKS UNIV. (NWS) ND CLIMATE NORMALS FOR TODAY
                         NORMAL    RECORD    YEAR
 MAXIMUM TEMPERATURE (F)   80       105      1988
 MINIMUM TEMPERATURE (F)   58        38      1983


SUNRISE AND SUNSET
JULY  5 2015..........SUNRISE   536 AM CDT   SUNSET   930 PM CDT
JULY  6 2015..........SUNRISE   537 AM CDT   SUNSET   929 PM CDT


-  INDICATES NEGATIVE NUMBERS.
R  INDICATES RECORD WAS SET OR TIED.
MM INDICATES DATA IS MISSING.
T  INDICATES TRACE AMOUNT.




$$
