000
CDUS43 KFGF 070645
CLIFGF


CLIMATE REPORT
NATIONAL WEATHER SERVICE EASTERN NORTH DAKOTA/GRAND FORKS
1244 AM CST WED DEC 7 2016


...................................

...THE GRAND FORKS UNIV. (NWS) ND CLIMATE SUMMARY FOR DECEMBER 6 2016...

CLIMATE NORMAL PERIOD 1981 TO 2010
CLIMATE RECORD PERIOD 1890 TO 2016


WEATHER ITEM   OBSERVED TIME   RECORD YEAR NORMAL DEPARTURE LAST
                VALUE   (LST)  VALUE       VALUE  FROM      YEAR
                                                  NORMAL
..................................................................
TEMPERATURE (F)
 YESTERDAY
  MAXIMUM         30        MM  65    1939  24      6       37
  MINIMUM         16        MM -23    1972   8      8       23
                                      1936
  AVERAGE         23                        16      7       30

PRECIPITATION (IN)
  YESTERDAY        0.43          0.53 1916   0.02   0.41     0.00
  MONTH TO DATE    0.79                      0.12   0.67     0.30
  SINCE DEC 1      0.79                      0.12   0.67     0.30
  SINCE JAN 1     30.22                     21.09   9.13    19.71

SNOWFALL (IN)
  YESTERDAY        6.6 R         4.2  1916   0.3    6.3      0.0
  MONTH TO DATE   13.7                       1.7   12.0      2.7
  SINCE DEC 1     13.7                       1.7   12.0      2.7
  SINCE JUL 1     14.6                       8.8    5.8      6.1
  SNOW DEPTH      11

DEGREE DAYS
 HEATING
  YESTERDAY       42                        49     -7       35
  MONTH TO DATE  218                       288    -70      224
  SINCE DEC 1    218                       288    -70      224
  SINCE JUL 1   1672                      2382   -710     1833

 COOLING
  YESTERDAY        0                         0      0        0
  MONTH TO DATE    0                         0      0        0
  SINCE DEC 1      0                         0      0        0
  SINCE JAN 1    461                       463     -2      580
..................................................................


WIND (MPH)
  RESULTANT WIND SPEED  MM   RESULTANT WIND DIRECTION  MM
  HIGHEST WIND SPEED    MM   HIGHEST WIND DIRECTION    MM
  HIGHEST GUST SPEED    MM   HIGHEST GUST DIRECTION    MM
  AVERAGE WIND SPEED    MM


SKY COVER
  POSSIBLE SUNSHINE  MM
  AVERAGE SKY COVER  MM


WEATHER CONDITIONS
 THE FOLLOWING WEATHER WAS RECORDED YESTERDAY.
  NO SIGNIFICANT WEATHER WAS OBSERVED.


RELATIVE HUMIDITY (PERCENT)
 HIGHEST    MM
 LOWEST     MM
 AVERAGE    MM

..........................................................


THE GRAND FORKS UNIV. (NWS) ND CLIMATE NORMALS FOR TODAY
                         NORMAL    RECORD    YEAR
 MAXIMUM TEMPERATURE (F)   23        46      1907
 MINIMUM TEMPERATURE (F)    8       -21      1908


SUNRISE AND SUNSET
DECEMBER  7 2016......SUNRISE   804 AM CST   SUNSET   436 PM CST
DECEMBER  8 2016......SUNRISE   805 AM CST   SUNSET   436 PM CST


-  INDICATES NEGATIVE NUMBERS.
R  INDICATES RECORD WAS SET OR TIED.
MM INDICATES DATA IS MISSING.
T  INDICATES TRACE AMOUNT.




$$
