000
CDUS43 KFGF 262148
CLIFGF


CLIMATE REPORT
NATIONAL WEATHER SERVICE EASTERN NORTH DAKOTA/GRAND FORKS
448 PM CDT THU MAR 26 2015


...................................

...THE GRAND FORKS UNIV. (NWS) ND CLIMATE SUMMARY FOR MARCH 26 2015...
VALID TODAY AS OF 0400 PM LOCAL TIME.

CLIMATE NORMAL PERIOD 1981 TO 2010
CLIMATE RECORD PERIOD 1890 TO 2015


WEATHER ITEM   OBSERVED TIME   RECORD YEAR NORMAL DEPARTURE LAST
                VALUE   (LST)  VALUE       VALUE  FROM      YEAR
                                                  NORMAL
..................................................................
TEMPERATURE (F)
 TODAY
  MAXIMUM         31        MM  68    1946  40     -9       37
  MINIMUM         21        MM -12    1964  22     -1       15
  AVERAGE         26                        31     -5       26

PRECIPITATION (IN)
  TODAY            T             0.90   MM   0.03  -0.03      T
  MONTH TO DATE    0.17                      0.85  -0.68     0.44
  SINCE MAR 1      0.17                      0.85  -0.68     0.44
  SINCE JAN 1      0.70                      2.15  -1.45     1.17

SNOWFALL (IN)
  TODAY            T             6.5    MM   0.1   -0.1       T
  MONTH TO DATE    2.7                       5.8   -3.1      2.0
  SINCE MAR 1      2.7                       5.8   -3.1      2.0
  SINCE JUL 1     19.0                      41.1  -22.1     47.7
  SNOW DEPTH       0

DEGREE DAYS
 HEATING
  TODAY           39                        34      5       39
  MONTH TO DATE  893                      1047   -154     1236
  SINCE MAR 1    893                      1047   -154     1236
  SINCE JUL 1   7742                      8007   -265     8982

 COOLING
  TODAY            0                         0      0        0
  MONTH TO DATE    0                         0      0        0
  SINCE MAR 1      0                         0      0        0
  SINCE JAN 1      0                         0      0        0
..................................................................


WIND (MPH)
  HIGHEST WIND SPEED    MM   HIGHEST WIND DIRECTION    MM
  HIGHEST GUST SPEED    MM   HIGHEST GUST DIRECTION    MM
  AVERAGE WIND SPEED    MM


SKY COVER
  POSSIBLE SUNSHINE  MM
  AVERAGE SKY COVER  MM


WEATHER CONDITIONS
 THE FOLLOWING WEATHER WAS RECORDED TODAY.
  NO SIGNIFICANT WEATHER WAS OBSERVED.


RELATIVE HUMIDITY (PERCENT)
 HIGHEST    MM
 LOWEST     MM
 AVERAGE    MM

..........................................................


THE GRAND FORKS UNIV. (NWS) ND CLIMATE NORMALS FOR TOMORROW
                         NORMAL    RECORD    YEAR
 MAXIMUM TEMPERATURE (F)   41        80      1946
 MINIMUM TEMPERATURE (F)   23        -9      1964
                                             1955


SUNRISE AND SUNSET
MARCH 26 2015.........SUNRISE   719 AM CDT   SUNSET   750 PM CDT
MARCH 27 2015.........SUNRISE   717 AM CDT   SUNSET   751 PM CDT


-  INDICATES NEGATIVE NUMBERS.
R  INDICATES RECORD WAS SET OR TIED.
MM INDICATES DATA IS MISSING.
T  INDICATES TRACE AMOUNT.




$$
