592
CDUS43 KFGF 290637
CLIFGF


CLIMATE REPORT
NATIONAL WEATHER SERVICE EASTERN NORTH DAKOTA/GRAND FORKS
137 AM CDT MON MAY 29 2017


...................................

...THE GRAND FORKS UNIV. (NWS) ND CLIMATE SUMMARY FOR MAY 28 2017...

CLIMATE NORMAL PERIOD 1981 TO 2010
CLIMATE RECORD PERIOD 1893 TO 2017


WEATHER ITEM   OBSERVED TIME   RECORD YEAR NORMAL DEPARTURE LAST
                VALUE   (LST)  VALUE       VALUE  FROM      YEAR
                                                  NORMAL
..................................................................
TEMPERATURE (F)
 YESTERDAY
  MAXIMUM         66        MM  95    1934  72     -6       72
  MINIMUM         49        MM  25    1947  48      1       60
  AVERAGE         58                        60     -2       66

PRECIPITATION (IN)
  YESTERDAY        0.12          1.05 1923   0.11   0.01     0.03
  MONTH TO DATE    1.10                      2.42  -1.32     1.94
  SINCE MAR 1      3.42                      4.42  -1.00     4.73
  SINCE JAN 1      4.52                      5.72  -1.20     5.38

SNOWFALL (IN)
  YESTERDAY        0.0           0.0    MM   0.0    0.0      0.0
  MONTH TO DATE    0.0                       0.1   -0.1       T
  SINCE MAR 1      6.8                       8.1   -1.3      2.3
  SINCE JUL 1     49.7                      43.4    6.3     29.6
  SNOW DEPTH       0

DEGREE DAYS
 HEATING
  YESTERDAY        7                         6      1        0
  MONTH TO DATE  257                       292    -35      189
  SINCE MAR 1   2090                      2147    -57     1796
  SINCE JUL 1   8038                      9107  -1069     7728

 COOLING
  YESTERDAY        0                         1     -1        1
  MONTH TO DATE    0                        23    -23       22
  SINCE MAR 1      0                        26    -26       22
  SINCE JAN 1      0                        26    -26       22
..................................................................


WIND (MPH)
  RESULTANT WIND SPEED  MM   RESULTANT WIND DIRECTION  MM
  HIGHEST WIND SPEED    MM   HIGHEST WIND DIRECTION    MM
  HIGHEST GUST SPEED    MM   HIGHEST GUST DIRECTION    MM
  AVERAGE WIND SPEED    MM


SKY COVER
  POSSIBLE SUNSHINE  MM
  AVERAGE SKY COVER  MM


WEATHER CONDITIONS
 THE FOLLOWING WEATHER WAS RECORDED YESTERDAY.
  NO SIGNIFICANT WEATHER WAS OBSERVED.


RELATIVE HUMIDITY (PERCENT)
 HIGHEST    MM
 LOWEST     MM
 AVERAGE    MM

..........................................................


THE GRAND FORKS UNIV. (NWS) ND CLIMATE NORMALS FOR TODAY
                         NORMAL    RECORD    YEAR
 MAXIMUM TEMPERATURE (F)   72        96      1939
 MINIMUM TEMPERATURE (F)   48        32      1930


SUNRISE AND SUNSET
MAY 29 2017...........SUNRISE   535 AM CDT   SUNSET   917 PM CDT
MAY 30 2017...........SUNRISE   535 AM CDT   SUNSET   918 PM CDT


-  INDICATES NEGATIVE NUMBERS.
R  INDICATES RECORD WAS SET OR TIED.
MM INDICATES DATA IS MISSING.
T  INDICATES TRACE AMOUNT.




$$
