000
CDUS43 KFGF 200635
CLIFGF


CLIMATE REPORT
NATIONAL WEATHER SERVICE EASTERN NORTH DAKOTA/GRAND FORKS
1233 AM CST MON NOV 20 2017


...................................

...THE GRAND FORKS UNIV. (NWS) ND CLIMATE SUMMARY FOR NOVEMBER 19 2017...

CLIMATE NORMAL PERIOD 1981 TO 2010
CLIMATE RECORD PERIOD 1893 TO 2017


WEATHER ITEM   OBSERVED TIME   RECORD YEAR NORMAL DEPARTURE LAST
                VALUE   (LST)  VALUE       VALUE  FROM      YEAR
                                                  NORMAL
..................................................................
TEMPERATURE (F)
 YESTERDAY
  MAXIMUM         35        MM  58    1989  33      2       32
  MINIMUM         11        MM -15    1896  17     -6       18
  AVERAGE         23                        25     -2       25

PRECIPITATION (IN)
  YESTERDAY        0.00          0.60 1900   0.03  -0.03     0.00
  MONTH TO DATE    0.52                      0.64  -0.12     0.02
  SINCE SEP 1      5.75                      4.61   1.14     6.37
  SINCE JAN 1     18.24                     20.71  -2.47    28.10

SNOWFALL (IN)
  YESTERDAY        0.0           6.0  1900   0.2   -0.2      0.0
  MONTH TO DATE    7.5                       3.3    4.2      0.0
  SINCE SEP 1      8.3                       4.3    4.0      0.0
  SINCE JUL 1      8.3                       4.3    4.0       T
  SNOW DEPTH       2

DEGREE DAYS
 HEATING
  YESTERDAY       42                        40      2       40
  MONTH TO DATE  814                       660    154      384
  SINCE SEP 1   1558                      1550      8     1097
  SINCE JUL 1   1576                      1614    -38     1115

 COOLING
  YESTERDAY        0                         0      0        0
  MONTH TO DATE    0                         0      0        0
  SINCE SEP 1     43                        31     12       27
  SINCE JAN 1    440                       463    -23      461
..................................................................


WIND (MPH)
  RESULTANT WIND SPEED  MM   RESULTANT WIND DIRECTION  MM
  HIGHEST WIND SPEED    MM   HIGHEST WIND DIRECTION    MM
  HIGHEST GUST SPEED    MM   HIGHEST GUST DIRECTION    MM
  AVERAGE WIND SPEED    MM


SKY COVER
  POSSIBLE SUNSHINE  MM
  AVERAGE SKY COVER  MM


WEATHER CONDITIONS
 THE FOLLOWING WEATHER WAS RECORDED YESTERDAY.
  NO SIGNIFICANT WEATHER WAS OBSERVED.


RELATIVE HUMIDITY (PERCENT)
 HIGHEST    MM
 LOWEST     MM
 AVERAGE    MM

..........................................................


THE GRAND FORKS UNIV. (NWS) ND CLIMATE NORMALS FOR TODAY
                         NORMAL    RECORD    YEAR
 MAXIMUM TEMPERATURE (F)   32        62      1908
 MINIMUM TEMPERATURE (F)   17       -16      1921


SUNRISE AND SUNSET
NOVEMBER 20 2017......SUNRISE   742 AM CST   SUNSET   445 PM CST
NOVEMBER 21 2017......SUNRISE   744 AM CST   SUNSET   445 PM CST


-  INDICATES NEGATIVE NUMBERS.
R  INDICATES RECORD WAS SET OR TIED.
MM INDICATES DATA IS MISSING.
T  INDICATES TRACE AMOUNT.




$$
