000
CDUS43 KFGF 170659
CLIFGF


CLIMATE REPORT
NATIONAL WEATHER SERVICE EASTERN NORTH DAKOTA/GRAND FORKS
1253 AM CST WED JAN 17 2018


...................................

...THE GRAND FORKS UNIV. (NWS) ND CLIMATE SUMMARY FOR JANUARY 16 2018...

CLIMATE NORMAL PERIOD 1981 TO 2010
CLIMATE RECORD PERIOD 1893 TO 2018


WEATHER ITEM   OBSERVED TIME   RECORD YEAR NORMAL DEPARTURE LAST
                VALUE   (LST)  VALUE       VALUE  FROM      YEAR
                                                  NORMAL
..................................................................
TEMPERATURE (F)
 YESTERDAY
  MAXIMUM          5        MM  43    1942  15    -10       21
  MINIMUM        -20        MM -32    1948  -2    -18        3
                                      1977
                                      1924
  AVERAGE         -7                         7    -14       12

PRECIPITATION (IN)
  YESTERDAY        0.00          0.72 1967   0.02  -0.02     0.00
  MONTH TO DATE    0.62                      0.39   0.23     0.57
  SINCE DEC 1      1.60                      1.04   0.56     2.41
  SINCE JAN 1      0.62                      0.39   0.23     0.57

SNOWFALL (IN)
  YESTERDAY        0.0           7.0  1996   0.3   -0.3      0.0
  MONTH TO DATE    9.5                       5.9    3.6     11.0
  SINCE DEC 1     20.3                      16.8    3.5     36.6
  SINCE JUL 1     28.7                      23.9    4.8     37.5
  SNOW DEPTH       9

DEGREE DAYS
 HEATING
  YESTERDAY       72                        58     14       53
  MONTH TO DATE 1022                       926     96     1052
  SINCE DEC 1   2673                      2563    110     2645
  SINCE JUL 1   4633                      4657    -24     4099

 COOLING
  YESTERDAY        0                         0      0        0
  MONTH TO DATE    0                         0      0        0
  SINCE DEC 1      0                         0      0        0
  SINCE JAN 1      0                         0      0        0
..................................................................


WIND (MPH)
  RESULTANT WIND SPEED  MM   RESULTANT WIND DIRECTION  MM
  HIGHEST WIND SPEED    MM   HIGHEST WIND DIRECTION    MM
  HIGHEST GUST SPEED    MM   HIGHEST GUST DIRECTION    MM
  AVERAGE WIND SPEED    MM


SKY COVER
  POSSIBLE SUNSHINE  MM
  AVERAGE SKY COVER  MM


WEATHER CONDITIONS
 THE FOLLOWING WEATHER WAS RECORDED YESTERDAY.
  NO SIGNIFICANT WEATHER WAS OBSERVED.


RELATIVE HUMIDITY (PERCENT)
 HIGHEST    MM
 LOWEST     MM
 AVERAGE    MM

..........................................................


THE GRAND FORKS UNIV. (NWS) ND CLIMATE NORMALS FOR TODAY
                         NORMAL    RECORD    YEAR
 MAXIMUM TEMPERATURE (F)   16        47      1923
 MINIMUM TEMPERATURE (F)   -2       -36      1943


SUNRISE AND SUNSET
JANUARY 17 2018.......SUNRISE   811 AM CST   SUNSET   506 PM CST
JANUARY 18 2018.......SUNRISE   811 AM CST   SUNSET   507 PM CST


-  INDICATES NEGATIVE NUMBERS.
R  INDICATES RECORD WAS SET OR TIED.
MM INDICATES DATA IS MISSING.
T  INDICATES TRACE AMOUNT.




$$
