389
CDUS43 KFGF 240645
CLIFGF


CLIMATE REPORT
NATIONAL WEATHER SERVICE EASTERN NORTH DAKOTA/GRAND FORKS
141 AM CDT FRI MAR 24 2017


...................................

...THE GRAND FORKS UNIV. (NWS) ND CLIMATE SUMMARY FOR MARCH 23 2017...

CLIMATE NORMAL PERIOD 1981 TO 2010
CLIMATE RECORD PERIOD 1890 TO 2017


WEATHER ITEM   OBSERVED TIME   RECORD YEAR NORMAL DEPARTURE LAST
                VALUE   (LST)  VALUE       VALUE  FROM      YEAR
                                                  NORMAL
..................................................................
TEMPERATURE (F)
 YESTERDAY
  MAXIMUM         38        MM  78    1910  38      0       39
  MINIMUM         32        MM -19    1974  21     11       24
  AVERAGE         35                        30      5       32

PRECIPITATION (IN)
  YESTERDAY        0.51          0.52 2009   0.03   0.48     0.00
  MONTH TO DATE    0.76                      0.74   0.02     0.65
  SINCE MAR 1      0.76                      0.74   0.02     0.65
  SINCE JAN 1      1.86                      2.04  -0.18     1.30

SNOWFALL (IN)
  YESTERDAY        0.0           4.3  1955   0.1   -0.1      0.0
  MONTH TO DATE    0.1                       5.4   -5.3      1.7
  SINCE MAR 1      0.1                       5.4   -5.3      1.7
  SINCE JUL 1     43.0                      40.7    2.3     29.0
  SNOW DEPTH       0

DEGREE DAYS
 HEATING
  YESTERDAY       30                        35     -5       33
  MONTH TO DATE  985                       944     41      676
  SINCE MAR 1    985                       944     41      676
  SINCE JUL 1   6933                      7904   -971     6608

 COOLING
  YESTERDAY        0                         0      0        0
  MONTH TO DATE    0                         0      0        0
  SINCE MAR 1      0                         0      0        0
  SINCE JAN 1      0                         0      0        0
..................................................................


WIND (MPH)
  RESULTANT WIND SPEED  MM   RESULTANT WIND DIRECTION  MM
  HIGHEST WIND SPEED    MM   HIGHEST WIND DIRECTION    MM
  HIGHEST GUST SPEED    MM   HIGHEST GUST DIRECTION    MM
  AVERAGE WIND SPEED    MM


SKY COVER
  POSSIBLE SUNSHINE  MM
  AVERAGE SKY COVER  MM


WEATHER CONDITIONS
 THE FOLLOWING WEATHER WAS RECORDED YESTERDAY.
  RAIN
  LIGHT RAIN
  FOG


RELATIVE HUMIDITY (PERCENT)
 HIGHEST    MM
 LOWEST     MM
 AVERAGE    MM

..........................................................


THE GRAND FORKS UNIV. (NWS) ND CLIMATE NORMALS FOR TODAY
                         NORMAL    RECORD    YEAR
 MAXIMUM TEMPERATURE (F)   39        78      1910
 MINIMUM TEMPERATURE (F)   21       -16      1974


SUNRISE AND SUNSET
MARCH 24 2017.........SUNRISE   723 AM CDT   SUNSET   747 PM CDT
MARCH 25 2017.........SUNRISE   720 AM CDT   SUNSET   749 PM CDT


-  INDICATES NEGATIVE NUMBERS.
R  INDICATES RECORD WAS SET OR TIED.
MM INDICATES DATA IS MISSING.
T  INDICATES TRACE AMOUNT.




$$
