000
CDUS43 KFGF 290642
CLIFGF


CLIMATE REPORT
NATIONAL WEATHER SERVICE EASTERN NORTH DAKOTA/GRAND FORKS
1241 AM CST MON DEC 29 2014


...................................

...THE GRAND FORKS UNIV. (NWS) ND CLIMATE SUMMARY FOR DECEMBER 28 2014...

CLIMATE NORMAL PERIOD 1981 TO 2010
CLIMATE RECORD PERIOD 1890 TO 2014


WEATHER ITEM   OBSERVED TIME   RECORD YEAR NORMAL DEPARTURE LAST
                VALUE   (LST)  VALUE       VALUE  FROM      YEAR
                                                  NORMAL
..................................................................
TEMPERATURE (F)
 YESTERDAY
  MAXIMUM          9        MM  41    1999  16     -7       28
                                      1979
  MINIMUM        -10        MM -32    1917   0    -10      -15
  AVERAGE          0                         8     -8        7

PRECIPITATION (IN)
  YESTERDAY        T             0.55   MM   0.02  -0.02     0.02
  MONTH TO DATE    0.13                      0.58  -0.45     0.68
  SINCE DEC 1      0.13                      0.58  -0.45     0.68
  SINCE JAN 1     22.69                     21.55   1.14    19.13

SNOWFALL (IN)
  YESTERDAY        T             6.8    MM   0.4   -0.4      0.6
  MONTH TO DATE    1.6                       9.7   -8.1     22.6
  SINCE DEC 1      1.6                       9.7   -8.1     22.6
  SINCE JUL 1      5.4                      16.8  -11.4     24.2
  SNOW DEPTH       T

DEGREE DAYS
 HEATING
  YESTERDAY       65                        57      8       58
  MONTH TO DATE 1239                      1467   -228     1749
  SINCE DEC 1   1239                      1467   -228     1749
  SINCE JUL 1   3359                      3561   -202     3800

 COOLING
  YESTERDAY        0                         0      0        0
  MONTH TO DATE    0                         0      0        0
  SINCE DEC 1      0                         0      0        0
  SINCE JAN 1    395                       463    -68      528
..................................................................


WIND (MPH)
  RESULTANT WIND SPEED  MM   RESULTANT WIND DIRECTION  MM
  HIGHEST WIND SPEED    MM   HIGHEST WIND DIRECTION    MM
  HIGHEST GUST SPEED    MM   HIGHEST GUST DIRECTION    MM
  AVERAGE WIND SPEED    MM


SKY COVER
  POSSIBLE SUNSHINE  MM
  AVERAGE SKY COVER  MM


WEATHER CONDITIONS
 THE FOLLOWING WEATHER WAS RECORDED YESTERDAY.
  NO SIGNIFICANT WEATHER WAS OBSERVED.


RELATIVE HUMIDITY (PERCENT)
 HIGHEST    MM
 LOWEST     MM
 AVERAGE    MM

..........................................................


THE GRAND FORKS UNIV. (NWS) ND CLIMATE NORMALS FOR TODAY
                         NORMAL    RECORD    YEAR
 MAXIMUM TEMPERATURE (F)   16        48      1999
 MINIMUM TEMPERATURE (F)    0       -35      1917


SUNRISE AND SUNSET
DECEMBER 29 2014......SUNRISE   818 AM CST   SUNSET   443 PM CST
DECEMBER 30 2014......SUNRISE   818 AM CST   SUNSET   444 PM CST


-  INDICATES NEGATIVE NUMBERS.
R  INDICATES RECORD WAS SET OR TIED.
MM INDICATES DATA IS MISSING.
T  INDICATES TRACE AMOUNT.




$$
