000
CDUS45 KFGZ 270737
CLIFLG
CLIMATE REPORT
NATIONAL WEATHER SERVICE FLAGSTAFF, AZ
1234 AM MST FRI MAR 27 2015


...................................

...THE FLAGSTAFF AZ AIRPORT CLIMATE SUMMARY FOR MARCH 26 2015...

CLIMATE NORMAL PERIOD 1981 TO 2010
CLIMATE RECORD PERIOD 1898 TO 2015


WEATHER ITEM   OBSERVED TIME   RECORD YEAR NORMAL DEPARTURE LAST
                VALUE   (LST)  VALUE       VALUE  FROM      YEAR
                                                  NORMAL
..................................................................
TEMPERATURE (F)
 YESTERDAY
  MAXIMUM         64    435 PM  73    1988  53     11       49
  MINIMUM         30   1159 PM  -8    1902  25      5       34
  AVERAGE         47                        39      8

PRECIPITATION (IN)
  YESTERDAY        0.00          1.10 1989   0.06  -0.06     0.10
  MONTH TO DATE    3.73                      1.85   1.88     1.24
  SINCE SEP 1     15.87                     13.73   2.14     8.95
  SINCE JAN 1      8.04                      6.06   1.98     1.84

SNOWFALL (IN)
  YESTERDAY        0.0          14.9  1991   0.5             0.3
  MONTH TO DATE   17.3                      18.4             1.4
  SINCE JUL 1     56.2                      91.6            34.9
  SNOW DEPTH       0

DEGREE DAYS
 HEATING
  YESTERDAY       18                        26     -8       23
  MONTH TO DATE  632                       738   -106      635
  SINCE JUL 1   4682                      5577   -895     5236

 COOLING
  YESTERDAY        0                         0      0        0
  MONTH TO DATE    0                         0      0        0
  SINCE JAN 1      0                         0      0        0
..................................................................


WIND (MPH)
  HIGHEST WIND SPEED    22   HIGHEST WIND DIRECTION    NE (50)
  HIGHEST GUST SPEED    29   HIGHEST GUST DIRECTION    NE (60)
  AVERAGE WIND SPEED     9.2


SKY COVER
  POSSIBLE SUNSHINE  MM
  AVERAGE SKY COVER 0.0


WEATHER CONDITIONS
 THE FOLLOWING WEATHER WAS RECORDED YESTERDAY.
  NO SIGNIFICANT WEATHER WAS OBSERVED.


RELATIVE HUMIDITY (PERCENT)
 HIGHEST    49          1100 PM
 LOWEST     12           200 PM
 AVERAGE    31

..........................................................


THE FLAGSTAFF AZ AIRPORT CLIMATE NORMALS FOR TODAY
                         NORMAL    RECORD    YEAR
 MAXIMUM TEMPERATURE (F)   53        70      1986
 MINIMUM TEMPERATURE (F)   25        -1      1975


SUNRISE AND SUNSET
MARCH 27 2015.........SUNRISE   621 AM MST   SUNSET   644 PM MST
MARCH 28 2015.........SUNRISE   619 AM MST   SUNSET   645 PM MST


-  INDICATES NEGATIVE NUMBERS.
R  INDICATES RECORD WAS SET OR TIED.
MM INDICATES DATA IS MISSING.
T  INDICATES TRACE AMOUNT.




$$


&&

-------------------------------------------------------------------
SNOW DEPTH DATA FOR FLAGSTAFF AIRPORT IS REPORTED AT 5 AM MST


-------------------------------------------------------------------
SUPPLEMENTARY CLIMATE DATA FOR NWS BELLEMONT, ARIZONA

SNOW DEPTH (IN) AT 11 AM........................................ 0
WATER EQUIVALENT OF SNOW PACK (IN) AT 11 AM*...................
* ONLY MEASURED IF SNOW DEPTH IS 2.0 INCHES OR GREATER
-------------------------------------------------------------------
