855
CDUS45 KFGZ 220735
CLIFLG
CLIMATE REPORT
NATIONAL WEATHER SERVICE FLAGSTAFF, AZ
1235 AM MST MON JAN 22 2018


...................................

...THE FLAGSTAFF AZ AIRPORT CLIMATE SUMMARY FOR JANUARY 21 2018...

CLIMATE NORMAL PERIOD 1981 TO 2010
CLIMATE RECORD PERIOD 1898 TO 2018


WEATHER ITEM   OBSERVED TIME   RECORD YEAR NORMAL DEPARTURE LAST
                VALUE   (LST)  VALUE       VALUE  FROM      YEAR
                                                  NORMAL
..................................................................
TEMPERATURE (F)
 YESTERDAY
  MAXIMUM         31    349 PM  60    1944  43    -12       30
  MINIMUM          8   1153 PM -24    1937  18    -10       15
  AVERAGE         20                        30    -10

PRECIPITATION (IN)
  YESTERDAY        0.01          3.39 2010   0.06  -0.05     0.24
  MONTH TO DATE    1.71                      1.44   0.27     3.51
  SINCE SEP 1      2.14                      9.11  -6.97    12.12
  SINCE JAN 1      1.71                      1.44   0.27     3.51

SNOWFALL (IN)
  YESTERDAY        1.0          19.6  2010   0.8             5.7
  MONTH TO DATE    5.7                      15.4            31.0
  SINCE JUL 1      5.7                      44.5            51.5
  SNOW DEPTH       6

DEGREE DAYS
 HEATING
  YESTERDAY       45                        35     10       42
  MONTH TO DATE  601                       741   -140      691
  SINCE JUL 1   2898                      3569   -671     3254

 COOLING
  YESTERDAY        0                         0      0        0
  MONTH TO DATE    0                         0      0        0
  SINCE JAN 1      0                         0      0        0
..................................................................


WIND (MPH)
  HIGHEST WIND SPEED    16   HIGHEST WIND DIRECTION    SW (230)
  HIGHEST GUST SPEED    28   HIGHEST GUST DIRECTION    NW (300)
  AVERAGE WIND SPEED     7.0


SKY COVER
  POSSIBLE SUNSHINE  MM
  AVERAGE SKY COVER 0.3


WEATHER CONDITIONS
 THE FOLLOWING WEATHER WAS RECORDED YESTERDAY.
  LIGHT SNOW
  FOG


RELATIVE HUMIDITY (PERCENT)
 HIGHEST    88          1200 AM
 LOWEST     39           400 PM
 AVERAGE    64

..........................................................


THE FLAGSTAFF AZ AIRPORT CLIMATE NORMALS FOR TODAY
                         NORMAL    RECORD    YEAR
 MAXIMUM TEMPERATURE (F)   43        62      1970
 MINIMUM TEMPERATURE (F)   18       -30      1937


SUNRISE AND SUNSET
JANUARY 22 2018.......SUNRISE   732 AM MST   SUNSET   545 PM MST
JANUARY 23 2018.......SUNRISE   731 AM MST   SUNSET   546 PM MST


-  INDICATES NEGATIVE NUMBERS.
R  INDICATES RECORD WAS SET OR TIED.
MM INDICATES DATA IS MISSING.
T  INDICATES TRACE AMOUNT.




$$
&&

-------------------------------------------------------------------
SNOW DEPTH DATA FOR FLAGSTAFF AIRPORT IS REPORTED AT 5 AM MST


-------------------------------------------------------------------
SUPPLEMENTARY CLIMATE DATA FOR NWS BELLEMONT, ARIZONA

SNOW DEPTH (IN) AT 11 AM...................................4
WATER EQUIVALENT OF SNOW PACK (IN) AT 11 AM*...............NA
* ONLY MEASURED IF SNOW DEPTH IS 2.0 INCHES OR GREATER
-------------------------------------------------------------------
