000
CDUS45 KFGZ 130129
CLIFLG
CLIMATE REPORT
NATIONAL WEATHER SERVICE FLAGSTAFF, AZ
609 PM MST FRI FEB 12 2016


...................................

...THE FLAGSTAFF AZ AIRPORT CLIMATE SUMMARY FOR FEBRUARY 12 2016...
VALID TODAY AS OF 0500 PM LOCAL TIME.

CLIMATE NORMAL PERIOD 1981 TO 2010
CLIMATE RECORD PERIOD 1898 TO 2016


WEATHER ITEM   OBSERVED TIME   RECORD YEAR NORMAL DEPARTURE LAST
                VALUE   (LST)  VALUE       VALUE  FROM      YEAR
                                                  NORMAL
..................................................................
TEMPERATURE (F)
 TODAY
  MAXIMUM         64R   345 PM  62    2014  44     20       54
  MINIMUM         19    730 AM -16    1965  19      0       27
  AVERAGE         42                        32     10       41

PRECIPITATION (IN)
  TODAY            0.00          0.70 1931   0.07  -0.07     0.00
  MONTH TO DATE    0.37                      0.87  -0.50     0.00
  SINCE SEP 1     12.61                     10.59   2.02    10.02
  SINCE JAN 1      3.78                      2.92   0.86     2.19

SNOWFALL (IN)
  TODAY            0.0           6.1  1959   0.8   -0.8      0.0
  MONTH TO DATE    7.8                       9.4   -1.6      0.0
  SINCE SEP 1     71.7                      61.7    RRR     29.7
  SNOW DEPTH       6

DEGREE DAYS
 HEATING
  TODAY           23                        33    -10       24
  MONTH TO DATE  430                       407     23      273
  SINCE JUL 1   4289                      4323    -34     3622

 COOLING
  TODAY            0                         0      0        0
  MONTH TO DATE    0                         0      0        0
  SINCE JAN 1      0                         0      0        0
..................................................................


WIND (MPH)
  HIGHEST WIND SPEED     9   HIGHEST WIND DIRECTION     E (70)
  HIGHEST GUST SPEED    13   HIGHEST GUST DIRECTION     E (70)
  AVERAGE WIND SPEED     2.0


SKY COVER
  POSSIBLE SUNSHINE  MM
  AVERAGE SKY COVER 0.0


WEATHER CONDITIONS
 THE FOLLOWING WEATHER WAS RECORDED TODAY.
  NO SIGNIFICANT WEATHER WAS OBSERVED.


RELATIVE HUMIDITY (PERCENT)
 HIGHEST    84           400 AM
 LOWEST     14           300 PM
 AVERAGE    49

..........................................................


THE FLAGSTAFF AZ AIRPORT CLIMATE NORMALS FOR TOMORROW
                         NORMAL    RECORD    YEAR
 MAXIMUM TEMPERATURE (F)   44        68      1977
 MINIMUM TEMPERATURE (F)   19       -18      1905


SUNRISE AND SUNSET
FEBRUARY 12 2016......SUNRISE   716 AM MST   SUNSET   606 PM MST
FEBRUARY 13 2016......SUNRISE   715 AM MST   SUNSET   607 PM MST


-  INDICATES NEGATIVE NUMBERS.
R  INDICATES RECORD WAS SET OR TIED.
MM INDICATES DATA IS MISSING.
T  INDICATES TRACE AMOUNT.




$$
&&

-------------------------------------------------------------------
SNOW DEPTH DATA FOR FLAGSTAFF AIRPORT IS REPORTED AT 5 AM MST


-------------------------------------------------------------------
SUPPLEMENTARY CLIMATE DATA FOR NWS BELLEMONT, ARIZONA

SNOW DEPTH (IN) AT 11 AM........................................4
WATER EQUIVALENT OF SNOW PACK (IN) AT 11 AM*....................1.4
* ONLY MEASURED IF SNOW DEPTH IS 2.0 INCHES OR GREATER
-------------------------------------------------------------------
