000
CDUS45 KFGZ 220827
CLIFLG
CLIMATE REPORT
NATIONAL WEATHER SERVICE FLAGSTAFF, AZ
1255 AM MST MON DEC 22 2014


...................................

...THE FLAGSTAFF AZ AIRPORT CLIMATE SUMMARY FOR DECEMBER 21 2014...

CLIMATE NORMAL PERIOD 1981 TO 2010
CLIMATE RECORD PERIOD 1898 TO 2014


WEATHER ITEM   OBSERVED TIME   RECORD YEAR NORMAL DEPARTURE LAST
                VALUE   (LST)  VALUE       VALUE  FROM      YEAR
                                                  NORMAL
..................................................................
TEMPERATURE (F)
 YESTERDAY
  MAXIMUM         54    130 PM  61    1969  42     12       37
  MINIMUM         26    133 AM  -6    1967  16     10       17
  AVERAGE         40                        29     11

PRECIPITATION (IN)
  YESTERDAY        0.00          1.03 1909   0.06  -0.06      T
  MONTH TO DATE    2.71                      1.21   1.50     1.35
  SINCE SEP 1      7.10                      7.01   0.09     7.11
  SINCE JAN 1     19.94                     21.20  -1.26    24.79

SNOWFALL (IN)
  YESTERDAY        0.0          19.6  1909   0.6             0.2
  MONTH TO DATE    4.4                      10.9            17.9
  SINCE JUL 1      4.4                      23.1            29.9
  SNOW DEPTH       0

DEGREE DAYS
 HEATING
  YESTERDAY       25                        36    -11       38
  MONTH TO DATE  605                       737   -132      817
  SINCE JUL 1   2022                      2469   -447     2572

 COOLING
  YESTERDAY        0                         0      0        0
  MONTH TO DATE    0                         0      0        0
  SINCE JAN 1    109                       117     -8      148
..................................................................


WIND (MPH)
  HIGHEST WIND SPEED    15   HIGHEST WIND DIRECTION     W (260)
  HIGHEST GUST SPEED    26   HIGHEST GUST DIRECTION    NW (320)
  AVERAGE WIND SPEED     7.1


SKY COVER
  POSSIBLE SUNSHINE  MM
  AVERAGE SKY COVER 0.0


WEATHER CONDITIONS
 THE FOLLOWING WEATHER WAS RECORDED YESTERDAY.
  NO SIGNIFICANT WEATHER WAS OBSERVED.


RELATIVE HUMIDITY (PERCENT)
 HIGHEST    81           100 AM
 LOWEST     44          1200 PM
 AVERAGE    63

..........................................................


THE FLAGSTAFF AZ AIRPORT CLIMATE NORMALS FOR TODAY
                         NORMAL    RECORD    YEAR
 MAXIMUM TEMPERATURE (F)   42        64      1901
 MINIMUM TEMPERATURE (F)   16       -16      1968


SUNRISE AND SUNSET
DECEMBER 22 2014......SUNRISE   732 AM MST   SUNSET   519 PM MST
DECEMBER 23 2014......SUNRISE   732 AM MST   SUNSET   520 PM MST


-  INDICATES NEGATIVE NUMBERS.
R  INDICATES RECORD WAS SET OR TIED.
MM INDICATES DATA IS MISSING.
T  INDICATES TRACE AMOUNT.




$$


&&

-------------------------------------------------------------------
SNOW DEPTH DATA FOR FLAGSTAFF AIRPORT IS REPORTED AT 5 AM MST


-------------------------------------------------------------------
SUPPLEMENTARY CLIMATE DATA FOR NWS BELLEMONT, ARIZONA

SNOW DEPTH (IN) AT 5 AM........................................0
WATER EQUIVALENT OF SNOW PACK (IN) AT 11 AM*....................
* ONLY MEASURED IF SNOW DEPTH IS 2.0 INCHES OR GREATER
-------------------------------------------------------------------
