000
CDUS42 KMFL 280835
CLIFLL


CLIMATE REPORT
NATIONAL WEATHER SERVICE MIAMI, FL
434 AM EDT THU AUG 28 2014


...................................

...THE FORT LAUDERDALE CLIMATE SUMMARY FOR AUGUST 27 2014...

CLIMATE NORMAL PERIOD 1981 TO 2010
CLIMATE RECORD PERIOD 1839 TO 2014


WEATHER ITEM   OBSERVED TIME   RECORD YEAR NORMAL DEPARTURE LAST
                VALUE   (LST)  VALUE       VALUE  FROM      YEAR
                                                  NORMAL
..................................................................
TEMPERATURE (F)
 YESTERDAY
  MAXIMUM         91    223 PM  97    1954  90      1       86
  MINIMUM         78    512 AM  69    1922  78      0       76
                                      1921
  AVERAGE         85                        84      1       81

PRECIPITATION (IN)
  YESTERDAY        0.00          4.75 1964   0.27  -0.27     0.01
  MONTH TO DATE    5.30                      6.35  -1.05     1.77
  SINCE JUN 1     23.12                     22.49   0.63    31.98
  SINCE JAN 1     43.72                     39.98   3.74    56.76

SNOWFALL (IN)
  YESTERDAY        0.0
  MONTH TO DATE    0.0
  SINCE JUN 1      0.0
  SINCE JUL 1      0.0
  SNOW DEPTH       0

DEGREE DAYS
 HEATING
  YESTERDAY        0                         0      0        0
  MONTH TO DATE    0                         0      0        0
  SINCE JUN 1      0                         0      0        0
  SINCE JUL 1      0                         0      0        0

 COOLING
  YESTERDAY       20                        19      1       16
  MONTH TO DATE  557                       532     25      514
  SINCE JUN 1   1688                      1673     15     1583
  SINCE JAN 1   3223                      3091    132     2979
..................................................................


WIND (MPH)
  HIGHEST WIND SPEED    17   HIGHEST WIND DIRECTION     E (100)
  HIGHEST GUST SPEED    23   HIGHEST GUST DIRECTION    NE (60)
  AVERAGE WIND SPEED     9.0


SKY COVER
  AVERAGE SKY COVER 0.4


WEATHER CONDITIONS
 THE FOLLOWING WEATHER WAS RECORDED YESTERDAY.
  NO SIGNIFICANT WEATHER WAS OBSERVED.


RELATIVE HUMIDITY (PERCENT)
 HIGHEST    79
 LOWEST     52
 AVERAGE    66

..........................................................


THE FORT LAUDERDALE CLIMATE NORMALS FOR TODAY
                         NORMAL    RECORD    YEAR
 MAXIMUM TEMPERATURE (F)   90        96      1954
                                             1924
 MINIMUM TEMPERATURE (F)   78        68      1927


SUNRISE AND SUNSET
AUGUST 28 2014........SUNRISE   659 AM EDT   SUNSET   744 PM EDT
AUGUST 29 2014........SUNRISE   659 AM EDT   SUNSET   743 PM EDT


-  INDICATES NEGATIVE NUMBERS.
R  INDICATES RECORD WAS SET OR TIED.
MM INDICATES DATA IS MISSING.
T  INDICATES TRACE AMOUNT.




$$
