000
CDUS42 KMFL 232116
CLIFLL


CLIMATE REPORT
NATIONAL WEATHER SERVICE MIAMI, FL
415 PM EST TUE JAN 23 2018


...................................

...THE FORT LAUDERDALE CLIMATE SUMMARY FOR JANUARY 23 2018...
VALID TODAY AS OF 0400 PM LOCAL TIME.

CLIMATE NORMAL PERIOD 1981 TO 2010
CLIMATE RECORD PERIOD 1912 TO 2018


WEATHER ITEM   OBSERVED TIME   RECORD YEAR NORMAL DEPARTURE LAST
                VALUE   (LST)  VALUE       VALUE  FROM      YEAR
                                                  NORMAL
..................................................................
TEMPERATURE (F)
 TODAY
  MAXIMUM         80    256 PM  86    2007  77      3       79
  MINIMUM         73    529 AM  33    1960  62     11       66
  AVERAGE         77                        69      8       73

PRECIPITATION (IN)
  TODAY            0.00          2.62 1983   0.17  -0.17     0.58
  MONTH TO DATE    2.10                      2.23  -0.13     1.23
  SINCE NOV 1      8.73                      7.93   0.80     5.86
  SINCE JAN 1      2.10                      2.23  -0.13     1.23

SNOWFALL (IN)
  TODAY            0.0
  MONTH TO DATE    0.0
  SINCE DEC 1      0.0
  SINCE JUL 1      0.0
  SNOW DEPTH       0

DEGREE DAYS
 HEATING
  TODAY            0                         1     -1        0
  MONTH TO DATE   79                        39     40       11
  SINCE DEC 1    119                        69     50       13
  SINCE JUL 1    121                        71     50       13

 COOLING
  TODAY           12                         5      7        8
  MONTH TO DATE   77                       124    -47      189
  SINCE DEC 1    284                       340    -56      532
  SINCE JAN 1     77                       124    -47      189
..................................................................


WIND (MPH)
  HIGHEST WIND SPEED    17   HIGHEST WIND DIRECTION    SE (150)
  HIGHEST GUST SPEED    23   HIGHEST GUST DIRECTION    SE (140)
  AVERAGE WIND SPEED    11.0


SKY COVER
  AVERAGE SKY COVER 0.7


WEATHER CONDITIONS
 THE FOLLOWING WEATHER WAS RECORDED TODAY.
  NO SIGNIFICANT WEATHER WAS OBSERVED.


RELATIVE HUMIDITY (PERCENT)
 HIGHEST   100
 LOWEST     74
 AVERAGE    87

..........................................................


THE FORT LAUDERDALE CLIMATE NORMALS FOR TOMORROW
                         NORMAL    RECORD    YEAR
 MAXIMUM TEMPERATURE (F)   77        86      1965
 MINIMUM TEMPERATURE (F)   62        34      1960


SUNRISE AND SUNSET
JANUARY 23 2018.......SUNRISE   708 AM EST   SUNSET   557 PM EST
JANUARY 24 2018.......SUNRISE   708 AM EST   SUNSET   558 PM EST


-  INDICATES NEGATIVE NUMBERS.
R  INDICATES RECORD WAS SET OR TIED.
MM INDICATES DATA IS MISSING.
T  INDICATES TRACE AMOUNT.




$$
