000
CDUS42 KMFL 190947
CLIFLL


CLIMATE REPORT
NATIONAL WEATHER SERVICE MIAMI, FL
447 AM EST SUN FEB 19 2017


...................................

...THE FORT LAUDERDALE CLIMATE SUMMARY FOR FEBRUARY 18 2017...

CLIMATE NORMAL PERIOD 1981 TO 2010
CLIMATE RECORD PERIOD 1912 TO 2017


WEATHER ITEM   OBSERVED TIME   RECORD YEAR NORMAL DEPARTURE LAST
                VALUE   (LST)  VALUE       VALUE  FROM      YEAR
                                                  NORMAL
..................................................................
TEMPERATURE (F)
 YESTERDAY
  MAXIMUM         80    415 PM  87    1959  78      2       78
  MINIMUM         64    736 AM  38    1996  64      0       59
  AVERAGE         72                        71      1       69

PRECIPITATION (IN)
  YESTERDAY        0.00          1.54 1994   0.10  -0.10     0.00
  MONTH TO DATE    0.13                      2.04  -1.91     3.18
  SINCE NOV 1      6.47                     11.37  -4.90    21.81
  SINCE JAN 1      1.84                      5.67  -3.83    10.59

SNOWFALL (IN)
  YESTERDAY        0.0
  MONTH TO DATE    0.0
  SINCE DEC 1      0.0
  SINCE JUL 1      0.0
  SNOW DEPTH       0

DEGREE DAYS
 HEATING
  YESTERDAY        0                         1     -1        0
  MONTH TO DATE    0                        18    -18       33
  SINCE DEC 1     29                        96    -67       78
  SINCE JUL 1     29                        98    -69       78

 COOLING
  YESTERDAY        7                         7      0        4
  MONTH TO DATE  141                       117     24       74
  SINCE DEC 1    697                       503    194      595
  SINCE JAN 1    354                       287     67      198
..................................................................


WIND (MPH)
  HIGHEST WIND SPEED    16   HIGHEST WIND DIRECTION    SE (150)
  HIGHEST GUST SPEED    20   HIGHEST GUST DIRECTION     S (160)
  AVERAGE WIND SPEED     6.9


SKY COVER
  AVERAGE SKY COVER 0.7


WEATHER CONDITIONS
 THE FOLLOWING WEATHER WAS RECORDED YESTERDAY.
  NO SIGNIFICANT WEATHER WAS OBSERVED.


RELATIVE HUMIDITY (PERCENT)
 HIGHEST    87
 LOWEST     58
 AVERAGE    73

..........................................................


THE FORT LAUDERDALE CLIMATE NORMALS FOR TODAY
                         NORMAL    RECORD    YEAR
 MAXIMUM TEMPERATURE (F)   78        89      1926
 MINIMUM TEMPERATURE (F)   64        35      1958


SUNRISE AND SUNSET
FEBRUARY 19 2017......SUNRISE   653 AM EST   SUNSET   616 PM EST
FEBRUARY 20 2017......SUNRISE   652 AM EST   SUNSET   617 PM EST


-  INDICATES NEGATIVE NUMBERS.
R  INDICATES RECORD WAS SET OR TIED.
MM INDICATES DATA IS MISSING.
T  INDICATES TRACE AMOUNT.




$$
