000
CDUS42 KMFL 060832
CLIFLL


CLIMATE REPORT
NATIONAL WEATHER SERVICE MIAMI, FL
432 AM EDT FRI MAY 6 2016


...................................

...THE FORT LAUDERDALE CLIMATE SUMMARY FOR MAY 5 2016...

CLIMATE NORMAL PERIOD 1981 TO 2010
CLIMATE RECORD PERIOD 1912 TO 2016


WEATHER ITEM   OBSERVED TIME   RECORD YEAR NORMAL DEPARTURE LAST
                VALUE   (LST)  VALUE       VALUE  FROM      YEAR
                                                  NORMAL
..................................................................
TEMPERATURE (F)
 YESTERDAY
  MAXIMUM         83    447 PM  91    2002  85     -2       79
                                      1959
                                      1954
  MINIMUM         65    625 AM  49    1921  72     -7       71
  AVERAGE         74                        79     -5       75

PRECIPITATION (IN)
  YESTERDAY        0.00          2.04 1946   0.09  -0.09     0.73
  MONTH TO DATE    1.86                      0.36   1.50     0.73
  SINCE NOV 1     27.38                     18.90   8.48    17.92
  SINCE JAN 1     16.16                     13.20   2.96    12.81

SNOWFALL (IN)
  YESTERDAY        0.0
  MONTH TO DATE    0.0
  SINCE MAR 1      0.0
  SINCE JUL 1      0.0
  SNOW DEPTH       0

DEGREE DAYS
 HEATING
  YESTERDAY        0                         0      0        0
  MONTH TO DATE    0                         0      0        0
  SINCE MAR 1      2                        10     -8        0
  SINCE JUL 1     87                       112    -25       97

 COOLING
  YESTERDAY        9                        14     -5       10
  MONTH TO DATE   75                        66      9       53
  SINCE MAR 1    762                       657    105      833
  SINCE JAN 1   1021                      1013      8     1114
..................................................................


WIND (MPH)
  HIGHEST WIND SPEED    20   HIGHEST WIND DIRECTION    NW (330)
  HIGHEST GUST SPEED    27   HIGHEST GUST DIRECTION    NW (330)
  AVERAGE WIND SPEED    10.6


SKY COVER
  AVERAGE SKY COVER 0.2


WEATHER CONDITIONS
 THE FOLLOWING WEATHER WAS RECORDED YESTERDAY.
  NO SIGNIFICANT WEATHER WAS OBSERVED.


RELATIVE HUMIDITY (PERCENT)
 HIGHEST    93
 LOWEST     34
 AVERAGE    64

..........................................................


THE FORT LAUDERDALE CLIMATE NORMALS FOR TODAY
                         NORMAL    RECORD    YEAR
 MAXIMUM TEMPERATURE (F)   85        91      1978
 MINIMUM TEMPERATURE (F)   73        51      1921


SUNRISE AND SUNSET
MAY  6 2016...........SUNRISE   639 AM EDT   SUNSET   755 PM EDT
MAY  7 2016...........SUNRISE   639 AM EDT   SUNSET   756 PM EDT


-  INDICATES NEGATIVE NUMBERS.
R  INDICATES RECORD WAS SET OR TIED.
MM INDICATES DATA IS MISSING.
T  INDICATES TRACE AMOUNT.




$$
