000
CDUS42 KILM 260842
CLIFLO


CLIMATE REPORT
NATIONAL WEATHER SERVICE WILMINGTON NC
442 AM EDT THU MAY 26 2016


...................................

...THE FLORENCE SC CLIMATE SUMMARY FOR MAY 25 2016...

CLIMATE NORMAL PERIOD 1981 TO 2010
CLIMATE RECORD PERIOD 1948 TO 2016


WEATHER ITEM   OBSERVED TIME   RECORD YEAR NORMAL DEPARTURE LAST
                VALUE   (LST)  VALUE       VALUE  FROM      YEAR
                                                  NORMAL
..................................................................
TEMPERATURE (F)
 YESTERDAY
  MAXIMUM         89    351 PM 100    1953  85      4       86
  MINIMUM         59    509 AM  44    2013  62     -3       58
  AVERAGE         74                        73      1       72

PRECIPITATION (IN)
  YESTERDAY        0.00          1.94 2000   0.13  -0.13     0.00
  MONTH TO DATE    6.27                      2.50   3.77     1.09
  SINCE MAR 1     13.24                      8.45   4.79     7.89
  SINCE JAN 1     20.70                     14.60   6.10    14.82

DEGREE DAYS
 HEATING
  YESTERDAY        0                         0      0        0
  MONTH TO DATE   10                        22    -12        1
  SINCE MAR 1    288                       456   -168      306
  SINCE JUL 1   1948                      2522   -574     2544

 COOLING
  YESTERDAY        9                         9      0        7
  MONTH TO DATE  143                       153    -10      191
  SINCE MAR 1    274                       243     31      305
  SINCE JAN 1    275                       249     26      308
..................................................................


WIND (MPH)
  HIGHEST WIND SPEED    10   HIGHEST WIND DIRECTION    SW (230)
  HIGHEST GUST SPEED    14   HIGHEST GUST DIRECTION    SW (230)
  AVERAGE WIND SPEED     3.8


SKY COVER
  POSSIBLE SUNSHINE  MM
  AVERAGE SKY COVER 0.1


WEATHER CONDITIONS
 THE FOLLOWING WEATHER WAS RECORDED YESTERDAY.
  NO SIGNIFICANT WEATHER WAS OBSERVED.


RELATIVE HUMIDITY (PERCENT)
 HIGHEST    90           500 AM
 LOWEST     32           300 PM
 AVERAGE    61

..........................................................


THE FLORENCE SC CLIMATE NORMALS FOR TODAY
                         NORMAL    RECORD    YEAR
 MAXIMUM TEMPERATURE (F)   85       102      1953
 MINIMUM TEMPERATURE (F)   63        46      1979


SUNRISE AND SUNSET
MAY 26 2016...........SUNRISE   610 AM EDT   SUNSET   822 PM EDT
MAY 27 2016...........SUNRISE   610 AM EDT   SUNSET   823 PM EDT


-  INDICATES NEGATIVE NUMBERS.
R  INDICATES RECORD WAS SET OR TIED.
MM INDICATES DATA IS MISSING.
T  INDICATES TRACE AMOUNT.




$$
