529
CDUS42 KILM 090940
CLIFLO


CLIMATE REPORT
NATIONAL WEATHER SERVICE WILMINGTON NC
440 AM EST FRI DEC 9 2016


...................................

...THE FLORENCE SC CLIMATE SUMMARY FOR DECEMBER 8 2016...

CLIMATE NORMAL PERIOD 1981 TO 2010
CLIMATE RECORD PERIOD 1948 TO 2016


WEATHER ITEM   OBSERVED TIME   RECORD YEAR NORMAL DEPARTURE LAST
                VALUE   (LST)  VALUE       VALUE  FROM      YEAR
                                                  NORMAL
..................................................................
TEMPERATURE (F)
 YESTERDAY
  MAXIMUM         60    306 PM  85    1998  60      0       61
  MINIMUM         43   1159 PM  13    2010  38      5       41
  AVERAGE         52                        49      3       51

PRECIPITATION (IN)
  YESTERDAY        0.00          1.91 1973   0.09  -0.09     0.00
  MONTH TO DATE    1.94                      0.71   1.23     0.64
  SINCE DEC 1      1.94                      0.71   1.23     0.64
  SINCE JAN 1     58.34                     40.61  17.73    50.58

SNOWFALL (IN)
  YESTERDAY       MM
  MONTH TO DATE   MM
  SINCE DEC 1     MM
  SINCE JUL 1     MM
  SNOW DEPTH      MM

DEGREE DAYS
 HEATING
  YESTERDAY       13                        16     -3       14
  MONTH TO DATE  109                       124    -15      103
  SINCE DEC 1    109                       124    -15      103
  SINCE JUL 1    422                       546   -124      367

 COOLING
  YESTERDAY        0                         0      0        0
  MONTH TO DATE    0                         0      0        0
  SINCE DEC 1      0                         0      0        0
  SINCE JAN 1   2582                      2059    523     2470
..................................................................


WIND (MPH)
  HIGHEST WIND SPEED    15   HIGHEST WIND DIRECTION     N (350)
  HIGHEST GUST SPEED    20   HIGHEST GUST DIRECTION    NW (320)
  AVERAGE WIND SPEED     7.5


SKY COVER
  POSSIBLE SUNSHINE  MM
  AVERAGE SKY COVER 0.7


WEATHER CONDITIONS
 THE FOLLOWING WEATHER WAS RECORDED YESTERDAY.
  NO SIGNIFICANT WEATHER WAS OBSERVED.


RELATIVE HUMIDITY (PERCENT)
 HIGHEST   100           700 AM
 LOWEST     42           900 PM
 AVERAGE    71

..........................................................


THE FLORENCE SC CLIMATE NORMALS FOR TODAY
                         NORMAL    RECORD    YEAR
 MAXIMUM TEMPERATURE (F)   59        78      2007
                                             1951
 MINIMUM TEMPERATURE (F)   38        17      2006


SUNRISE AND SUNSET
DECEMBER  9 2016......SUNRISE   713 AM EST   SUNSET   509 PM EST
DECEMBER 10 2016......SUNRISE   714 AM EST   SUNSET   510 PM EST


-  INDICATES NEGATIVE NUMBERS.
R  INDICATES RECORD WAS SET OR TIED.
MM INDICATES DATA IS MISSING.
T  INDICATES TRACE AMOUNT.




$$
