000
CDUS42 KILM 282042
CLIFLO


CLIMATE REPORT
NATIONAL WEATHER SERVICE WILMINGTON NC
441 PM EDT THU APR 28 2016


...................................

...THE FLORENCE SC CLIMATE SUMMARY FOR APRIL 28 2016...
VALID TODAY AS OF 0400 PM LOCAL TIME.

CLIMATE NORMAL PERIOD 1981 TO 2010
CLIMATE RECORD PERIOD 1948 TO 2016


WEATHER ITEM   OBSERVED TIME   RECORD YEAR NORMAL DEPARTURE LAST
                VALUE   (LST)  VALUE       VALUE  FROM      YEAR
                                                  NORMAL
..................................................................
TEMPERATURE (F)
 TODAY
  MAXIMUM         86    247 PM  97    1981  79      7       72
  MINIMUM         66    534 AM  40    2005  54     12       46
                                      1967
  AVERAGE         76                        66     10       59

PRECIPITATION (IN)
  TODAY            0.00          1.19 1997   0.08  -0.08     0.00
  MONTH TO DATE    5.34                      2.45   2.89     3.15
  SINCE MAR 1      6.97                      5.78   1.19     6.55
  SINCE JAN 1     14.43                     11.93   2.50    13.48

SNOWFALL (IN)
  TODAY           MM
  MONTH TO DATE   MM
  SINCE MAR 1     MM
  SINCE JUL 1     MM
  SNOW DEPTH      MM

DEGREE DAYS
 HEATING
  TODAY            0                         2     -2        6
  MONTH TO DATE  113                       119     -6       46
  SINCE MAR 1    278                       429   -151      298
  SINCE JUL 1   1938                      2495   -557     2536

 COOLING
  TODAY           11                         4      7        0
  MONTH TO DATE   62                        63     -1       90
  SINCE MAR 1    110                        81     29      114
  SINCE JAN 1    111                        87     24      117
..................................................................


WIND (MPH)
  HIGHEST WIND SPEED    17   HIGHEST WIND DIRECTION    SW (240)
  HIGHEST GUST SPEED    23   HIGHEST GUST DIRECTION    SW (220)
  AVERAGE WIND SPEED     9.2


SKY COVER
  POSSIBLE SUNSHINE  MM
  AVERAGE SKY COVER 0.2


WEATHER CONDITIONS
 THE FOLLOWING WEATHER WAS RECORDED TODAY.
  NO SIGNIFICANT WEATHER WAS OBSERVED.


RELATIVE HUMIDITY (PERCENT)
 HIGHEST    93           600 AM
 LOWEST     55           100 PM
 AVERAGE    74

..........................................................


THE FLORENCE SC CLIMATE NORMALS FOR TOMORROW
                         NORMAL    RECORD    YEAR
 MAXIMUM TEMPERATURE (F)   79        91      1981
 MINIMUM TEMPERATURE (F)   54        38      1988


SUNRISE AND SUNSET
APRIL 28 2016.........SUNRISE   632 AM EDT   SUNSET   801 PM EDT
APRIL 29 2016.........SUNRISE   631 AM EDT   SUNSET   802 PM EDT


-  INDICATES NEGATIVE NUMBERS.
R  INDICATES RECORD WAS SET OR TIED.
MM INDICATES DATA IS MISSING.
T  INDICATES TRACE AMOUNT.




$$
