000
CDUS42 KILM 240940
CLIFLO


CLIMATE REPORT
NATIONAL WEATHER SERVICE WILMINGTON NC
440 AM EST TUE JAN 24 2017


...................................

...THE FLORENCE SC CLIMATE SUMMARY FOR JANUARY 23 2017...

CLIMATE NORMAL PERIOD 1981 TO 2010
CLIMATE RECORD PERIOD 1948 TO 2017


WEATHER ITEM   OBSERVED TIME   RECORD YEAR NORMAL DEPARTURE LAST
                VALUE   (LST)  VALUE       VALUE  FROM      YEAR
                                                  NORMAL
..................................................................
TEMPERATURE (F)
 YESTERDAY
  MAXIMUM         62    239 AM  82    1974  56      6       37
  MINIMUM         48    736 AM  14    1985  35     13       28
  AVERAGE         55                        45     10       33

PRECIPITATION (IN)
  YESTERDAY        0.35          2.10 1999   0.10   0.25      T
  MONTH TO DATE    3.26                      2.41   0.85     1.92
  SINCE DEC 1      7.83                      5.42   2.41     9.01
  SINCE JAN 1      3.26                      2.41   0.85     1.92

SNOWFALL (IN)
  YESTERDAY       MM
  MONTH TO DATE   MM
  SINCE DEC 1     MM
  SINCE JUL 1     MM
  SNOW DEPTH      MM

DEGREE DAYS
 HEATING
  YESTERDAY       10                        20    -10       32
  MONTH TO DATE  268                       467   -199      524
  SINCE DEC 1    763                      1024   -261      745
  SINCE JUL 1   1076                      1446   -370     1009

 COOLING
  YESTERDAY        0                         0      0        0
  MONTH TO DATE    0                         0      0        0
  SINCE DEC 1      4                         4      0       57
  SINCE JAN 1      0                         0      0        0
..................................................................


WIND (MPH)
  HIGHEST WIND SPEED    25   HIGHEST WIND DIRECTION    SW (220)
  HIGHEST GUST SPEED    34   HIGHEST GUST DIRECTION    SW (220)
  AVERAGE WIND SPEED     8.3


SKY COVER
  POSSIBLE SUNSHINE  MM
  AVERAGE SKY COVER 0.5


WEATHER CONDITIONS
 THE FOLLOWING WEATHER WAS RECORDED YESTERDAY.
  HEAVY RAIN
  LIGHT RAIN
  FOG


RELATIVE HUMIDITY (PERCENT)
 HIGHEST   100          1200 AM
 LOWEST     77           400 AM
 AVERAGE    89

..........................................................


THE FLORENCE SC CLIMATE NORMALS FOR TODAY
                         NORMAL    RECORD    YEAR
 MAXIMUM TEMPERATURE (F)   56        84      1974
 MINIMUM TEMPERATURE (F)   35        13      2014
                                             2003


SUNRISE AND SUNSET
JANUARY 24 2017.......SUNRISE   721 AM EST   SUNSET   541 PM EST
JANUARY 25 2017.......SUNRISE   720 AM EST   SUNSET   542 PM EST


-  INDICATES NEGATIVE NUMBERS.
R  INDICATES RECORD WAS SET OR TIED.
MM INDICATES DATA IS MISSING.
T  INDICATES TRACE AMOUNT.




$$
