000
CDUS42 KILM 300844
CLIFLO


CLIMATE REPORT
NATIONAL WEATHER SERVICE WILMINGTON NC
443 AM EDT SUN APR 30 2017


...................................

...THE FLORENCE SC CLIMATE SUMMARY FOR APRIL 29 2017...

CLIMATE NORMAL PERIOD 1981 TO 2010
CLIMATE RECORD PERIOD 1948 TO 2017


WEATHER ITEM   OBSERVED TIME   RECORD YEAR NORMAL DEPARTURE LAST
                VALUE   (LST)  VALUE       VALUE  FROM      YEAR
                                                  NORMAL
..................................................................
TEMPERATURE (F)
 YESTERDAY
  MAXIMUM         90    324 PM  91    1981  79     11       86
  MINIMUM         71   1159 PM  38    1988  54     17       66
  AVERAGE         81                        67     14       76

PRECIPITATION (IN)
  YESTERDAY        0.00          2.57 1959   0.09  -0.09     0.00
  MONTH TO DATE    4.55                      2.54   2.01     5.34
  SINCE MAR 1      6.15                      5.87   0.28     6.97
  SINCE JAN 1     11.02                     12.02  -1.00    14.43

SNOWFALL (IN)
  YESTERDAY       MM
  MONTH TO DATE   MM
  SINCE MAR 1     MM
  SINCE JUL 1     MM
  SNOW DEPTH      MM

DEGREE DAYS
 HEATING
  YESTERDAY        0                         2     -2        0
  MONTH TO DATE   49                       121    -72      113
  SINCE MAR 1    380                       431    -51      278
  SINCE JUL 1   1825                      2497   -672     1938

 COOLING
  YESTERDAY       16                         4     12       11
  MONTH TO DATE  124                        67     57       73
  SINCE MAR 1    164                        85     79      121
  SINCE JAN 1    177                        91     86      122
..................................................................


WIND (MPH)
  HIGHEST WIND SPEED    16   HIGHEST WIND DIRECTION     S (180)
  HIGHEST GUST SPEED    22   HIGHEST GUST DIRECTION     S (200)
  AVERAGE WIND SPEED     8.0


SKY COVER
  POSSIBLE SUNSHINE  MM
  AVERAGE SKY COVER 0.5


WEATHER CONDITIONS
 THE FOLLOWING WEATHER WAS RECORDED YESTERDAY.
  NO SIGNIFICANT WEATHER WAS OBSERVED.


RELATIVE HUMIDITY (PERCENT)
 HIGHEST   100          1200 AM
 LOWEST     48           500 PM
 AVERAGE    74

..........................................................


THE FLORENCE SC CLIMATE NORMALS FOR TODAY
                         NORMAL    RECORD    YEAR
 MAXIMUM TEMPERATURE (F)   79        94      1981
 MINIMUM TEMPERATURE (F)   54        41      2008


SUNRISE AND SUNSET
APRIL 30 2017.........SUNRISE   630 AM EDT   SUNSET   802 PM EDT
MAY  1 2017...........SUNRISE   629 AM EDT   SUNSET   803 PM EDT


-  INDICATES NEGATIVE NUMBERS.
R  INDICATES RECORD WAS SET OR TIED.
MM INDICATES DATA IS MISSING.
T  INDICATES TRACE AMOUNT.




$$
