000
CDUS42 KTBW 260928
CLIFMY


CLIMATE REPORT
NATIONAL WEATHER SERVICE TAMPA BAY FL
426 AM EST FRI DEC 26 2014


...................................

...THE FORT MYERS CLIMATE SUMMARY FOR DECEMBER 25 2014...

CLIMATE NORMAL PERIOD 1981 TO 2010
CLIMATE RECORD PERIOD 1902 TO 2014


WEATHER ITEM   OBSERVED TIME   RECORD YEAR NORMAL DEPARTURE LAST
                VALUE   (LST)  VALUE       VALUE  FROM      YEAR
                                                  NORMAL
..................................................................
TEMPERATURE (F)
 YESTERDAY
  MAXIMUM         73    327 PM  86    1988  75     -2       77
                                      1962
  MINIMUM         61   1159 PM  28    1989  55      6       56
  AVERAGE         67                        65      2       67

PRECIPITATION (IN)
  YESTERDAY        0.01          1.53 2004   0.06  -0.05     0.00
  MONTH TO DATE    0.05                      1.34  -1.29     0.32
  SINCE DEC 1      0.05                      1.34  -1.29     0.32
  SINCE JAN 1     42.32                     55.56 -13.24    53.61

DEGREE DAYS
 HEATING
  YESTERDAY        0                         3     -3        0
  MONTH TO DATE   48                        53     -5        4
  SINCE DEC 1     48                        53     -5        4
  SINCE JUL 1     89                        71     18       13

 COOLING
  YESTERDAY        2                         3     -1        2
  MONTH TO DATE  100                       103     -3      170
  SINCE DEC 1    100                       103     -3      170
  SINCE JAN 1   4027                      3966     61     4044
..................................................................


WIND (MPH)
  RESULTANT WIND SPEED   6   RESULTANT WIND DIRECTION   N (20)
  HIGHEST WIND SPEED    17   HIGHEST WIND DIRECTION    NW (330)
  HIGHEST GUST SPEED    22   HIGHEST GUST DIRECTION     N (340)
  AVERAGE WIND SPEED     7.5


SKY COVER
  POSSIBLE SUNSHINE  MM
  AVERAGE SKY COVER 0.7


WEATHER CONDITIONS
 THE FOLLOWING WEATHER WAS RECORDED YESTERDAY.
  LIGHT RAIN
  FOG


RELATIVE HUMIDITY (PERCENT)
 HIGHEST    87           200 AM
 LOWEST     53           200 PM

..........................................................


THE FORT MYERS CLIMATE NORMALS FOR TODAY
                         NORMAL    RECORD    YEAR
 MAXIMUM TEMPERATURE (F)   75        85      1964
                                             1942
 MINIMUM TEMPERATURE (F)   55        29      1983


SUNRISE AND SUNSET
DECEMBER 26 2014......SUNRISE   714 AM EST   SUNSET   542 PM EST
DECEMBER 27 2014......SUNRISE   714 AM EST   SUNSET   543 PM EST


-  INDICATES NEGATIVE NUMBERS.
R  INDICATES RECORD WAS SET OR TIED.
MM INDICATES DATA IS MISSING.
T  INDICATES TRACE AMOUNT.




$$


&&
------------------------------------------------------------------
******************** SUPPLEMENTAL DATA ***************************

...GULF WATER TEMPERATURE AT FORT MYERS BEACH 69
