000
CDUS42 KTBW 052218
CLIFMY


CLIMATE REPORT
NATIONAL WEATHER SERVICE TAMPA BAY FL
515 PM EST MON DEC 5 2016


...................................

...THE FORT MYERS CLIMATE SUMMARY FOR DECEMBER 5 2016...
VALID TODAY AS OF 0500 PM LOCAL TIME.

CLIMATE NORMAL PERIOD 1981 TO 2010
CLIMATE RECORD PERIOD 1902 TO 2016


WEATHER ITEM   OBSERVED TIME   RECORD YEAR NORMAL DEPARTURE LAST
                VALUE   (LST)  VALUE       VALUE  FROM      YEAR
                                                  NORMAL
..................................................................
TEMPERATURE (F)
 TODAY
  MAXIMUM         87R   157 PM  86    1942  78      9       76
                                      1941
  MINIMUM         69    609 AM  39    1963  58     11       65
                                      1957
                                      1907
  AVERAGE         78                        68     10       71

PRECIPITATION (IN)
  TODAY            0.00          0.82 2009   0.05  -0.05      T
  MONTH TO DATE    T                         0.23  -0.23     2.95
  SINCE DEC 1      T                         0.23  -0.23     2.95
  SINCE JAN 1     63.62                     54.45   9.17    60.25

DEGREE DAYS
 HEATING
  TODAY            0                         1     -1        0
  MONTH TO DATE    0                         5     -5        0
  SINCE DEC 1      0                         5     -5        0
  SINCE JUL 1      5                        23    -18        0

 COOLING
  TODAY           13                         5      8        6
  MONTH TO DATE   52                        25     27       36
  SINCE DEC 1     52                        25     27       36
  SINCE JAN 1   4060                      3888    172     4362
..................................................................


WIND (MPH)
  RESULTANT WIND SPEED   6   RESULTANT WIND DIRECTION   S (160)
  HIGHEST WIND SPEED    16   HIGHEST WIND DIRECTION     S (190)
  HIGHEST GUST SPEED    22   HIGHEST GUST DIRECTION     S (180)
  AVERAGE WIND SPEED     7.6


SKY COVER
  POSSIBLE SUNSHINE  MM
  AVERAGE SKY COVER 0.4


WEATHER CONDITIONS
 THE FOLLOWING WEATHER WAS RECORDED TODAY.
  FOG


RELATIVE HUMIDITY (PERCENT)
 HIGHEST   100           700 AM
 LOWEST     55           200 PM

..........................................................


THE FORT MYERS CLIMATE NORMALS FOR TOMORROW
                         NORMAL    RECORD    YEAR
 MAXIMUM TEMPERATURE (F)   78        87      1978
 MINIMUM TEMPERATURE (F)   58        41      1987
                                             1957


SUNRISE AND SUNSET
DECEMBER  5 2016......SUNRISE   702 AM EST   SUNSET   535 PM EST
DECEMBER  6 2016......SUNRISE   703 AM EST   SUNSET   535 PM EST


-  INDICATES NEGATIVE NUMBERS.
R  INDICATES RECORD WAS SET OR TIED.
MM INDICATES DATA IS MISSING.
T  INDICATES TRACE AMOUNT.




$$


&&
------------------------------------------------------------------
******************** SUPPLEMENTAL DATA ***************************

...GULF WATER TEMPERATURE AT FORT MYERS BEACH IS 74 DEGREES.
