000
CDUS42 KTBW 270830
CLIFMY


CLIMATE REPORT
NATIONAL WEATHER SERVICE TAMPA BAY FL
428 AM EDT WED JUL 27 2016


...................................

...THE FORT MYERS CLIMATE SUMMARY FOR JULY 26 2016...

CLIMATE NORMAL PERIOD 1981 TO 2010
CLIMATE RECORD PERIOD 1902 TO 2016


WEATHER ITEM   OBSERVED TIME   RECORD YEAR NORMAL DEPARTURE LAST
                VALUE   (LST)  VALUE       VALUE  FROM      YEAR
                                                  NORMAL
..................................................................
TEMPERATURE (F)
 YESTERDAY
  MAXIMUM         95    336 PM  98    1990  92      3       80
  MINIMUM         76    630 AM  68    1904  75      1       73
  AVERAGE         86                        83      3       77

PRECIPITATION (IN)
  YESTERDAY        0.01          2.27 2015   0.28  -0.27     2.27
  MONTH TO DATE    6.96                      7.58  -0.62    11.20
  SINCE JUN 1     19.56                     17.67   1.89    19.80
  SINCE JAN 1     40.43                     29.47  10.96    28.65

DEGREE DAYS
 HEATING
  YESTERDAY        0                         0      0        0
  MONTH TO DATE    0                         0      0        0
  SINCE JUN 1      0                         0      0        0
  SINCE JUL 1      0                         0      0        0

 COOLING
  YESTERDAY       21                        18      3       12
  MONTH TO DATE  513                       468     45      468
  SINCE JUN 1   1057                       993     64     1006
  SINCE JAN 1   2155                      2059     96     2360
..................................................................


WIND (MPH)
  RESULTANT WIND SPEED   3   RESULTANT WIND DIRECTION  SE (120)
  HIGHEST WIND SPEED    17   HIGHEST WIND DIRECTION    SE (120)
  HIGHEST GUST SPEED    21   HIGHEST GUST DIRECTION     E (110)
  AVERAGE WIND SPEED     4.6


SKY COVER
  POSSIBLE SUNSHINE  MM
  AVERAGE SKY COVER 0.2


WEATHER CONDITIONS
 THE FOLLOWING WEATHER WAS RECORDED YESTERDAY.
  THUNDERSTORM
  LIGHT RAIN


RELATIVE HUMIDITY (PERCENT)
 HIGHEST   100           500 AM
 LOWEST     46           200 PM

..........................................................


THE FORT MYERS CLIMATE NORMALS FOR TODAY
                         NORMAL    RECORD    YEAR
 MAXIMUM TEMPERATURE (F)   92        97      1979
 MINIMUM TEMPERATURE (F)   75        68      1976


SUNRISE AND SUNSET
JULY 27 2016..........SUNRISE   650 AM EDT   SUNSET   817 PM EDT
JULY 28 2016..........SUNRISE   651 AM EDT   SUNSET   817 PM EDT


-  INDICATES NEGATIVE NUMBERS.
R  INDICATES RECORD WAS SET OR TIED.
MM INDICATES DATA IS MISSING.
T  INDICATES TRACE AMOUNT.




$$


&&
------------------------------------------------------------------
******************** SUPPLEMENTAL DATA ***************************

...GULF WATER TEMPERATURE AT FORT MYERS BEACH 88 DEGREES
