000
CDUS42 KTBW 292127
CLIFMY


CLIMATE REPORT
NATIONAL WEATHER SERVICE TAMPA BAY FL
525 PM EDT WED MAR 29 2017


...................................

...THE FORT MYERS CLIMATE SUMMARY FOR MARCH 29 2017...
VALID TODAY AS OF 0500 PM LOCAL TIME.

CLIMATE NORMAL PERIOD 1981 TO 2010
CLIMATE RECORD PERIOD 1902 TO 2017


WEATHER ITEM   OBSERVED TIME   RECORD YEAR NORMAL DEPARTURE LAST
                VALUE   (LST)  VALUE       VALUE  FROM      YEAR
                                                  NORMAL
..................................................................
TEMPERATURE (F)
 TODAY
  MAXIMUM         88    130 PM  90    2002  82      6       81
                                      1980
                                      1949
  MINIMUM         65    651 AM  48    2013  61      4       64
                                      1955
                                      1919
  AVERAGE         77                        72      5       73

PRECIPITATION (IN)
  TODAY            0.00          1.67 1959   0.08  -0.08     0.47
  MONTH TO DATE    0.16                      2.70  -2.54     1.02
  SINCE MAR 1      0.16                      2.70  -2.54     1.02
  SINCE JAN 1      2.41                      6.79  -4.38    16.13

DEGREE DAYS
 HEATING
  TODAY            0                         0      0        0
  MONTH TO DATE   11                        21    -10        9
  SINCE MAR 1     11                        21    -10        9
  SINCE JUL 1     76                       281   -205      204

 COOLING
  TODAY           12                         7      5        8
  MONTH TO DATE  221                       163     58      226
  SINCE MAR 1    221                       163     58      226
  SINCE JAN 1    563                       348    215      337
..................................................................


WIND (MPH)
  RESULTANT WIND SPEED   3   RESULTANT WIND DIRECTION  SW (210)
  HIGHEST WIND SPEED    21   HIGHEST WIND DIRECTION     W (270)
  HIGHEST GUST SPEED    24   HIGHEST GUST DIRECTION     W (270)
  AVERAGE WIND SPEED     5.3


SKY COVER
  POSSIBLE SUNSHINE  MM
  AVERAGE SKY COVER 0.0


WEATHER CONDITIONS
 THE FOLLOWING WEATHER WAS RECORDED TODAY.
  NO SIGNIFICANT WEATHER WAS OBSERVED.


RELATIVE HUMIDITY (PERCENT)
 HIGHEST    93           500 AM
 LOWEST     43           100 PM

..........................................................


THE FORT MYERS CLIMATE NORMALS FOR TOMORROW
                         NORMAL    RECORD    YEAR
 MAXIMUM TEMPERATURE (F)   82        90      1945
                                             1907
 MINIMUM TEMPERATURE (F)   61        40      1955


SUNRISE AND SUNSET
MARCH 29 2017.........SUNRISE   721 AM EDT   SUNSET   743 PM EDT
MARCH 30 2017.........SUNRISE   720 AM EDT   SUNSET   744 PM EDT


-  INDICATES NEGATIVE NUMBERS.
R  INDICATES RECORD WAS SET OR TIED.
MM INDICATES DATA IS MISSING.
T  INDICATES TRACE AMOUNT.




$$


&&
------------------------------------------------------------------
******************** SUPPLEMENTAL DATA ***************************

...GULF WATER TEMPERATURE AT FORT MYERS BEACH 75 DEGREES
