000
CDUS43 KFSD 040633
CLIFSD


CLIMATE REPORT
NATIONAL WEATHER SERVICE SIOUX FALLS SD
131 AM CDT FRI SEP 4 2015


...................................

...THE SIOUX FALLS SD CLIMATE SUMMARY FOR SEPTEMBER 3 2015...

CLIMATE NORMAL PERIOD 1981 TO 2010
CLIMATE RECORD PERIOD 1893 TO 2015


WEATHER ITEM   OBSERVED TIME   RECORD YEAR NORMAL DEPARTURE LAST
                VALUE   (LST)  VALUE       VALUE  FROM      YEAR
                                                  NORMAL
..................................................................
TEMPERATURE (F)
 YESTERDAY
  MAXIMUM         87    239 PM  97    1913  78      9       82
  MINIMUM         65    443 AM  31    1974  55     10       65
  AVERAGE         76                        66     10       74

PRECIPITATION (IN)
  YESTERDAY        0.00          2.40 1911   0.09  -0.09     0.03
  MONTH TO DATE    0.02                      0.29  -0.27     0.05
  SINCE SEP 1      0.02                      0.29  -0.27     0.05
  SINCE JAN 1     21.62                     19.68   1.94    24.48

SNOWFALL (IN)
  YESTERDAY        0.0           0.0    MM   0.0    0.0      0.0
  MONTH TO DATE    0.0                       0.0    0.0      0.0
  SINCE SEP 1      0.0                       0.0    0.0      0.0
  SINCE JUL 1      0.0                       0.0    0.0       T
  SNOW DEPTH       0

DEGREE DAYS
 HEATING
  YESTERDAY        0                         2     -2        0
  MONTH TO DATE    0                         6     -6        0
  SINCE SEP 1      0                         6     -6        0
  SINCE JUL 1     40                        37      3       18

 COOLING
  YESTERDAY       11                         4      7        9
  MONTH TO DATE   32                        12     20       13
  SINCE SEP 1     32                        12     20       13
  SINCE JAN 1    607                       637    -30      564
..................................................................


WIND (MPH)
  HIGHEST WIND SPEED    20   HIGHEST WIND DIRECTION    SE (150)
  HIGHEST GUST SPEED    24   HIGHEST GUST DIRECTION     S (160)
  AVERAGE WIND SPEED     8.6


SKY COVER
  POSSIBLE SUNSHINE  MM
  AVERAGE SKY COVER 0.2


WEATHER CONDITIONS
 THE FOLLOWING WEATHER WAS RECORDED YESTERDAY.
  FOG


RELATIVE HUMIDITY (PERCENT)
 HIGHEST    93           200 AM
 LOWEST     57           300 PM
 AVERAGE    75

..........................................................


THE SIOUX FALLS SD CLIMATE NORMALS FOR TODAY
                         NORMAL    RECORD    YEAR
 MAXIMUM TEMPERATURE (F)   78       104      1913
 MINIMUM TEMPERATURE (F)   55        36      1974
                                             1902


SUNRISE AND SUNSET
SEPTEMBER  4 2015.....SUNRISE   654 AM CDT   SUNSET   757 PM CDT
SEPTEMBER  5 2015.....SUNRISE   655 AM CDT   SUNSET   756 PM CDT


-  INDICATES NEGATIVE NUMBERS.
R  INDICATES RECORD WAS SET OR TIED.
MM INDICATES DATA IS MISSING.
T  INDICATES TRACE AMOUNT.




$$
