000
CDUS43 KFSD 290657
CLIFSD


CLIMATE REPORT
NATIONAL WEATHER SERVICE SIOUX FALLS SD
157 AM CDT THU SEP 29 2016


...................................

...THE SIOUX FALLS SD CLIMATE SUMMARY FOR SEPTEMBER 28 2016...

CLIMATE NORMAL PERIOD 1981 TO 2010
CLIMATE RECORD PERIOD 1893 TO 2016


WEATHER ITEM   OBSERVED TIME   RECORD YEAR NORMAL DEPARTURE LAST
                VALUE   (LST)  VALUE       VALUE  FROM      YEAR
                                                  NORMAL
..................................................................
TEMPERATURE (F)
 YESTERDAY
  MAXIMUM         66    403 PM  93    1894  68     -2       74
  MINIMUM         43    643 AM  24    1976  43      0       53
                                      1951
  AVERAGE         55                        56     -1       64

PRECIPITATION (IN)
  YESTERDAY        0.00          1.51 1988   0.09  -0.09     0.19
  MONTH TO DATE    7.55                      2.61   4.94     3.21
  SINCE SEP 1      7.55                      2.61   4.94     3.21
  SINCE JAN 1     25.41                     22.00   3.41    24.81

SNOWFALL (IN)
  YESTERDAY        0.0           0.9  1985   0.0    0.0      0.0
  MONTH TO DATE    0.0                       0.1   -0.1      0.0
  SINCE SEP 1      0.0                       0.1   -0.1      0.0
  SINCE JUL 1      0.0                       0.1   -0.1      0.0
  SNOW DEPTH       0

DEGREE DAYS
 HEATING
  YESTERDAY       10                        10      0        1
  MONTH TO DATE   53                       152    -99       49
  SINCE SEP 1     53                       152    -99       49
  SINCE JUL 1     61                       183   -122       89

 COOLING
  YESTERDAY        0                         1     -1        0
  MONTH TO DATE   97                        61     36      133
  SINCE SEP 1     97                        61     36      133
  SINCE JAN 1    877                       686    191      708
..................................................................


WIND (MPH)
  HIGHEST WIND SPEED    16   HIGHEST WIND DIRECTION    NE (30)
  HIGHEST GUST SPEED    23   HIGHEST GUST DIRECTION    NE (30)
  AVERAGE WIND SPEED     7.0


SKY COVER
  POSSIBLE SUNSHINE  MM
  AVERAGE SKY COVER 0.1


WEATHER CONDITIONS
 THE FOLLOWING WEATHER WAS RECORDED YESTERDAY.
  NO SIGNIFICANT WEATHER WAS OBSERVED.


RELATIVE HUMIDITY (PERCENT)
 HIGHEST    93          1000 PM
 LOWEST     48           200 PM
 AVERAGE    71

..........................................................


THE SIOUX FALLS SD CLIMATE NORMALS FOR TODAY
                         NORMAL    RECORD    YEAR
 MAXIMUM TEMPERATURE (F)   67        90      1897
 MINIMUM TEMPERATURE (F)   43        13      1899


SUNRISE AND SUNSET
SEPTEMBER 29 2016.....SUNRISE   723 AM CDT   SUNSET   711 PM CDT
SEPTEMBER 30 2016.....SUNRISE   724 AM CDT   SUNSET   709 PM CDT


-  INDICATES NEGATIVE NUMBERS.
R  INDICATES RECORD WAS SET OR TIED.
MM INDICATES DATA IS MISSING.
T  INDICATES TRACE AMOUNT.




$$
