000
CDUS43 KFSD 300635
CLIFSD


CLIMATE REPORT
NATIONAL WEATHER SERVICE SIOUX FALLS SD
133 AM CDT SUN APR 30 2017


...................................

...THE SIOUX FALLS SD CLIMATE SUMMARY FOR APRIL 29 2017...

CLIMATE NORMAL PERIOD 1981 TO 2010
CLIMATE RECORD PERIOD 1893 TO 2017


WEATHER ITEM   OBSERVED TIME   RECORD YEAR NORMAL DEPARTURE LAST
                VALUE   (LST)  VALUE       VALUE  FROM      YEAR
                                                  NORMAL
..................................................................
TEMPERATURE (F)
 YESTERDAY
  MAXIMUM         55    250 PM  90    2007  65    -10       51
  MINIMUM         33    156 AM  19    1958  40     -7       39
  AVERAGE         44                        52     -8       45

PRECIPITATION (IN)
  YESTERDAY        0.00          1.16 1920   0.11  -0.11     0.00
  MONTH TO DATE    1.49                      2.91  -1.42     3.90
  SINCE MAR 1      2.03                      4.67  -2.64     5.99
  SINCE JAN 1      3.14                      5.83  -2.69     7.67

SNOWFALL (IN)
  YESTERDAY        0.0           5.7  1950   0.0    0.0      0.0
  MONTH TO DATE    T                         4.5   -4.5       T
  SINCE MAR 1      8.0                      12.9   -4.9     12.2
  SINCE JUL 1     39.4                      44.4   -5.0     68.5
  SNOW DEPTH       0

DEGREE DAYS
 HEATING
  YESTERDAY       21                        13      8       20
  MONTH TO DATE  449                       549   -100      461
  SINCE MAR 1   1359                      1544   -185     1225
  SINCE JUL 1   6165                      7394  -1229     6261

 COOLING
  YESTERDAY        0                         0      0        0
  MONTH TO DATE    1                         0      1        0
  SINCE MAR 1      1                         0      1        0
  SINCE JAN 1      1                         0      1        0
..................................................................


WIND (MPH)
  HIGHEST WIND SPEED    26   HIGHEST WIND DIRECTION    NE (50)
  HIGHEST GUST SPEED    33   HIGHEST GUST DIRECTION    NE (40)
  AVERAGE WIND SPEED    13.6


SKY COVER
  POSSIBLE SUNSHINE  MM
  AVERAGE SKY COVER 0.7


WEATHER CONDITIONS
 THE FOLLOWING WEATHER WAS RECORDED YESTERDAY.
  NO SIGNIFICANT WEATHER WAS OBSERVED.


RELATIVE HUMIDITY (PERCENT)
 HIGHEST    75           200 AM
 LOWEST     29           300 PM
 AVERAGE    52

..........................................................


THE SIOUX FALLS SD CLIMATE NORMALS FOR TODAY
                         NORMAL    RECORD    YEAR
 MAXIMUM TEMPERATURE (F)   65        92      2007
                                             1992
 MINIMUM TEMPERATURE (F)   40        17      1903


SUNRISE AND SUNSET
APRIL 30 2017.........SUNRISE   621 AM CDT   SUNSET   828 PM CDT
MAY  1 2017...........SUNRISE   619 AM CDT   SUNSET   830 PM CDT


-  INDICATES NEGATIVE NUMBERS.
R  INDICATES RECORD WAS SET OR TIED.
MM INDICATES DATA IS MISSING.
T  INDICATES TRACE AMOUNT.




$$
