000
CDUS44 KTSA 282130
CLIFSM

CLIMATE REPORT
NATIONAL WEATHER SERVICE TULSA OK
418 PM CDT THU AUG 28 2014


...................................

...THE FORT SMITH ARKANSAS CLIMATE SUMMARY FOR AUGUST 28 2014...
VALID TODAY AS OF 0400 PM LOCAL TIME.

CLIMATE NORMAL PERIOD 1981 TO 2010
CLIMATE RECORD PERIOD 1882 TO 2014


WEATHER ITEM   OBSERVED TIME   RECORD YEAR NORMAL DEPARTURE LAST
                VALUE   (LST)  VALUE       VALUE  FROM      YEAR
                                                  NORMAL
..................................................................
TEMPERATURE (F)
 TODAY
  MAXIMUM         94    253 PM 106    1963  92      2       96
  MINIMUM         73    621 AM  52    1967  69      4       73
  AVERAGE         84                        80      4       85

PRECIPITATION (IN)
  TODAY            0.00          2.67 1964   0.08  -0.08     0.00
  MONTH TO DATE    1.39                      2.33  -0.94     3.84
  SINCE JUN 1      8.52                      9.91  -1.39    13.89
  SINCE JAN 1     23.26                     29.10  -5.84    34.87

DEGREE DAYS
 COOLING
  TODAY           19                        16      3       20
  MONTH TO DATE  477                       487    -10      475
  SINCE JUN 1   1334                      1408    -74     1462
  SINCE JAN 1   1612                      1652    -40     1736
..................................................................


WIND (MPH)
  HIGHEST WIND SPEED    13   HIGHEST WIND DIRECTION     S (170)
  HIGHEST GUST SPEED    17   HIGHEST GUST DIRECTION     S (180)
  AVERAGE WIND SPEED     6.0


SKY COVER
  POSSIBLE SUNSHINE  MM
  AVERAGE SKY COVER 0.1


WEATHER CONDITIONS
 THE FOLLOWING WEATHER WAS RECORDED TODAY.
  FOG


RELATIVE HUMIDITY (PERCENT)
 HIGHEST    93           400 AM
 LOWEST     36           200 PM
 AVERAGE    65

..........................................................


THE FORT SMITH ARKANSAS CLIMATE NORMALS FOR TOMORROW
                         NORMAL    RECORD    YEAR
 MAXIMUM TEMPERATURE (F)   92       105      2000
                                             1954
 MINIMUM TEMPERATURE (F)   69        51      1986


SUNRISE AND SUNSET
AUGUST 28 2014........SUNRISE   647 AM CDT   SUNSET   750 PM CDT
AUGUST 29 2014........SUNRISE   648 AM CDT   SUNSET   748 PM CDT


-  INDICATES NEGATIVE NUMBERS.
R  INDICATES RECORD WAS SET OR TIED.
MM INDICATES DATA IS MISSING.
T  INDICATES TRACE AMOUNT.




$$

&&
...........................................................

THE ARKANSAS RIVER AT VAN BUREN

                   OBSERVED      24 HOUR     24 HOUR
                    VALUE        CHANGE      FORECAST

 STAGE (FEET)
  THIS AFTERNOON     19.7         +0.5

MEAN FLOW (CFS)
  TODAY                                        7500
...........................................................
ALL DATA MEASURED AT THE FORT SMITH REGIONAL AIRPORT
