000
CDUS44 KTSA 300805
CLIFSM

CLIMATE REPORT
NATIONAL WEATHER SERVICE TULSA OK
302 AM CDT WED JUL 30 2014


...................................

...THE FORT SMITH ARKANSAS CLIMATE SUMMARY FOR JULY 29 2014...

CLIMATE NORMAL PERIOD 1981 TO 2010
CLIMATE RECORD PERIOD 1882 TO 2014


WEATHER ITEM   OBSERVED TIME   RECORD YEAR NORMAL DEPARTURE LAST
                VALUE   (LST)  VALUE       VALUE  FROM      YEAR
                                                  NORMAL
..................................................................
TEMPERATURE (F)
 YESTERDAY
  MAXIMUM         90    309 PM 108    1986  94     -4       90
                                      1930
  MINIMUM         65    538 AM  62    1969  72     -7       71
  AVERAGE         78                        83     -5       81

PRECIPITATION (IN)
  YESTERDAY        0.00          2.43 1891   0.10  -0.10     0.00
  MONTH TO DATE    1.72                      3.09  -1.37     3.83
  SINCE JUN 1      6.17                      7.37  -1.20     9.93
  SINCE JAN 1     20.91                     26.56  -5.65    30.91

DEGREE DAYS
 COOLING
  YESTERDAY       13                        18     -5       16
  MONTH TO DATE  407                       502    -95      496
  SINCE JUN 1    845                       887    -42      949
  SINCE JAN 1   1123                      1131     -8     1223
..................................................................


WIND (MPH)
  HIGHEST WIND SPEED    12   HIGHEST WIND DIRECTION    NW (300)
  HIGHEST GUST SPEED    15   HIGHEST GUST DIRECTION    NW (320)
  AVERAGE WIND SPEED     3.2


SKY COVER
  POSSIBLE SUNSHINE  MM
  AVERAGE SKY COVER 0.2


WEATHER CONDITIONS
 THE FOLLOWING WEATHER WAS RECORDED YESTERDAY.
  NO SIGNIFICANT WEATHER WAS OBSERVED.


RELATIVE HUMIDITY (PERCENT)
 HIGHEST    93           500 AM
 LOWEST     40           100 PM
 AVERAGE    67

..........................................................


THE FORT SMITH ARKANSAS CLIMATE NORMALS FOR TODAY
                         NORMAL    RECORD    YEAR
 MAXIMUM TEMPERATURE (F)   94       109      1986
 MINIMUM TEMPERATURE (F)   72        58      1965


SUNRISE AND SUNSET
JULY 30 2014..........SUNRISE   625 AM CDT   SUNSET   823 PM CDT
JULY 31 2014..........SUNRISE   625 AM CDT   SUNSET   822 PM CDT


-  INDICATES NEGATIVE NUMBERS.
R  INDICATES RECORD WAS SET OR TIED.
MM INDICATES DATA IS MISSING.
T  INDICATES TRACE AMOUNT.




$$

&&
...........................................................

THE ARKANSAS RIVER AT VAN BUREN

                   OBSERVED      24 HOUR     24 HOUR
                    VALUE        CHANGE      FORECAST

 STAGE (FEET)
  THIS MORNING       19.8         +0.5

MEAN FLOW (CFS)
  TODAY                                        5900
...........................................................
ALL DATA MEASURED AT THE FORT SMITH REGIONAL AIRPORT
