000
CDUS44 KTSA 210905
CLIFSM

CLIMATE REPORT
NATIONAL WEATHER SERVICE TULSA OK
1247 AM CST SUN JAN 21 2018


...................................

...THE FORT SMITH ARKANSAS CLIMATE SUMMARY FOR JANUARY 20 2018...

CLIMATE NORMAL PERIOD 1981 TO 2010
CLIMATE RECORD PERIOD 1882 TO 2018


WEATHER ITEM   OBSERVED TIME   RECORD YEAR NORMAL DEPARTURE LAST
                VALUE   (LST)  VALUE       VALUE  FROM      YEAR
                                                  NORMAL
..................................................................
TEMPERATURE (F)
 YESTERDAY
  MAXIMUM         67    303 PM  75    1906  50     17       71
  MINIMUM         39    241 AM  -1    1985  29     10       43
  AVERAGE         53                        39     14       57

PRECIPITATION (IN)
  YESTERDAY        0.00          1.15 1906   0.09  -0.09      T
  MONTH TO DATE    0.54                      1.78  -1.24     1.30
  SINCE DEC 1      2.82                      5.07  -2.25     2.07
  SINCE JAN 1      0.54                      1.78  -1.24     1.30

SNOWFALL (IN)
  YESTERDAY        0.0                                       0.0
  MONTH TO DATE    T                                         2.0
  SINCE DEC 1      T                                         2.0
  SINCE JUL 1      T                                         2.0

DEGREE DAYS
 HEATING
  YESTERDAY       12                        26    -14        8
  MONTH TO DATE  625                       520    105      435
  SINCE DEC 1   1302                      1254     48     1128
  SINCE JUL 1   1738                      1819    -81     1414
..................................................................


WIND (MPH)
  HIGHEST WIND SPEED    22   HIGHEST WIND DIRECTION    SW (210)
  HIGHEST GUST SPEED    28   HIGHEST GUST DIRECTION    SW (210)
  AVERAGE WIND SPEED     8.1


SKY COVER
  POSSIBLE SUNSHINE  MM
  AVERAGE SKY COVER 0.7


WEATHER CONDITIONS
 THE FOLLOWING WEATHER WAS RECORDED YESTERDAY.
  NO SIGNIFICANT WEATHER WAS OBSERVED.


RELATIVE HUMIDITY (PERCENT)
 HIGHEST   100          1000 PM
 LOWEST     56           300 PM
 AVERAGE    78

..........................................................


THE FORT SMITH ARKANSAS CLIMATE NORMALS FOR TODAY
                         NORMAL    RECORD    YEAR
 MAXIMUM TEMPERATURE (F)   50        76      1999
 MINIMUM TEMPERATURE (F)   29        -1      1930


SUNRISE AND SUNSET
JANUARY 21 2018.......SUNRISE   724 AM CST   SUNSET   534 PM CST
JANUARY 22 2018.......SUNRISE   723 AM CST   SUNSET   535 PM CST


-  INDICATES NEGATIVE NUMBERS.
R  INDICATES RECORD WAS SET OR TIED.
MM INDICATES DATA IS MISSING.
T  INDICATES TRACE AMOUNT.




$$

&&
...........................................................

THE ARKANSAS RIVER AT VAN BUREN

                   OBSERVED      24 HOUR     24 HOUR
                    VALUE        CHANGE      FORECAST

 STAGE (FEET)
  THIS MORNING       19.5         -0.1

 MEAN FLOW (CFS)
  TODAY                                        189
...........................................................
ALL DATA MEASURED AT THE FORT SMITH REGIONAL AIRPORT
