000
CDUS44 KTSA 020804
CLIFSM

CLIMATE REPORT
NATIONAL WEATHER SERVICE TULSA OK
147 AM CDT THU JUL 2 2015


...................................

...THE FORT SMITH ARKANSAS CLIMATE SUMMARY FOR JULY 1 2015...

CLIMATE NORMAL PERIOD 1981 TO 2010
CLIMATE RECORD PERIOD 1882 TO 2015


WEATHER ITEM   OBSERVED TIME   RECORD YEAR NORMAL DEPARTURE LAST
                VALUE   (LST)  VALUE       VALUE  FROM      YEAR
                                                  NORMAL
..................................................................
TEMPERATURE (F)
 YESTERDAY
  MAXIMUM         94    419 PM 104    1894  92      2       94
  MINIMUM         75    541 AM  58    1891  71      4       73
  AVERAGE         85                        81      4       84

PRECIPITATION (IN)
  YESTERDAY        0.00          2.30 2007   0.13  -0.13     0.03
  MONTH TO DATE    0.00                      0.13  -0.13     0.03
  SINCE JUN 1      3.13                      4.41  -1.28     4.48
  SINCE JAN 1     36.38                     23.60  12.78    19.22

DEGREE DAYS
 COOLING
  YESTERDAY       20                        16      4       19
  MONTH TO DATE   20                        16      4       19
  SINCE JUN 1    503                       401    102      457
  SINCE JAN 1    743                       645     98      735
..................................................................


WIND (MPH)
  HIGHEST WIND SPEED    17   HIGHEST WIND DIRECTION    SW (210)
  HIGHEST GUST SPEED    23   HIGHEST GUST DIRECTION    SW (240)
  AVERAGE WIND SPEED     8.5


SKY COVER
  POSSIBLE SUNSHINE  MM
  AVERAGE SKY COVER 0.0


WEATHER CONDITIONS
 THE FOLLOWING WEATHER WAS RECORDED YESTERDAY.
  NO SIGNIFICANT WEATHER WAS OBSERVED.


RELATIVE HUMIDITY (PERCENT)
 HIGHEST    82           600 AM
 LOWEST     39           400 PM
 AVERAGE    61

..........................................................


THE FORT SMITH ARKANSAS CLIMATE NORMALS FOR TODAY
                         NORMAL    RECORD    YEAR
 MAXIMUM TEMPERATURE (F)   92       105      1894
 MINIMUM TEMPERATURE (F)   71        57      1924


SUNRISE AND SUNSET
JULY  2 2015..........SUNRISE   607 AM CDT   SUNSET   836 PM CDT
JULY  3 2015..........SUNRISE   607 AM CDT   SUNSET   836 PM CDT


-  INDICATES NEGATIVE NUMBERS.
R  INDICATES RECORD WAS SET OR TIED.
MM INDICATES DATA IS MISSING.
T  INDICATES TRACE AMOUNT.




$$

&&
...........................................................

THE ARKANSAS RIVER AT VAN BUREN

                   OBSERVED      24 HOUR     24 HOUR
                    VALUE        CHANGE      FORECAST

 STAGE (FEET)
  THIS MORNING       21.1         +0.2

MEAN FLOW (CFS)
  TODAY                                        112900
...........................................................
ALL DATA MEASURED AT THE FORT SMITH REGIONAL AIRPORT
