000
CDUS44 KTSA 081221 RRA
CLIFSM

CLIMATE REPORT...CORRECTION
NATIONAL WEATHER SERVICE TULSA OK
620 AM CST THU DEC 8 2016

...................................

...THE FORT SMITH ARKANSAS CLIMATE SUMMARY FOR DECEMBER 7 2016...

CLIMATE NORMAL PERIOD 1981 TO 2010
CLIMATE RECORD PERIOD 1882 TO 2016


WEATHER ITEM   OBSERVED TIME   RECORD YEAR NORMAL DEPARTURE LAST
                VALUE   (LST)  VALUE       VALUE  FROM      YEAR
                                                  NORMAL
..................................................................
TEMPERATURE (F)
 YESTERDAY
  MAXIMUM         41    100 PM  81    1966  53    -12       65
  MINIMUM         36   1159 PM   6    1950  33      3       31
  AVERAGE         39                        43     -4       48

PRECIPITATION (IN)
  YESTERDAY        0.01          0.90 1986   0.12  -0.11     0.00
  MONTH TO DATE    0.66                      0.87  -0.21     0.00
  SINCE DEC 1      0.66                      0.87  -0.21     0.00
  SINCE JAN 1     31.07                     43.04 -11.97    63.12

SNOWFALL (IN)
  YESTERDAY        T                                         0.0
  MONTH TO DATE    T                                         0.0
  SINCE DEC 1      T                                         0.0
  SINCE JUL 1      T                                         0.0

DEGREE DAYS
 HEATING
  YESTERDAY       26                        22      4       17
  MONTH TO DATE  139                       147     -8      137
  SINCE DEC 1    139                       147     -8      137
  SINCE JUL 1    425                       712   -287      494
..................................................................


WIND (MPH)
  HIGHEST WIND SPEED    17   HIGHEST WIND DIRECTION     E (90)
  HIGHEST GUST SPEED    22   HIGHEST GUST DIRECTION     E (80)
  AVERAGE WIND SPEED     8.3


SKY COVER
  POSSIBLE SUNSHINE  MM
  AVERAGE SKY COVER 1.0


WEATHER CONDITIONS
 THE FOLLOWING WEATHER WAS RECORDED YESTERDAY.
  LIGHT RAIN
  SLEET
  FOG
  HAZE


RELATIVE HUMIDITY (PERCENT)
 HIGHEST    92           400 PM
 LOWEST     51          1100 AM
 AVERAGE    72

..........................................................


THE FORT SMITH ARKANSAS CLIMATE NORMALS FOR TODAY
                         NORMAL    RECORD    YEAR
 MAXIMUM TEMPERATURE (F)   53        80      1991
 MINIMUM TEMPERATURE (F)   33         3      1917


SUNRISE AND SUNSET
DECEMBER  8 2016......SUNRISE   714 AM CST   SUNSET   505 PM CST
DECEMBER  9 2016......SUNRISE   715 AM CST   SUNSET   505 PM CST


-  INDICATES NEGATIVE NUMBERS.
R  INDICATES RECORD WAS SET OR TIED.
MM INDICATES DATA IS MISSING.
T  INDICATES TRACE AMOUNT.




$$

&&
...........................................................

THE ARKANSAS RIVER AT VAN BUREN

                   OBSERVED      24 HOUR     24 HOUR
                    VALUE        CHANGE      FORECAST

 STAGE (FEET)
  THIS MORNING       19.6         +0.2

MEAN FLOW (CFS)
  TODAY                                        -99
...........................................................
ALL DATA MEASURED AT THE FORT SMITH REGIONAL AIRPORT
