000
CDUS44 KTSA 272118
CLIFSM

CLIMATE REPORT
NATIONAL WEATHER SERVICE TULSA OK
418 PM CDT WED MAY 27 2015


...................................

...THE FORT SMITH ARKANSAS CLIMATE SUMMARY FOR MAY 27 2015...
VALID TODAY AS OF 0400 PM LOCAL TIME.

CLIMATE NORMAL PERIOD 1981 TO 2010
CLIMATE RECORD PERIOD 1882 TO 2015


WEATHER ITEM   OBSERVED TIME   RECORD YEAR NORMAL DEPARTURE LAST
                VALUE   (LST)  VALUE       VALUE  FROM      YEAR
                                                  NORMAL
..................................................................
TEMPERATURE (F)
 TODAY
  MAXIMUM         87    248 PM  95    2012  83      4       77
                                      1964
  MINIMUM         65    534 AM  44    1961  63      2       67
  AVERAGE         76                        73      3       72

PRECIPITATION (IN)
  TODAY            0.01          2.04 2008   0.17  -0.16     1.01
  MONTH TO DATE   18.34                      4.81  13.53     5.63
  SINCE MAR 1     27.13                     12.96  14.17    12.42
  SINCE JAN 1     31.74                     18.53  13.21    14.19

DEGREE DAYS
 COOLING
  TODAY           11                         8      3        7
  MONTH TO DATE  144                       143      1      183
  SINCE MAR 1    212                       208      4      234
  SINCE JAN 1    212                       209      3      234
..................................................................


WIND (MPH)
  HIGHEST WIND SPEED    20   HIGHEST WIND DIRECTION    NW (330)
  HIGHEST GUST SPEED    25   HIGHEST GUST DIRECTION     N (340)
  AVERAGE WIND SPEED     3.9


SKY COVER
  POSSIBLE SUNSHINE  MM
  AVERAGE SKY COVER 0.1


WEATHER CONDITIONS
 THE FOLLOWING WEATHER WAS RECORDED TODAY.
  THUNDERSTORM
  LIGHT RAIN


RELATIVE HUMIDITY (PERCENT)
 HIGHEST    90           200 AM
 LOWEST     45           300 PM
 AVERAGE    68

..........................................................


THE FORT SMITH ARKANSAS CLIMATE NORMALS FOR TOMORROW
                         NORMAL    RECORD    YEAR
 MAXIMUM TEMPERATURE (F)   83        97      2012
 MINIMUM TEMPERATURE (F)   63        48      1961
                                             1891


SUNRISE AND SUNSET
MAY 27 2015...........SUNRISE   606 AM CDT   SUNSET   824 PM CDT
MAY 28 2015...........SUNRISE   605 AM CDT   SUNSET   824 PM CDT


-  INDICATES NEGATIVE NUMBERS.
R  INDICATES RECORD WAS SET OR TIED.
MM INDICATES DATA IS MISSING.
T  INDICATES TRACE AMOUNT.




$$

&&
...........................................................

THE ARKANSAS RIVER AT VAN BUREN

                   OBSERVED      24 HOUR     24 HOUR
                    VALUE        CHANGE      FORECAST

 STAGE (FEET)
  THIS AFTERNOON     33.3         +0.8

MEAN FLOW (CFS)
  TODAY                                        304900
...........................................................
ALL DATA MEASURED AT THE FORT SMITH REGIONAL AIRPORT
