000
CDUS44 KTSA 200904
CLIFSM

CLIMATE REPORT
NATIONAL WEATHER SERVICE TULSA OK
302 AM CDT SAT SEP 20 2014


...................................

...THE FORT SMITH ARKANSAS CLIMATE SUMMARY FOR SEPTEMBER 19 2014...

CLIMATE NORMAL PERIOD 1981 TO 2010
CLIMATE RECORD PERIOD 1882 TO 2014


WEATHER ITEM   OBSERVED TIME   RECORD YEAR NORMAL DEPARTURE LAST
                VALUE   (LST)  VALUE       VALUE  FROM      YEAR
                                                  NORMAL
..................................................................
TEMPERATURE (F)
 YESTERDAY
  MAXIMUM         85    318 PM 100    1954  84      1       94
  MINIMUM         69    717 AM  40    1981  61      8       71
  AVERAGE         77                        72      5       83

PRECIPITATION (IN)
  YESTERDAY        0.00          2.16 1924   0.13  -0.13     0.02
  MONTH TO DATE    6.88                      2.48   4.40     0.17
  SINCE SEP 1      6.88                      2.48   4.40     0.17
  SINCE JAN 1     30.33                     31.84  -1.51    35.04

DEGREE DAYS
 HEATING
  YESTERDAY        0                         1     -1        0
  MONTH TO DATE    4                         2      2        0
  SINCE SEP 1      4                         2      2        0
  SINCE JUL 1      4                         2      2        0

 COOLING
  YESTERDAY       12                         8      4       18
  MONTH TO DATE  222                       212     10      328
  SINCE SEP 1    222                       212     10      328
  SINCE JAN 1   1885                      1907    -22     2131
..................................................................


WIND (MPH)
  HIGHEST WIND SPEED    12   HIGHEST WIND DIRECTION     E (80)
  HIGHEST GUST SPEED    14   HIGHEST GUST DIRECTION     E (80)
  AVERAGE WIND SPEED     5.7


SKY COVER
  POSSIBLE SUNSHINE  MM
  AVERAGE SKY COVER 0.5


WEATHER CONDITIONS
 THE FOLLOWING WEATHER WAS RECORDED YESTERDAY.
  HAZE


RELATIVE HUMIDITY (PERCENT)
 HIGHEST    90          1200 AM
 LOWEST     58           300 PM
 AVERAGE    74

..........................................................


THE FORT SMITH ARKANSAS CLIMATE NORMALS FOR TODAY
                         NORMAL    RECORD    YEAR
 MAXIMUM TEMPERATURE (F)   84        99      1954
 MINIMUM TEMPERATURE (F)   60        43      1971


SUNRISE AND SUNSET
SEPTEMBER 20 2014.....SUNRISE   704 AM CDT   SUNSET   717 PM CDT
SEPTEMBER 21 2014.....SUNRISE   705 AM CDT   SUNSET   716 PM CDT


-  INDICATES NEGATIVE NUMBERS.
R  INDICATES RECORD WAS SET OR TIED.
MM INDICATES DATA IS MISSING.
T  INDICATES TRACE AMOUNT.




$$

&&
...........................................................

THE ARKANSAS RIVER AT VAN BUREN

                   OBSERVED      24 HOUR     24 HOUR
                    VALUE        CHANGE      FORECAST

 STAGE (FEET)
  THIS MORNING       19.3         -0.3

MEAN FLOW (CFS)
  TODAY                                        5500
...........................................................
ALL DATA MEASURED AT THE FORT SMITH REGIONAL AIRPORT
