000
CDUS44 KTSA 242125
CLIFSM

CLIMATE REPORT
NATIONAL WEATHER SERVICE TULSA OK
418 PM CDT SAT JUN 24 2017


...................................

...THE FORT SMITH ARKANSAS CLIMATE SUMMARY FOR JUNE 24 2017...
VALID TODAY AS OF 0400 PM LOCAL TIME.

CLIMATE NORMAL PERIOD 1981 TO 2010
CLIMATE RECORD PERIOD 1882 TO 2017


WEATHER ITEM   OBSERVED TIME   RECORD YEAR NORMAL DEPARTURE LAST
                VALUE   (LST)  VALUE       VALUE  FROM      YEAR
                                                  NORMAL
..................................................................
TEMPERATURE (F)
 TODAY
  MAXIMUM         85    213 PM 103    1953  90     -5       96
  MINIMUM         70    544 AM  53    1974  70      0       76
  AVERAGE         78                        80     -2       86

PRECIPITATION (IN)
  TODAY            0.00          1.41 1976   0.13  -0.13     0.00
  MONTH TO DATE    5.75                      3.50   2.25     1.82
  SINCE JUN 1      5.75                      3.50   2.25     1.82
  SINCE JAN 1     27.83                     22.69   5.14    19.03

DEGREE DAYS
 COOLING
  TODAY           13                        15     -2       21
  MONTH TO DATE  318                       293     25      391
  SINCE JUN 1    318                       293     25      391
  SINCE JAN 1    636                       537     99      576
..................................................................


WIND (MPH)
  HIGHEST WIND SPEED    17   HIGHEST WIND DIRECTION     N (20)
  HIGHEST GUST SPEED    21   HIGHEST GUST DIRECTION     N (20)
  AVERAGE WIND SPEED     4.0


SKY COVER
  POSSIBLE SUNSHINE  MM
  AVERAGE SKY COVER 0.1


WEATHER CONDITIONS
 THE FOLLOWING WEATHER WAS RECORDED TODAY.
  NO SIGNIFICANT WEATHER WAS OBSERVED.


RELATIVE HUMIDITY (PERCENT)
 HIGHEST    93          1200 AM
 LOWEST     37           200 PM
 AVERAGE    65

..........................................................


THE FORT SMITH ARKANSAS CLIMATE NORMALS FOR TOMORROW
                         NORMAL    RECORD    YEAR
 MAXIMUM TEMPERATURE (F)   91       105      2012
 MINIMUM TEMPERATURE (F)   70        49      1974


SUNRISE AND SUNSET
JUNE 24 2017..........SUNRISE   604 AM CDT   SUNSET   836 PM CDT
JUNE 25 2017..........SUNRISE   604 AM CDT   SUNSET   836 PM CDT


-  INDICATES NEGATIVE NUMBERS.
R  INDICATES RECORD WAS SET OR TIED.
MM INDICATES DATA IS MISSING.
T  INDICATES TRACE AMOUNT.




$$

&&
...........................................................

THE ARKANSAS RIVER AT VAN BUREN

                   OBSERVED      24 HOUR     24 HOUR
                    VALUE        CHANGE      FORECAST

 STAGE (FEET)
  THIS AFTERNOON     19.8         +0.2

 MEAN FLOW (CFS)
  TODAY                                        3510
...........................................................
ALL DATA MEASURED AT THE FORT SMITH REGIONAL AIRPORT
