000
CDUS44 KTSA 260808
CLIFSM

CLIMATE REPORT
NATIONAL WEATHER SERVICE TULSA OK
147 AM CDT TUE JUL 26 2016


...................................

...THE FORT SMITH ARKANSAS CLIMATE SUMMARY FOR JULY 25 2016...

CLIMATE NORMAL PERIOD 1981 TO 2010
CLIMATE RECORD PERIOD 1882 TO 2016


WEATHER ITEM   OBSERVED TIME   RECORD YEAR NORMAL DEPARTURE LAST
                VALUE   (LST)  VALUE       VALUE  FROM      YEAR
                                                  NORMAL
..................................................................
TEMPERATURE (F)
 YESTERDAY
  MAXIMUM         92   1156 AM 105    1993  94     -2       98
                                      1986
                                      1964
  MINIMUM         76    617 AM  58    1911  72      4       79
  AVERAGE         84                        83      1       89

PRECIPITATION (IN)
  YESTERDAY        0.00          1.14 1886   0.10  -0.10     0.00
  MONTH TO DATE    3.60                      2.68   0.92     8.79
  SINCE JUN 1      5.51                      6.96  -1.45    11.92
  SINCE JAN 1     22.72                     26.15  -3.43    45.17

DEGREE DAYS
 COOLING
  YESTERDAY       19                        18      1       24
  MONTH TO DATE  495                       430     65      482
  SINCE JUN 1    998                       815    183      965
  SINCE JAN 1   1183                      1059    124     1205
..................................................................


WIND (MPH)
  HIGHEST WIND SPEED    18   HIGHEST WIND DIRECTION    NE (50)
  HIGHEST GUST SPEED    23   HIGHEST GUST DIRECTION    NE (40)
  AVERAGE WIND SPEED     5.5


SKY COVER
  POSSIBLE SUNSHINE  MM
  AVERAGE SKY COVER 0.1


WEATHER CONDITIONS
 THE FOLLOWING WEATHER WAS RECORDED YESTERDAY.
  NO SIGNIFICANT WEATHER WAS OBSERVED.


RELATIVE HUMIDITY (PERCENT)
 HIGHEST    87           600 AM
 LOWEST     55           600 PM
 AVERAGE    71

..........................................................


THE FORT SMITH ARKANSAS CLIMATE NORMALS FOR TODAY
                         NORMAL    RECORD    YEAR
 MAXIMUM TEMPERATURE (F)   94       106      1998
 MINIMUM TEMPERATURE (F)   72        58      1890


SUNRISE AND SUNSET
JULY 26 2016..........SUNRISE   622 AM CDT   SUNSET   825 PM CDT
JULY 27 2016..........SUNRISE   623 AM CDT   SUNSET   825 PM CDT


-  INDICATES NEGATIVE NUMBERS.
R  INDICATES RECORD WAS SET OR TIED.
MM INDICATES DATA IS MISSING.
T  INDICATES TRACE AMOUNT.




$$

&&
...........................................................

THE ARKANSAS RIVER AT VAN BUREN

                   OBSERVED      24 HOUR     24 HOUR
                    VALUE        CHANGE      FORECAST

 STAGE (FEET)
  THIS MORNING       19.8         +0.1

MEAN FLOW (CFS)
  TODAY                                        -99
...........................................................
ALL DATA MEASURED AT THE FORT SMITH REGIONAL AIRPORT
