000
CDUS44 KTSA 060944
CLIFSM

CLIMATE REPORT
NATIONAL WEATHER SERVICE TULSA OK
344 AM CST SAT FEB 6 2016


...................................

...THE FORT SMITH ARKANSAS CLIMATE SUMMARY FOR FEBRUARY 5 2016...

CLIMATE NORMAL PERIOD 1981 TO 2010
CLIMATE RECORD PERIOD 1882 TO 2016


WEATHER ITEM   OBSERVED TIME   RECORD YEAR NORMAL DEPARTURE LAST
                VALUE   (LST)  VALUE       VALUE  FROM      YEAR
                                                  NORMAL
..................................................................
TEMPERATURE (F)
 YESTERDAY
  MAXIMUM         56    358 PM  76    1967  53      3       42
  MINIMUM         24    302 AM   7    1886  31     -7       27
  AVERAGE         40                        42     -2       35

PRECIPITATION (IN)
  YESTERDAY        0.00          2.14 1957   0.10  -0.10     0.00
  MONTH TO DATE    0.00                      0.47  -0.47     0.66
  SINCE DEC 1     11.20                      6.57   4.63     5.19
  SINCE JAN 1      0.39                      3.28  -2.89     2.88

SNOWFALL (IN)
  YESTERDAY        0.0                                       0.0
  MONTH TO DATE    0.0                                       0.0
  SINCE DEC 1      T                                          T
  SINCE JUL 1      T                                          T

DEGREE DAYS
 HEATING
  YESTERDAY       25                        23      2       30
  MONTH TO DATE  101                       119    -18      141
  SINCE DEC 1   1333                      1645   -312     1575
  SINCE JUL 1   1690                      2210   -520     2194
..................................................................


WIND (MPH)
  HIGHEST WIND SPEED    14   HIGHEST WIND DIRECTION    SW (220)
  HIGHEST GUST SPEED    17   HIGHEST GUST DIRECTION    SW (210)
  AVERAGE WIND SPEED     2.7


SKY COVER
  POSSIBLE SUNSHINE  MM
  AVERAGE SKY COVER 0.0


WEATHER CONDITIONS
 THE FOLLOWING WEATHER WAS RECORDED YESTERDAY.
  HAZE


RELATIVE HUMIDITY (PERCENT)
 HIGHEST    75           100 AM
 LOWEST     15           400 PM
 AVERAGE    45

..........................................................


THE FORT SMITH ARKANSAS CLIMATE NORMALS FOR TODAY
                         NORMAL    RECORD    YEAR
 MAXIMUM TEMPERATURE (F)   53        74      1904
 MINIMUM TEMPERATURE (F)   31         6      1985


SUNRISE AND SUNSET
FEBRUARY  6 2016......SUNRISE   713 AM CST   SUNSET   550 PM CST
FEBRUARY  7 2016......SUNRISE   712 AM CST   SUNSET   551 PM CST


-  INDICATES NEGATIVE NUMBERS.
R  INDICATES RECORD WAS SET OR TIED.
MM INDICATES DATA IS MISSING.
T  INDICATES TRACE AMOUNT.




$$

&&
...........................................................

THE ARKANSAS RIVER AT VAN BUREN

                   OBSERVED      24 HOUR     24 HOUR
                    VALUE        CHANGE      FORECAST

 STAGE (FEET)
  THIS MORNING       20.2         +0.6

MEAN FLOW (CFS)
  TODAY                                        19500
...........................................................
ALL DATA MEASURED AT THE FORT SMITH REGIONAL AIRPORT
