000
CDUS44 KTSA 292119
CLIFSM

CLIMATE REPORT
NATIONAL WEATHER SERVICE TULSA OK
418 PM CDT FRI APR 29 2016


...................................

...THE FORT SMITH ARKANSAS CLIMATE SUMMARY FOR APRIL 29 2016...
VALID TODAY AS OF 0400 PM LOCAL TIME.

CLIMATE NORMAL PERIOD 1981 TO 2010
CLIMATE RECORD PERIOD 1882 TO 2016


WEATHER ITEM   OBSERVED TIME   RECORD YEAR NORMAL DEPARTURE LAST
                VALUE   (LST)  VALUE       VALUE  FROM      YEAR
                                                  NORMAL
..................................................................
TEMPERATURE (F)
 TODAY
  MAXIMUM         71    255 PM  93    1962  77     -6       79
  MINIMUM         59    656 AM  34    1965  54      5       45
  AVERAGE         65                        65      0       62

PRECIPITATION (IN)
  TODAY            1.02          2.26 1893   0.16   0.86     0.00
  MONTH TO DATE    4.06                      4.13  -0.07     4.29
  SINCE MAR 1      9.37                      7.98   1.39     8.79
  SINCE JAN 1     11.52                     13.55  -2.03    13.40

SNOWFALL (IN)
  TODAY            0.0                                       0.0
  MONTH TO DATE    0.0                                       0.0
  SINCE MAR 1      0.0                                       1.0
  SINCE JUL 1      T                                         6.6

DEGREE DAYS
 HEATING
  TODAY            0                         2     -2        3
  MONTH TO DATE   71                       153    -82       89
  SINCE MAR 1    339                       539   -200      480
  SINCE JUL 1   2408                      3212   -804     3294

 COOLING
  TODAY            0                         3     -3        0
  MONTH TO DATE   37                        52    -15       53
  SINCE MAR 1     43                        63    -20       68
  SINCE JAN 1     44                        64    -20       68
..................................................................


WIND (MPH)
  HIGHEST WIND SPEED    24   HIGHEST WIND DIRECTION    NE (60)
  HIGHEST GUST SPEED    31   HIGHEST GUST DIRECTION    SE (120)
  AVERAGE WIND SPEED    12.4


SKY COVER
  POSSIBLE SUNSHINE  MM
  AVERAGE SKY COVER 0.4


WEATHER CONDITIONS
 THE FOLLOWING WEATHER WAS RECORDED TODAY.
  THUNDERSTORM
  HEAVY RAIN
  RAIN
  LIGHT RAIN
  FOG


RELATIVE HUMIDITY (PERCENT)
 HIGHEST    73          1100 AM
 LOWEST     60           100 AM
 AVERAGE    67

..........................................................


THE FORT SMITH ARKANSAS CLIMATE NORMALS FOR TOMORROW
                         NORMAL    RECORD    YEAR
 MAXIMUM TEMPERATURE (F)   77        90      1987
                                             1959
 MINIMUM TEMPERATURE (F)   54        36      1908


SUNRISE AND SUNSET
APRIL 29 2016.........SUNRISE   628 AM CDT   SUNSET   802 PM CDT
APRIL 30 2016.........SUNRISE   627 AM CDT   SUNSET   803 PM CDT


-  INDICATES NEGATIVE NUMBERS.
R  INDICATES RECORD WAS SET OR TIED.
MM INDICATES DATA IS MISSING.
T  INDICATES TRACE AMOUNT.




$$

&&
...........................................................

THE ARKANSAS RIVER AT VAN BUREN

                   OBSERVED      24 HOUR     24 HOUR
                    VALUE        CHANGE      FORECAST

 STAGE (FEET)
  THIS AFTERNOON     19.8         -0.3

MEAN FLOW (CFS)
  TODAY                                        69600
...........................................................
ALL DATA MEASURED AT THE FORT SMITH REGIONAL AIRPORT
