000
CDUS42 KFFC 010822
CLIFTY


CLIMATE REPORT
NATIONAL WEATHER SERVICE PEACHTREE CITY GA
419 AM EDT SAT NOV 1 2014


...................................

...THE FULTON COUNTY AIRPORT CLIMATE SUMMARY FOR OCTOBER 31 2014...

CLIMATE NORMAL PERIOD 1981 TO 2010
CLIMATE RECORD PERIOD 9999 TO 9999


WEATHER ITEM   OBSERVED TIME   RECORD YEAR NORMAL DEPARTURE LAST
                VALUE   (LST)  VALUE       VALUE  FROM      YEAR
                                                  NORMAL
..................................................................
TEMPERATURE (F)
 YESTERDAY
  MAXIMUM         61   1116 AM  MM      MM  69     -8       75
  MINIMUM         39   1159 PM  MM      MM  47     -8       55
  AVERAGE         50                        58     -8       65

PRECIPITATION (IN)
  YESTERDAY        0.08         MM      MM   0.09  -0.01      T
  MONTH TO DATE    3.71                      3.61   0.10     3.48
  SINCE SEP 1      5.84                      7.59  -1.75     6.42
  SINCE JAN 1     36.54                     43.01  -6.47    39.60

SNOWFALL (IN)
  YESTERDAY       MM            MM      MM  MM     MM       MM
  MONTH TO DATE    0.0                      MM     MM        0.0
  SINCE SEP 1      0.0                      MM     MM        0.0
  SINCE JUL 1      0.0                      MM     MM        0.0
  SNOW DEPTH      MM

DEGREE DAYS
 HEATING
  YESTERDAY       15                         8      7        0
  MONTH TO DATE  108                       133    -25      115
  SINCE SEP 1    108                       143    -35      115
  SINCE JUL 1    108                       143    -35      115

 COOLING
  YESTERDAY        0                         1     -1        0
  MONTH TO DATE   81                        56     25       54
  SINCE SEP 1    379                       300     79      295
  SINCE JAN 1   1773                      1737     36     1616
..................................................................


WIND (MPH)
  RESULTANT WIND SPEED   5   RESULTANT WIND DIRECTION  NW (300)
  HIGHEST WIND SPEED    26   HIGHEST WIND DIRECTION    NW (320)
  HIGHEST GUST SPEED    38   HIGHEST GUST DIRECTION    NW (320)
  AVERAGE WIND SPEED     7.0


SKY COVER
  AVERAGE SKY COVER 0.6


WEATHER CONDITIONS
 THE FOLLOWING WEATHER WAS RECORDED YESTERDAY.
  LIGHT RAIN
  FOG


RELATIVE HUMIDITY (PERCENT)
 HIGHEST    89          1200 AM
 LOWEST     53          1100 AM
 AVERAGE    71

..........................................................


THE FULTON COUNTY AIRPORT CLIMATE NORMALS FOR TODAY
                         NORMAL    RECORD    YEAR
 MAXIMUM TEMPERATURE (F)   69        MM        MM
 MINIMUM TEMPERATURE (F)   46        MM        MM


SUNRISE AND SUNSET
NOVEMBER  1 2014......SUNRISE   757 AM EDT   SUNSET   646 PM EDT
NOVEMBER  2 2014......SUNRISE   658 AM EST   SUNSET   545 PM EST


-  INDICATES NEGATIVE NUMBERS.
R  INDICATES RECORD WAS SET OR TIED.
MM INDICATES DATA IS MISSING.
T  INDICATES TRACE AMOUNT.




$$
