000
CDUS42 KFFC 280820
CLIFTY


CLIMATE REPORT
NATIONAL WEATHER SERVICE PEACHTREE CITY GA
419 AM EDT THU JUL 28 2016


...................................

...THE FULTON COUNTY AIRPORT CLIMATE SUMMARY FOR JULY 27 2016...

CLIMATE NORMAL PERIOD 1981 TO 2010
CLIMATE RECORD PERIOD 9999 TO 9999


WEATHER ITEM   OBSERVED TIME   RECORD YEAR NORMAL DEPARTURE LAST
                VALUE   (LST)  VALUE       VALUE  FROM      YEAR
                                                  NORMAL
..................................................................
TEMPERATURE (F)
 YESTERDAY
  MAXIMUM         92    407 PM  MM      MM  89      3       94
  MINIMUM         76    653 AM  MM      MM  71      5       71
  AVERAGE         84                        80      4       83

PRECIPITATION (IN)
  YESTERDAY        0.00         MM      MM   0.10  -0.10     0.31
  MONTH TO DATE    1.89                      4.61  -2.72     3.20
  SINCE JUN 1      4.28                      8.74  -4.46     4.20
  SINCE JAN 1     21.09                     30.23  -9.14    23.58

DEGREE DAYS
 COOLING
  YESTERDAY       19                        15      4       18
  MONTH TO DATE  485                       399     86      430
  SINCE JUN 1    924                       749    175      856
  SINCE JAN 1   1156                       949    207     1131
..................................................................


WIND (MPH)
  RESULTANT WIND SPEED   6   RESULTANT WIND DIRECTION  SW (230)
  HIGHEST WIND SPEED    13   HIGHEST WIND DIRECTION    SW (230)
  HIGHEST GUST SPEED    18   HIGHEST GUST DIRECTION    SW (220)
  AVERAGE WIND SPEED     6.6


SKY COVER
  AVERAGE SKY COVER 0.7


WEATHER CONDITIONS
 THE FOLLOWING WEATHER WAS RECORDED YESTERDAY.
  NO SIGNIFICANT WEATHER WAS OBSERVED.


RELATIVE HUMIDITY (PERCENT)
 HIGHEST    87           400 AM
 LOWEST     44           500 PM
 AVERAGE    66

..........................................................


THE FULTON COUNTY AIRPORT CLIMATE NORMALS FOR TODAY
                         NORMAL    RECORD    YEAR
 MAXIMUM TEMPERATURE (F)   89        MM        MM
 MINIMUM TEMPERATURE (F)   71        MM        MM


SUNRISE AND SUNSET
JULY 28 2016..........SUNRISE   647 AM EDT   SUNSET   841 PM EDT
JULY 29 2016..........SUNRISE   648 AM EDT   SUNSET   840 PM EDT


-  INDICATES NEGATIVE NUMBERS.
R  INDICATES RECORD WAS SET OR TIED.
MM INDICATES DATA IS MISSING.
T  INDICATES TRACE AMOUNT.




$$
