000
CDUS42 KFFC 250020
CLIFTY


CLIMATE REPORT
NATIONAL WEATHER SERVICE PEACHTREE CITY GA
820 PM EDT THU APR 24 2014


...................................

...THE FULTON COUNTY AIRPORT CLIMATE SUMMARY FOR APRIL 24 2014...
VALID AS OF 0800 PM LOCAL TIME.

CLIMATE NORMAL PERIOD 1981 TO 2010
CLIMATE RECORD PERIOD 9999 TO 9999


WEATHER ITEM   OBSERVED TIME   RECORD YEAR NORMAL DEPARTURE LAST
                VALUE   (LST)  VALUE       VALUE  FROM      YEAR
                                                  NORMAL
..................................................................
TEMPERATURE (F)
 TODAY
  MAXIMUM         81    508 PM  MM      MM  75      6       74
  MINIMUM         40    552 AM  MM      MM  51    -11       51
  AVERAGE         61                        63     -2       63

PRECIPITATION (IN)
  TODAY            0.00         MM      MM   0.13  -0.13     0.03
  MONTH TO DATE    5.61                      2.97   2.64     2.79
  SINCE MAR 1      8.63                      7.78   0.85     3.23

SNOWFALL (IN)
  TODAY           MM            MM      MM  MM     MM       MM
  MONTH TO DATE    0.0                      MM     MM        0.0
  SINCE MAR 1      0.0                      MM     MM        0.0
  SINCE JUL 1      T                        MM     MM        0.0
  SNOW DEPTH      MM

DEGREE DAYS
 HEATING
  TODAY            4                         4      0        2
  MONTH TO DATE  137                       137      0      132
  SINCE MAR 1    549                       496     53      151
  SINCE JUL 1   3116                      2836    280      151

 COOLING
  TODAY            0                         2     -2        0
  MONTH TO DATE   12                        23    -11       27
  SINCE MAR 1     12                        29    -17       27
  SINCE JAN 1     12                        29    -17       27
..................................................................


WIND (MPH)
  RESULTANT WIND SPEED   1   RESULTANT WIND DIRECTION  SE (120)
  HIGHEST WIND SPEED    12   HIGHEST WIND DIRECTION     S (180)
  HIGHEST GUST SPEED    15   HIGHEST GUST DIRECTION     S (180)
  AVERAGE WIND SPEED     3.9


SKY COVER
  AVERAGE SKY COVER 0.1


WEATHER CONDITIONS
 THE FOLLOWING WEATHER WAS RECORDED TODAY.
  NO SIGNIFICANT WEATHER WAS OBSERVED.


RELATIVE HUMIDITY (PERCENT)
 HIGHEST    93           600 AM
 LOWEST     32           400 PM
 AVERAGE    63

..........................................................


THE FULTON COUNTY AIRPORT CLIMATE NORMALS FOR TOMORROW
                         NORMAL    RECORD    YEAR
 MAXIMUM TEMPERATURE (F)   75        MM        MM
 MINIMUM TEMPERATURE (F)   51        MM        MM


SUNRISE AND SUNSET
APRIL 24 2014.........SUNRISE   657 AM EDT   SUNSET   816 PM EDT
APRIL 25 2014.........SUNRISE   656 AM EDT   SUNSET   817 PM EDT


-  INDICATES NEGATIVE NUMBERS.
R  INDICATES RECORD WAS SET OR TIED.
MM INDICATES DATA IS MISSING.
T  INDICATES TRACE AMOUNT.




$$
