740
CDUS42 KFFC 290027
CLIFTY


CLIMATE REPORT
NATIONAL WEATHER SERVICE PEACHTREE CITY GA
827 PM EDT SUN MAY 28 2017


...................................

...THE FULTON COUNTY AIRPORT CLIMATE SUMMARY FOR MAY 28 2017...
VALID AS OF 0800 PM LOCAL TIME.

CLIMATE NORMAL PERIOD 1981 TO 2010
CLIMATE RECORD PERIOD 9999 TO 9999


WEATHER ITEM   OBSERVED TIME   RECORD YEAR NORMAL DEPARTURE LAST
                VALUE   (LST)  VALUE       VALUE  FROM      YEAR
                                                  NORMAL
..................................................................
TEMPERATURE (F)
 TODAY
  MAXIMUM         85    549 PM  MM      MM  84      1       86
  MINIMUM         65    808 AM  MM      MM  62      3       62
  AVERAGE         75                        73      2       74

PRECIPITATION (IN)
  TODAY            0.46         MM      MM   0.12   0.34     0.00
  MONTH TO DATE    3.99                      3.42   0.57     1.55
  SINCE MAR 1     12.20                     11.97   0.23     6.70

SNOWFALL (IN)
  TODAY            0.0          MM      MM  MM     MM       MM
  MONTH TO DATE    0.0                      MM     MM        0.0
  SINCE MAR 1      0.0                      MM     MM        0.0
  SINCE JUL 1      0.0                      MM     MM        0.1
  SNOW DEPTH       0

DEGREE DAYS
 HEATING
  TODAY            0                         0      0        0
  MONTH TO DATE   27                        26      1       30
  SINCE MAR 1    382                       538   -156      375
  SINCE JUL 1   1798                      2878  -1080     2284

 COOLING
  TODAY           10                         8      2        9
  MONTH TO DATE  162                       136     26      128
  SINCE MAR 1    301                       175    126      196
  SINCE JAN 1    301                       175    126      196
..................................................................


WIND (MPH)
  RESULTANT WIND SPEED   6   RESULTANT WIND DIRECTION  SW (230)
  HIGHEST WIND SPEED    31   HIGHEST WIND DIRECTION    NW (300)
  HIGHEST GUST SPEED    43   HIGHEST GUST DIRECTION    NW (310)
  AVERAGE WIND SPEED     7.4


SKY COVER
  AVERAGE SKY COVER 0.4


WEATHER CONDITIONS
 THE FOLLOWING WEATHER WAS RECORDED TODAY.
  THUNDERSTORM
  HEAVY RAIN
  LIGHT RAIN
  FOG


RELATIVE HUMIDITY (PERCENT)
 HIGHEST   100           600 AM
 LOWEST     51           600 PM
 AVERAGE    76

..........................................................


THE FULTON COUNTY AIRPORT CLIMATE NORMALS FOR TOMORROW
                         NORMAL    RECORD    YEAR
 MAXIMUM TEMPERATURE (F)   84        MM        MM
 MINIMUM TEMPERATURE (F)   62        MM        MM


SUNRISE AND SUNSET
MAY 28 2017...........SUNRISE   630 AM EDT   SUNSET   841 PM EDT
MAY 29 2017...........SUNRISE   629 AM EDT   SUNSET   842 PM EDT


-  INDICATES NEGATIVE NUMBERS.
R  INDICATES RECORD WAS SET OR TIED.
MM INDICATES DATA IS MISSING.
T  INDICATES TRACE AMOUNT.




$$
