905
CDUS46 KSGX 230018
CLIFUL


CLIMATE REPORT
NATIONAL WEATHER SERVICE SAN DIEGO, CA
417 PM PST WED NOV 22 2017


...................................

...THE FULLERTON AIRPORT CA CLIMATE SUMMARY FOR NOVEMBER 22 2017...
VALID TODAY AS OF 0400 PM LOCAL TIME.

CLIMATE NORMAL PERIOD 1981 TO 2010
CLIMATE RECORD PERIOD 1998 TO 2017


WEATHER ITEM   OBSERVED TIME   RECORD YEAR NORMAL DEPARTURE LAST
                VALUE   (LST)  VALUE       VALUE  FROM      YEAR
                                                  NORMAL
..................................................................
TEMPERATURE (F)
 TODAY
  MAXIMUM         97R   227 PM  88    2015  71     26       72
  MINIMUM         55    611 AM  42    2010  48      7       52
  AVERAGE         76                        59     17       62

PRECIPITATION (IN)
  TODAY            0.00          0.01 2007   0.04  -0.04     0.00
                                      2007
                                      2013
  MONTH TO DATE    0.03                      0.83  -0.80     0.73
  SINCE OCT 1      0.03                      1.58  -1.55     1.13
  SINCE JAN 1     11.21                     11.56  -0.35     5.34

DEGREE DAYS
 HEATING
  TODAY            0                         6     -6        3
  MONTH TO DATE   10                        85    -75       16
  SINCE SEP 1     10                       109    -99       16
  SINCE JUL 1     10                       109    -99       16

 COOLING
  TODAY           11                         0     11        0
  MONTH TO DATE   44                        19     25       98
  SINCE SEP 1    611                       387    224      616
  SINCE JAN 1   1841                      1250    591     1891
..................................................................


WIND (MPH)
  RESULTANT WIND SPEED   1   RESULTANT WIND DIRECTION   E (70)
  HIGHEST WIND SPEED     8   HIGHEST WIND DIRECTION     W (290)
  HIGHEST GUST SPEED    12   HIGHEST GUST DIRECTION    NW (320)
  AVERAGE WIND SPEED     1.6


SKY COVER
  POSSIBLE SUNSHINE  MM
  AVERAGE SKY COVER 0.0


WEATHER CONDITIONS
 THE FOLLOWING WEATHER WAS RECORDED TODAY.
  NO SIGNIFICANT WEATHER WAS OBSERVED.


RELATIVE HUMIDITY (PERCENT)
 HIGHEST    72           300 AM
 LOWEST     12           100 PM
 AVERAGE    42

..........................................................


THE FULLERTON AIRPORT CA CLIMATE NORMALS FOR TOMORROW
                         NORMAL    RECORD    YEAR
 MAXIMUM TEMPERATURE (F)   70        81      2015
                                             2014
                                             2012
 MINIMUM TEMPERATURE (F)   48        39      2003


SUNRISE AND SUNSET
NOVEMBER 22 2017......SUNRISE   631 AM PST   SUNSET   445 PM PST
NOVEMBER 23 2017......SUNRISE   632 AM PST   SUNSET   445 PM PST


-  INDICATES NEGATIVE NUMBERS.
R  INDICATES RECORD WAS SET OR TIED.
MM INDICATES DATA IS MISSING.
T  INDICATES TRACE AMOUNT.




$$
