000
CDUS46 KSGX 180016
CLIFUL


CLIMATE REPORT
NATIONAL WEATHER SERVICE SAN DIEGO, CA
516 PM PDT THU APR 17 2014


...................................

...THE FULLERTON AIRPORT CA CLIMATE SUMMARY FOR APRIL 17 2014...
VALID TODAY AS OF 0500 PM LOCAL TIME.

CLIMATE NORMAL PERIOD 1981 TO 2010
CLIMATE RECORD PERIOD 1998 TO 2014


WEATHER ITEM   OBSERVED TIME   RECORD YEAR NORMAL DEPARTURE LAST
                VALUE   (LST)  VALUE       VALUE  FROM      YEAR
                                                  NORMAL
..................................................................
TEMPERATURE (F)
 TODAY
  MAXIMUM         71   1215 PM  88    1999  73     -2       78
  MINIMUM         60    605 AM  45    1998  52      8       53
  AVERAGE         66                        63      3       66

PRECIPITATION (IN)
  TODAY            0.00          0.11 2004   0.03  -0.03     0.00
  MONTH TO DATE    0.22                      0.47  -0.25     0.03
  SINCE JUL 1      4.57                     13.14  -8.57     5.37
  SINCE JAN 1      3.26                      8.91  -5.65     2.06

SNOWFALL (IN)
  TODAY            0.0
  MONTH TO DATE    0.0
  SINCE JAN 1      0.0
  SINCE JUL 1      0.0
  SNOW DEPTH       0

DEGREE DAYS
 HEATING
  TODAY            0                         3     -3        0
  MONTH TO DATE   31                        68    -37       10
  SINCE MAR 1     84                       238   -154       54
  SINCE JUL 1    582                      1160   -578      725

 COOLING
  TODAY            1                         1      0        1
  MONTH TO DATE   44                        14     30       31
  SINCE MAR 1     79                        27     52       70
  SINCE JAN 1     99                        36     63       82
..................................................................


WIND (MPH)
  RESULTANT WIND SPEED   3   RESULTANT WIND DIRECTION   S (170)
  HIGHEST WIND SPEED    14   HIGHEST WIND DIRECTION     S (200)
  HIGHEST GUST SPEED    20   HIGHEST GUST DIRECTION    SW (210)
  AVERAGE WIND SPEED     4.7


SKY COVER
  POSSIBLE SUNSHINE  MM
  AVERAGE SKY COVER 0.7


WEATHER CONDITIONS
 THE FOLLOWING WEATHER WAS RECORDED TODAY.
  NO SIGNIFICANT WEATHER WAS OBSERVED.


RELATIVE HUMIDITY (PERCENT)
 HIGHEST    78          1200 AM
 LOWEST     57          1100 AM
 AVERAGE    68

..........................................................


THE FULLERTON AIRPORT CA CLIMATE NORMALS FOR TOMORROW
                         NORMAL    RECORD    YEAR
 MAXIMUM TEMPERATURE (F)   73        89      1999
 MINIMUM TEMPERATURE (F)   53        48      2006


SUNRISE AND SUNSET
APRIL 17 2014.........SUNRISE   619 AM PDT   SUNSET   725 PM PDT
APRIL 18 2014.........SUNRISE   617 AM PDT   SUNSET   725 PM PDT


-  INDICATES NEGATIVE NUMBERS.
R  INDICATES RECORD WAS SET OR TIED.
MM INDICATES DATA IS MISSING.
T  INDICATES TRACE AMOUNT.




$$
