000
CDUS46 KSGX 040015
CLIFUL


CLIMATE REPORT
NATIONAL WEATHER SERVICE SAN DIEGO, CA
515 PM PDT TUE MAY 3 2016


...................................

...THE FULLERTON AIRPORT CA CLIMATE SUMMARY FOR MAY 3 2016...
VALID TODAY AS OF 0500 PM LOCAL TIME.

CLIMATE NORMAL PERIOD 1981 TO 2010
CLIMATE RECORD PERIOD 1998 TO 2016


WEATHER ITEM   OBSERVED TIME   RECORD YEAR NORMAL DEPARTURE LAST
                VALUE   (LST)  VALUE       VALUE  FROM      YEAR
                                                  NORMAL
..................................................................
TEMPERATURE (F)
 TODAY
  MAXIMUM         81   1159 AM 104    2004  75      6       74
  MINIMUM         59    531 AM  51    2002  56      3       60
  AVERAGE         70                        65      5       67

PRECIPITATION (IN)
  TODAY            0.00          0.30 2003   0.02  -0.02     0.00
  MONTH TO DATE    0.00                      0.05  -0.05     0.00
  SINCE OCT 1      5.21                     13.26  -8.05     5.55
  SINCE JAN 1      4.16                      9.36  -5.20     1.73

DEGREE DAYS
 HEATING
  TODAY            0                         2     -2        0
  MONTH TO DATE    0                         6     -6        0
  SINCE MAR 1     81                       278   -197       64
  SINCE JUL 1    760                      1200   -440      427

 COOLING
  TODAY            5                         2      3        2
  MONTH TO DATE   10                         6      4       22
  SINCE MAR 1    115                        49     66      259
  SINCE JAN 1    187                        58    129      310
..................................................................


WIND (MPH)
  RESULTANT WIND SPEED   2   RESULTANT WIND DIRECTION   S (170)
  HIGHEST WIND SPEED    13   HIGHEST WIND DIRECTION     S (200)
  HIGHEST GUST SPEED    16   HIGHEST GUST DIRECTION     S (200)
  AVERAGE WIND SPEED     2.7


SKY COVER
  POSSIBLE SUNSHINE  MM
  AVERAGE SKY COVER 0.1


WEATHER CONDITIONS
 THE FOLLOWING WEATHER WAS RECORDED TODAY.
  FOG
  HAZE


RELATIVE HUMIDITY (PERCENT)
 HIGHEST    84          1200 AM
 LOWEST     42           100 PM
 AVERAGE    63

..........................................................


THE FULLERTON AIRPORT CA CLIMATE NORMALS FOR TOMORROW
                         NORMAL    RECORD    YEAR
 MAXIMUM TEMPERATURE (F)   75        89      2011
 MINIMUM TEMPERATURE (F)   56        50      1999


SUNRISE AND SUNSET
MAY  3 2016...........SUNRISE   600 AM PDT   SUNSET   737 PM PDT
MAY  4 2016...........SUNRISE   559 AM PDT   SUNSET   738 PM PDT


-  INDICATES NEGATIVE NUMBERS.
R  INDICATES RECORD WAS SET OR TIED.
MM INDICATES DATA IS MISSING.
T  INDICATES TRACE AMOUNT.




$$
