000
CDUS46 KSGX 240639
CLIFUL


CLIMATE REPORT
NATIONAL WEATHER SERVICE SAN DIEGO, CA
1138 PM PDT MON MAY 23 2016


...................................

...THE FULLERTON AIRPORT CA CLIMATE SUMMARY FOR MAY 21 2016...

CLIMATE NORMAL PERIOD 1981 TO 2010
CLIMATE RECORD PERIOD 1998 TO 2016


WEATHER ITEM   OBSERVED TIME   RECORD YEAR NORMAL DEPARTURE LAST
                VALUE   (LST)  VALUE       VALUE  FROM      YEAR
                                                  NORMAL
..................................................................
TEMPERATURE (F)
 YESTERDAY
  MAXIMUM         71   1224 PM  91    2003  75     -4       71
  MINIMUM         54    511 AM  50    2002  59     -5       60
  AVERAGE         63                        67     -4       66

PRECIPITATION (IN)
  YESTERDAY        T             0.03 2006   0.00   0.00     0.00
  MONTH TO DATE    0.05                      0.23  -0.18     0.80
  SINCE OCT 1      5.26                     13.44  -8.18     6.35
  SINCE JAN 1      4.21                      9.54  -5.33     2.53

DEGREE DAYS
 HEATING
  YESTERDAY        2                         1      1        0
  MONTH TO DATE    8                        26    -18       25
  SINCE MAR 1     89                       298   -209       89
  SINCE JUL 1    768                      1220   -452      452

 COOLING
  YESTERDAY        0                         2     -2        1
  MONTH TO DATE   43                        42      1       32
  SINCE MAR 1    148                        85     63      269
  SINCE JAN 1    220                        94    126      320
..................................................................


WIND (MPH)
  RESULTANT WIND SPEED   4   RESULTANT WIND DIRECTION   S (190)
  HIGHEST WIND SPEED    15   HIGHEST WIND DIRECTION     S (170)
  HIGHEST GUST SPEED    20   HIGHEST GUST DIRECTION     S (200)
  AVERAGE WIND SPEED     4.9


SKY COVER
  POSSIBLE SUNSHINE  MM
  AVERAGE SKY COVER 0.3


WEATHER CONDITIONS
 THE FOLLOWING WEATHER WAS RECORDED YESTERDAY.
  NO SIGNIFICANT WEATHER WAS OBSERVED.


RELATIVE HUMIDITY (PERCENT)
 HIGHEST    77          1100 PM
 LOWEST     40           100 PM
 AVERAGE    59

..........................................................


THE FULLERTON AIRPORT CA CLIMATE NORMALS FOR TODAY
                         NORMAL    RECORD    YEAR
 MAXIMUM TEMPERATURE (F)   75        85      2005
 MINIMUM TEMPERATURE (F)   59        52      2002


SUNRISE AND SUNSET
MAY 22 2016...........SUNRISE   546 AM PDT   SUNSET   752 PM PDT
MAY 23 2016...........SUNRISE   545 AM PDT   SUNSET   752 PM PDT


-  INDICATES NEGATIVE NUMBERS.
R  INDICATES RECORD WAS SET OR TIED.
MM INDICATES DATA IS MISSING.
T  INDICATES TRACE AMOUNT.




$$
