000
CDUS46 KSGX 290015
CLIFUL


CLIMATE REPORT
NATIONAL WEATHER SERVICE SAN DIEGO, CA
415 PM PST WED JAN 28 2015


...................................

...THE FULLERTON AIRPORT CA CLIMATE SUMMARY FOR JANUARY 28 2015...
VALID TODAY AS OF 0400 PM LOCAL TIME.

CLIMATE NORMAL PERIOD 1981 TO 2010
CLIMATE RECORD PERIOD 1998 TO 2015


WEATHER ITEM   OBSERVED TIME   RECORD YEAR NORMAL DEPARTURE LAST
                VALUE   (LST)  VALUE       VALUE  FROM      YEAR
                                                  NORMAL
..................................................................
TEMPERATURE (F)
 TODAY
  MAXIMUM         77    148 PM  83    2012  68      9       72
  MINIMUM         53    532 AM  38    1999  45      8       50
  AVERAGE         65                        56      9       61

PRECIPITATION (IN)
  TODAY            0.00          0.28 2008   0.06  -0.06     0.00
  MONTH TO DATE    0.86                      2.74  -1.88     0.00
  SINCE OCT 1      4.68                      6.64  -1.96     1.31
  SINCE JAN 1      0.86                      2.74  -1.88     0.00

SNOWFALL (IN)
  TODAY            0.0
  MONTH TO DATE    0.0
  SINCE JAN 1      0.0
  SINCE JUL 1      0.0
  SNOW DEPTH       0

DEGREE DAYS
 HEATING
  TODAY            0                         9     -9        4
  MONTH TO DATE  116                       252   -136       92
  SINCE DEC 1    289                       528   -239      297
  SINCE JUL 1    313                       692   -379      373

 COOLING
  TODAY            0                         0      0        0
  MONTH TO DATE   15                         0     15       14
  SINCE DEC 1     19                         1     18       20
  SINCE JAN 1     15                         0     15       14
..................................................................


WIND (MPH)
  RESULTANT WIND SPEED   2   RESULTANT WIND DIRECTION   E (80)
  HIGHEST WIND SPEED    15   HIGHEST WIND DIRECTION     E (80)
  HIGHEST GUST SPEED    18   HIGHEST GUST DIRECTION     E (80)
  AVERAGE WIND SPEED     2.9


SKY COVER
  POSSIBLE SUNSHINE  MM
  AVERAGE SKY COVER 0.0


WEATHER CONDITIONS
 THE FOLLOWING WEATHER WAS RECORDED TODAY.
  NO SIGNIFICANT WEATHER WAS OBSERVED.


RELATIVE HUMIDITY (PERCENT)
 HIGHEST    83           300 AM
 LOWEST     27           100 PM
 AVERAGE    55

..........................................................


THE FULLERTON AIRPORT CA CLIMATE NORMALS FOR TOMORROW
                         NORMAL    RECORD    YEAR
 MAXIMUM TEMPERATURE (F)   68        83      2012
 MINIMUM TEMPERATURE (F)   45        38      1999


SUNRISE AND SUNSET
JANUARY 28 2015.......SUNRISE   651 AM PST   SUNSET   519 PM PST
JANUARY 29 2015.......SUNRISE   651 AM PST   SUNSET   520 PM PST


-  INDICATES NEGATIVE NUMBERS.
R  INDICATES RECORD WAS SET OR TIED.
MM INDICATES DATA IS MISSING.
T  INDICATES TRACE AMOUNT.




$$
