000
CDUS46 KSGX 271422
CLIFUL


CLIMATE REPORT
NATIONAL WEATHER SERVICE SAN DIEGO, CA
622 AM PST SAT DEC 27 2014


...................................

...THE FULLERTON AIRPORT CA CLIMATE SUMMARY FOR DECEMBER 26 2014...

CLIMATE NORMAL PERIOD 1981 TO 2010
CLIMATE RECORD PERIOD 1998 TO 2014


WEATHER ITEM   OBSERVED TIME   RECORD YEAR NORMAL DEPARTURE LAST
                VALUE   (LST)  VALUE       VALUE  FROM      YEAR
                                                  NORMAL
..................................................................
TEMPERATURE (F)
 YESTERDAY
  MAXIMUM         65    327 PM  84    2013  67     -2       84
  MINIMUM         41    556 AM  35    2008  44     -3       47
  AVERAGE         53                        56     -3       66

PRECIPITATION (IN)
  YESTERDAY        0.00          0.24 2010   0.10  -0.10     0.00
  MONTH TO DATE    3.09                      1.38   1.71     0.53
  SINCE JUL 1      3.87                      3.56   0.31     1.31
  SINCE JAN 1      7.33                     13.21  -5.88     3.84

SNOWFALL (IN)
  YESTERDAY        0.0
  MONTH TO DATE    0.0
  SINCE JAN 1      0.0
  SINCE JUL 1      0.0
  SNOW DEPTH       0

DEGREE DAYS
 HEATING
  YESTERDAY       12                         9      3        0
  MONTH TO DATE  107                       228   -121      184
  SINCE DEC 1    107                       228   -121      184
  SINCE JUL 1    131                       392   -261      260

 COOLING
  YESTERDAY        0                         0      0        1
  MONTH TO DATE    4                         0      4        6
  SINCE DEC 1      4                         0      4        6
  SINCE JAN 1   2113                      1251    862     1902
..................................................................


WIND (MPH)
  RESULTANT WIND SPEED   4   RESULTANT WIND DIRECTION   E (80)
  HIGHEST WIND SPEED    20   HIGHEST WIND DIRECTION     E (90)
  HIGHEST GUST SPEED    25   HIGHEST GUST DIRECTION     E (80)
  AVERAGE WIND SPEED     4.7


SKY COVER
  POSSIBLE SUNSHINE  MM
  AVERAGE SKY COVER 0.0


WEATHER CONDITIONS
 THE FOLLOWING WEATHER WAS RECORDED YESTERDAY.
  NO SIGNIFICANT WEATHER WAS OBSERVED.


RELATIVE HUMIDITY (PERCENT)
 HIGHEST    53          1200 AM
 LOWEST     12           200 PM
 AVERAGE    33

..........................................................


THE FULLERTON AIRPORT CA CLIMATE NORMALS FOR TODAY
                         NORMAL    RECORD    YEAR
 MAXIMUM TEMPERATURE (F)   67        85      2013
 MINIMUM TEMPERATURE (F)   44        34      2008


SUNRISE AND SUNSET
DECEMBER 27 2014......SUNRISE   656 AM PST   SUNSET   451 PM PST
DECEMBER 28 2014......SUNRISE   656 AM PST   SUNSET   451 PM PST


-  INDICATES NEGATIVE NUMBERS.
R  INDICATES RECORD WAS SET OR TIED.
MM INDICATES DATA IS MISSING.
T  INDICATES TRACE AMOUNT.




$$
