000
CDUS46 KSGX 201130
CLIFUL


CLIMATE REPORT
NATIONAL WEATHER SERVICE SAN DIEGO, CA
430 AM PDT WED SEP 20 2017


...................................

...THE FULLERTON AIRPORT CA CLIMATE SUMMARY FOR SEPTEMBER 19 2017...

CLIMATE NORMAL PERIOD 1981 TO 2010
CLIMATE RECORD PERIOD 1998 TO 2017


WEATHER ITEM   OBSERVED TIME   RECORD YEAR NORMAL DEPARTURE LAST
                VALUE   (LST)  VALUE       VALUE  FROM      YEAR
                                                  NORMAL
..................................................................
TEMPERATURE (F)
 YESTERDAY
  MAXIMUM         79    312 PM  96    2016  83     -4       96
  MINIMUM         66   1159 PM  57    2006  63      3       63
  AVERAGE         73                        73      0       80

PRECIPITATION (IN)
  YESTERDAY        0.00          0.07 2005   0.01  -0.01     0.00
  MONTH TO DATE    0.16                      0.10   0.06      T
  SINCE OCT 1     17.09                     13.74   3.35     5.26
  SINCE JAN 1     11.18                      9.84   1.34     4.21

DEGREE DAYS
 HEATING
  YESTERDAY        0                         0      0        0
  MONTH TO DATE    0                         0      0        0
  SINCE SEP 1      0                         0      0        0
  SINCE JUL 1      0                         0      0        0

 COOLING
  YESTERDAY        8                         8      0       15
  MONTH TO DATE  231                       178     53      162
  SINCE SEP 1    231                       178     53      162
  SINCE JAN 1   1461                      1041    420     1437
..................................................................


WIND (MPH)
  RESULTANT WIND SPEED   2   RESULTANT WIND DIRECTION   S (180)
  HIGHEST WIND SPEED    10   HIGHEST WIND DIRECTION    SW (210)
  HIGHEST GUST SPEED    16   HIGHEST GUST DIRECTION     S (200)
  AVERAGE WIND SPEED     3.4


SKY COVER
  POSSIBLE SUNSHINE  MM
  AVERAGE SKY COVER 0.7


WEATHER CONDITIONS
 THE FOLLOWING WEATHER WAS RECORDED YESTERDAY.
  NO SIGNIFICANT WEATHER WAS OBSERVED.


RELATIVE HUMIDITY (PERCENT)
 HIGHEST    81          1000 PM
 LOWEST     52           300 PM
 AVERAGE    67

..........................................................


THE FULLERTON AIRPORT CA CLIMATE NORMALS FOR TODAY
                         NORMAL    RECORD    YEAR
 MAXIMUM TEMPERATURE (F)   83       104      2015
 MINIMUM TEMPERATURE (F)   63        55      1999


SUNRISE AND SUNSET
SEPTEMBER 20 2017.....SUNRISE   639 AM PDT   SUNSET   651 PM PDT
SEPTEMBER 21 2017.....SUNRISE   639 AM PDT   SUNSET   649 PM PDT


-  INDICATES NEGATIVE NUMBERS.
R  INDICATES RECORD WAS SET OR TIED.
MM INDICATES DATA IS MISSING.
T  INDICATES TRACE AMOUNT.




$$
