000
CDUS41 KCAR 020528
CLIFVE


CLIMATE REPORT
NATIONAL WEATHER SERVICE CARIBOU, ME
127 AM EDT SUN AUG 2 2015


...................................

...THE FRENCHVILLE ME CLIMATE SUMMARY FOR AUGUST 1 2015...

CLIMATE NORMAL PERIOD 1981 TO 2010
CLIMATE RECORD PERIOD 9999 TO 9999


WEATHER ITEM   OBSERVED TIME   RECORD YEAR NORMAL DEPARTURE LAST
                VALUE   (LST)  VALUE       VALUE  FROM      YEAR
                                                  NORMAL
..................................................................
TEMPERATURE (F)
 YESTERDAY
  MAXIMUM         73   1114 AM              74     -1
  MINIMUM         56   1016 PM              55      1
  AVERAGE         65                        64      1

PRECIPITATION (IN)
  YESTERDAY        0.25         MM      MM   0.12   0.13     0.02
  MONTH TO DATE    0.25                      0.12   0.13     0.02
  SINCE JUN 1      8.20                      8.28  -0.08    10.48
  SINCE JAN 1     13.74                     18.18  -4.44    20.85

SNOWFALL (IN)
  YESTERDAY       MM            MM      MM  MM     MM       MM
  MONTH TO DATE   MM                        MM     MM       MM
  SINCE JUN 1     MM                        MM     MM       MM
  SINCE JUL 1     MM                        MM     MM       MM
  SNOW DEPTH      MM

DEGREE DAYS
 HEATING
  YESTERDAY        0                               -2
  MONTH TO DATE    0                               -2
  SINCE JUL 1    109                               37

 COOLING
  YESTERDAY        0                               -2
  MONTH TO DATE    0                               -2
  SINCE JAN 1     39                              -45
..................................................................


WIND (MPH)
  HIGHEST WIND SPEED    21   HIGHEST WIND DIRECTION    NW (300)
  HIGHEST GUST SPEED    26   HIGHEST GUST DIRECTION    NW (300)
  AVERAGE WIND SPEED     7.4




..........................................................


THE FRENCHVILLE ME CLIMATE NORMALS FOR TODAY
                         NORMAL
 MAXIMUM TEMPERATURE (F)   74
 MINIMUM TEMPERATURE (F)   55


SUNRISE AND SUNSET
AUGUST  2 2015........SUNRISE   513 AM EDT   SUNSET   806 PM EDT
AUGUST  3 2015........SUNRISE   514 AM EDT   SUNSET   804 PM EDT


-  INDICATES NEGATIVE NUMBERS.
R  INDICATES RECORD WAS SET OR TIED.
MM INDICATES DATA IS MISSING.
T  INDICATES TRACE AMOUNT.




$$
