000
CDUS41 KCAR 270527
CLIFVE


CLIMATE REPORT
NATIONAL WEATHER SERVICE CARIBOU, ME
126 AM EDT WED JUL 27 2016


...................................

...THE FRENCHVILLE ME CLIMATE SUMMARY FOR JULY 26 2016...

CLIMATE NORMAL PERIOD 1981 TO 2010
CLIMATE RECORD PERIOD 9999 TO 9999


WEATHER ITEM   OBSERVED TIME   RECORD YEAR NORMAL DEPARTURE LAST
                VALUE   (LST)  VALUE       VALUE  FROM      YEAR
                                                  NORMAL
..................................................................
TEMPERATURE (F)
 YESTERDAY
  MAXIMUM         78    316 PM              74      4
  MINIMUM         63    314 AM              55      8
  AVERAGE         71                        65      6

PRECIPITATION (IN)
  YESTERDAY        0.02         MM      MM   0.12  -0.10     0.05
  MONTH TO DATE    5.08                      3.76   1.32     2.79
  SINCE JUN 1      9.83                      7.61   2.22     7.54
  SINCE JAN 1     19.92                     17.51   2.41    13.08

SNOWFALL (IN)
  YESTERDAY       MM            MM      MM  MM     MM       MM
  MONTH TO DATE   MM                        MM     MM       MM
  SINCE JUN 1     MM                        MM     MM       MM
  SINCE JUL 1     MM                        MM     MM       MM
  SNOW DEPTH      MM

DEGREE DAYS
 HEATING
  YESTERDAY        0                               -2
  MONTH TO DATE   61                                2
  SINCE JUL 1     61                                2

 COOLING
  YESTERDAY        6                                4
  MONTH TO DATE   63                               12
  SINCE JAN 1    118                               39
..................................................................


WIND (MPH)
  HIGHEST WIND SPEED    15   HIGHEST WIND DIRECTION    NW (330)
  HIGHEST GUST SPEED    20   HIGHEST GUST DIRECTION     N (340)
  AVERAGE WIND SPEED     7.3




..........................................................


THE FRENCHVILLE ME CLIMATE NORMALS FOR TODAY
                         NORMAL
 MAXIMUM TEMPERATURE (F)   74
 MINIMUM TEMPERATURE (F)   55


SUNRISE AND SUNSET
JULY 27 2016..........SUNRISE   506 AM EDT   SUNSET   813 PM EDT
JULY 28 2016..........SUNRISE   507 AM EDT   SUNSET   811 PM EDT


-  INDICATES NEGATIVE NUMBERS.
R  INDICATES RECORD WAS SET OR TIED.
MM INDICATES DATA IS MISSING.
T  INDICATES TRACE AMOUNT.




$$
