000
CDUS41 KCAR 290540
CLIFVE


CLIMATE REPORT
NATIONAL WEATHER SERVICE CARIBOU, ME
134 AM EDT MON AUG 29 2016


...................................

...THE FRENCHVILLE ME CLIMATE SUMMARY FOR AUGUST 28 2016...

CLIMATE NORMAL PERIOD 1981 TO 2010
CLIMATE RECORD PERIOD 9999 TO 9999


WEATHER ITEM   OBSERVED TIME   RECORD YEAR NORMAL DEPARTURE LAST
                VALUE   (LST)  VALUE       VALUE  FROM      YEAR
                                                  NORMAL
..................................................................
TEMPERATURE (F)
 YESTERDAY
  MAXIMUM         68    141 PM              70     -2
  MINIMUM         51    340 AM              51      0
  AVERAGE         60                        60      0

PRECIPITATION (IN)
  YESTERDAY        0.04         MM      MM   0.14  -0.10     0.00
  MONTH TO DATE    2.67                      3.55  -0.88     4.20
  SINCE JUN 1     12.50                     11.71   0.79    12.15
  SINCE JAN 1     22.59                     21.61   0.98    17.69

SNOWFALL (IN)
  YESTERDAY       MM            MM      MM  MM     MM       MM
  MONTH TO DATE   MM                        MM     MM       MM
  SINCE JUN 1     MM                        MM     MM       MM
  SINCE JUL 1     MM                        MM     MM       MM
  SNOW DEPTH      MM

DEGREE DAYS
 HEATING
  YESTERDAY        5                               -1
  MONTH TO DATE   42                              -60
  SINCE JUL 1    105                              -67

 COOLING
  YESTERDAY        0                               -1
  MONTH TO DATE   68                               26
  SINCE JAN 1    198                               74
..................................................................


WIND (MPH)
  HIGHEST WIND SPEED    14   HIGHEST WIND DIRECTION     S (160)
  HIGHEST GUST SPEED    18   HIGHEST GUST DIRECTION     S (160)
  AVERAGE WIND SPEED     6.3




..........................................................


THE FRENCHVILLE ME CLIMATE NORMALS FOR TODAY
                         NORMAL
 MAXIMUM TEMPERATURE (F)   70
 MINIMUM TEMPERATURE (F)   50


SUNRISE AND SUNSET
AUGUST 29 2016........SUNRISE   549 AM EDT   SUNSET   718 PM EDT
AUGUST 30 2016........SUNRISE   550 AM EDT   SUNSET   716 PM EDT


-  INDICATES NEGATIVE NUMBERS.
R  INDICATES RECORD WAS SET OR TIED.
MM INDICATES DATA IS MISSING.
T  INDICATES TRACE AMOUNT.




$$
