000
CDUS41 KCAR 290536
CLIFVE


CLIMATE REPORT
NATIONAL WEATHER SERVICE CARIBOU, ME
132 AM EDT SUN MAR 29 2015


...................................

...THE FRENCHVILLE ME CLIMATE SUMMARY FOR MARCH 28 2015...

CLIMATE NORMAL PERIOD 1981 TO 2010
CLIMATE RECORD PERIOD 9999 TO 9999


WEATHER ITEM   OBSERVED TIME   RECORD YEAR NORMAL DEPARTURE LAST
                VALUE   (LST)  VALUE       VALUE  FROM      YEAR
                                                  NORMAL
..................................................................
TEMPERATURE (F)
 YESTERDAY
  MAXIMUM         29    330 PM              36     -7
  MINIMUM         13    605 AM              20     -7
  AVERAGE         21                        28     -7

PRECIPITATION (IN)
  YESTERDAY        0.00         MM      MM   0.07  -0.07     0.08
  MONTH TO DATE    0.20                      1.26  -1.06     0.82
  SINCE MAR 1      0.20                      1.26  -1.06     0.82
  SINCE JAN 1      1.01                      3.83  -2.82     3.74

SNOWFALL (IN)
  YESTERDAY       MM            MM      MM  MM     MM       MM
  MONTH TO DATE   MM                        MM     MM       MM
  SINCE MAR 1     MM                        MM     MM       MM
  SINCE JUL 1     MM                        MM     MM       MM
  SNOW DEPTH      MM

DEGREE DAYS
 HEATING
  YESTERDAY       44                                7
  MONTH TO DATE 1316                              133
  SINCE JUL 1   8463                              280

 COOLING
  YESTERDAY        0                                0
  MONTH TO DATE    0                                0
  SINCE JAN 1      0                                0
..................................................................


WIND (MPH)
  HIGHEST WIND SPEED    21   HIGHEST WIND DIRECTION     N (340)
  HIGHEST GUST SPEED    26   HIGHEST GUST DIRECTION    NW (330)
  AVERAGE WIND SPEED    10.7




..........................................................


THE FRENCHVILLE ME CLIMATE NORMALS FOR TODAY
                         NORMAL
 MAXIMUM TEMPERATURE (F)   36
 MINIMUM TEMPERATURE (F)   20


SUNRISE AND SUNSET
MARCH 29 2015.........SUNRISE   619 AM EDT   SUNSET   658 PM EDT
MARCH 30 2015.........SUNRISE   617 AM EDT   SUNSET   700 PM EDT


-  INDICATES NEGATIVE NUMBERS.
R  INDICATES RECORD WAS SET OR TIED.
MM INDICATES DATA IS MISSING.
T  INDICATES TRACE AMOUNT.




$$
