000
CDUS41 KCAR 290529
CLIFVE


CLIMATE REPORT
NATIONAL WEATHER SERVICE CARIBOU, ME
129 AM EDT THU SEP 29 2016


...................................

...THE FRENCHVILLE ME CLIMATE SUMMARY FOR SEPTEMBER 28 2016...

CLIMATE NORMAL PERIOD 1981 TO 2010
CLIMATE RECORD PERIOD 9999 TO 9999


WEATHER ITEM   OBSERVED TIME   RECORD YEAR NORMAL DEPARTURE LAST
                VALUE   (LST)  VALUE       VALUE  FROM      YEAR
                                                  NORMAL
..................................................................
TEMPERATURE (F)
 YESTERDAY
  MAXIMUM         54    334 PM              57     -3
  MINIMUM         39   1127 PM              40     -1
  AVERAGE         47                        49     -2

PRECIPITATION (IN)
  YESTERDAY        0.00         MM      MM   0.11  -0.11      T
  MONTH TO DATE    2.52                      3.32  -0.80     1.72
  SINCE SEP 1      2.52                      3.32  -0.80     1.72
  SINCE JAN 1     25.26                     25.38  -0.12    19.41

SNOWFALL (IN)
  YESTERDAY       MM            MM      MM  MM     MM       MM
  MONTH TO DATE   MM                        MM     MM       MM
  SINCE SEP 1     MM                        MM     MM       MM
  SINCE JUL 1     MM                        MM     MM       MM
  SNOW DEPTH      MM

DEGREE DAYS
 HEATING
  YESTERDAY       18                                2
  MONTH TO DATE  209                             -109
  SINCE JUL 1    316                             -194

 COOLING
  YESTERDAY        0                                0
  MONTH TO DATE   20                               10
  SINCE JAN 1    221                               87
..................................................................


WIND (MPH)
  HIGHEST WIND SPEED    12   HIGHEST WIND DIRECTION    NE (50)
  HIGHEST GUST SPEED    17   HIGHEST GUST DIRECTION    NE (40)
  AVERAGE WIND SPEED     6.1




..........................................................


THE FRENCHVILLE ME CLIMATE NORMALS FOR TODAY
                         NORMAL
 MAXIMUM TEMPERATURE (F)   57
 MINIMUM TEMPERATURE (F)   40


SUNRISE AND SUNSET
SEPTEMBER 29 2016.....SUNRISE   630 AM EDT   SUNSET   616 PM EDT
SEPTEMBER 30 2016.....SUNRISE   631 AM EDT   SUNSET   614 PM EDT


-  INDICATES NEGATIVE NUMBERS.
R  INDICATES RECORD WAS SET OR TIED.
MM INDICATES DATA IS MISSING.
T  INDICATES TRACE AMOUNT.




$$
