000
CDUS41 KCAR 300527
CLIFVE


CLIMATE REPORT
NATIONAL WEATHER SERVICE CARIBOU, ME
127 AM EDT MON MAY 30 2016


...................................

...THE FRENCHVILLE ME CLIMATE SUMMARY FOR MAY 29 2016...

CLIMATE NORMAL PERIOD 1981 TO 2010
CLIMATE RECORD PERIOD 9999 TO 9999


WEATHER ITEM   OBSERVED TIME   RECORD YEAR NORMAL DEPARTURE LAST
                VALUE   (LST)  VALUE       VALUE  FROM      YEAR
                                                  NORMAL
..................................................................
TEMPERATURE (F)
 YESTERDAY
  MAXIMUM         53    202 PM              65    -12
  MINIMUM         49    336 AM              44      5
  AVERAGE         51                        54     -3

PRECIPITATION (IN)
  YESTERDAY        0.10         MM      MM   0.11  -0.01     0.00
  MONTH TO DATE    2.52                      2.81  -0.29     2.28
  SINCE MAR 1      6.31                      7.10  -0.79     4.51
  SINCE JAN 1      9.79                      9.67   0.12     5.32

SNOWFALL (IN)
  YESTERDAY       MM            MM      MM  MM     MM       MM
  MONTH TO DATE   MM                        MM     MM       MM
  SINCE MAR 1     MM                        MM     MM       MM
  SINCE JUL 1     MM                        MM     MM       MM
  SNOW DEPTH      MM

DEGREE DAYS
 HEATING
  YESTERDAY       14                                3
  MONTH TO DATE  386                              -48
  SINCE JUL 1   8768                             -798

 COOLING
  YESTERDAY        0                                0
  MONTH TO DATE    6                                6
  SINCE JAN 1      6                                6
..................................................................


WIND (MPH)
  HIGHEST WIND SPEED    16   HIGHEST WIND DIRECTION    SE (150)
  HIGHEST GUST SPEED    20   HIGHEST GUST DIRECTION    SE (150)
  AVERAGE WIND SPEED     9.3




..........................................................


THE FRENCHVILLE ME CLIMATE NORMALS FOR TODAY
                         NORMAL
 MAXIMUM TEMPERATURE (F)   65
 MINIMUM TEMPERATURE (F)   44


SUNRISE AND SUNSET
MAY 30 2016...........SUNRISE   442 AM EDT   SUNSET   820 PM EDT
MAY 31 2016...........SUNRISE   441 AM EDT   SUNSET   821 PM EDT


-  INDICATES NEGATIVE NUMBERS.
R  INDICATES RECORD WAS SET OR TIED.
MM INDICATES DATA IS MISSING.
T  INDICATES TRACE AMOUNT.




$$
