000
CDUS41 KCAR 280547
CLIFVE


CLIMATE REPORT
NATIONAL WEATHER SERVICE CARIBOU, ME
1243 AM EST SUN DEC 28 2014


...................................

...THE FRENCHVILLE ME CLIMATE SUMMARY FOR DECEMBER 27 2014...

CLIMATE NORMAL PERIOD 1981 TO 2010
CLIMATE RECORD PERIOD 9999 TO 9999


WEATHER ITEM   OBSERVED TIME   RECORD YEAR NORMAL DEPARTURE LAST
                VALUE   (LST)  VALUE       VALUE  FROM      YEAR
                                                  NORMAL
..................................................................
TEMPERATURE (F)
 YESTERDAY
  MAXIMUM         33    134 PM              20     13
  MINIMUM         MM        MM               5     MM
  AVERAGE         MM                        13     MM

PRECIPITATION (IN)
  YESTERDAY        0.00         MM      MM   0.06  -0.06      T
  MONTH TO DATE    2.39                      2.30   0.09     0.95
  SINCE DEC 1      2.39                      2.30   0.09     0.95
  SINCE JAN 1     34.48                     33.36   1.12    34.05

SNOWFALL (IN)
  YESTERDAY       MM            MM      MM  MM     MM       MM
  MONTH TO DATE   MM                        MM     MM       MM
  SINCE DEC 1     MM                        MM     MM       MM
  SINCE JUL 1     MM                        MM     MM       MM
  SNOW DEPTH      MM

DEGREE DAYS
 HEATING
  YESTERDAY       MM                               MM
  MONTH TO DATE 1137                             -147
  SINCE JUL 1   3388                             -206

 COOLING
  YESTERDAY       MM                               MM
  MONTH TO DATE    0                                0
  SINCE JAN 1    139                                5
..................................................................


WIND (MPH)
  HIGHEST WIND SPEED    22   HIGHEST WIND DIRECTION    NW (300)
  HIGHEST GUST SPEED    28   HIGHEST GUST DIRECTION    NW (310)
  AVERAGE WIND SPEED     9.1




..........................................................


THE FRENCHVILLE ME CLIMATE NORMALS FOR TODAY
                         NORMAL
 MAXIMUM TEMPERATURE (F)   20
 MINIMUM TEMPERATURE (F)    5


SUNRISE AND SUNSET
DECEMBER 28 2014......SUNRISE   720 AM EST   SUNSET   350 PM EST
DECEMBER 29 2014......SUNRISE   720 AM EST   SUNSET   351 PM EST


-  INDICATES NEGATIVE NUMBERS.
R  INDICATES RECORD WAS SET OR TIED.
MM INDICATES DATA IS MISSING.
T  INDICATES TRACE AMOUNT.




$$
