000
CDUS41 KCAR 280527
CLIFVE


CLIMATE REPORT
NATIONAL WEATHER SERVICE CARIBOU, ME
126 AM EDT FRI AUG 28 2015


...................................

...THE FRENCHVILLE ME CLIMATE SUMMARY FOR AUGUST 27 2015...

CLIMATE NORMAL PERIOD 1981 TO 2010
CLIMATE RECORD PERIOD 9999 TO 9999


WEATHER ITEM   OBSERVED TIME   RECORD YEAR NORMAL DEPARTURE LAST
                VALUE   (LST)  VALUE       VALUE  FROM      YEAR
                                                  NORMAL
..................................................................
TEMPERATURE (F)
 YESTERDAY
  MAXIMUM         73   1212 PM              70      3
  MINIMUM         55    522 AM              51      4
  AVERAGE         64                        60      4

PRECIPITATION (IN)
  YESTERDAY        0.13         MM      MM   0.14  -0.01     0.03
  MONTH TO DATE    4.20                      3.41   0.79     1.81
  SINCE JUN 1     12.15                     11.57   0.58    12.27
  SINCE JAN 1     17.69                     21.47  -3.78    22.64

SNOWFALL (IN)
  YESTERDAY       MM            MM      MM  MM     MM       MM
  MONTH TO DATE    0.0                      MM     MM       MM
  SINCE JUN 1      0.0                      MM     MM       MM
  SINCE JUL 1      0.0                      MM     MM       MM
  SNOW DEPTH      MM

DEGREE DAYS
 HEATING
  YESTERDAY        1                               -5
  MONTH TO DATE   49                              -47
  SINCE JUL 1    158                               -8

 COOLING
  YESTERDAY        0                               -1
  MONTH TO DATE   76                               35
  SINCE JAN 1    115                               -8
..................................................................


WIND (MPH)
  HIGHEST WIND SPEED    17   HIGHEST WIND DIRECTION    NW (320)
  HIGHEST GUST SPEED    22   HIGHEST GUST DIRECTION    NW (310)
  AVERAGE WIND SPEED     7.6




..........................................................


THE FRENCHVILLE ME CLIMATE NORMALS FOR TODAY
                         NORMAL
 MAXIMUM TEMPERATURE (F)   70
 MINIMUM TEMPERATURE (F)   51


SUNRISE AND SUNSET
AUGUST 28 2015........SUNRISE   547 AM EDT   SUNSET   722 PM EDT
AUGUST 29 2015........SUNRISE   548 AM EDT   SUNSET   720 PM EDT


-  INDICATES NEGATIVE NUMBERS.
R  INDICATES RECORD WAS SET OR TIED.
MM INDICATES DATA IS MISSING.
T  INDICATES TRACE AMOUNT.




$$
