000
CDUS43 KIWX 240531
CLIFWA


CLIMATE REPORT
NATIONAL WEATHER SERVICE NORTHERN INDIANA
128 AM EDT SAT JUN 24 2017


...................................

...THE FORT WAYNE CLIMATE SUMMARY FOR JUNE 23 2017...

CLIMATE NORMAL PERIOD 1981 TO 2010
CLIMATE RECORD PERIOD 1897 TO 2017


WEATHER ITEM   OBSERVED TIME   RECORD YEAR NORMAL DEPARTURE LAST
                VALUE   (LST)  VALUE       VALUE  FROM      YEAR
                                                  NORMAL
..................................................................
TEMPERATURE (F)
 YESTERDAY
  MAXIMUM         75    955 AM  98    1910  83     -8       84
  MINIMUM         61   1154 PM  39    1902  62     -1       66
  AVERAGE         68                        72     -4       75

PRECIPITATION (IN)
  YESTERDAY        1.79R         1.46 2010   0.13   1.66     0.15
  MONTH TO DATE    4.08                      3.29   0.79     5.10
  SINCE JUN 1      4.08                      3.29   0.79     5.10
  SINCE JAN 1     27.53                     18.09   9.44    19.29

DEGREE DAYS
 HEATING
  YESTERDAY        0                         0      0        0
  MONTH TO DATE    2                        29    -27       11
  SINCE JUN 1      2                        29    -27       11
  SINCE JUL 1   4981                      6101  -1120     5127

 COOLING
  YESTERDAY        3                         8     -5       10
  MONTH TO DATE  189                       125     64      159
  SINCE JUN 1    189                       125     64      159
  SINCE JAN 1    253                       182     71      233
..................................................................


WIND (MPH)
  HIGHEST WIND SPEED    21   HIGHEST WIND DIRECTION     W (290)
  HIGHEST GUST SPEED    29   HIGHEST GUST DIRECTION     W (280)
  AVERAGE WIND SPEED     9.8


SKY COVER
  AVERAGE SKY COVER 0.9


WEATHER CONDITIONS
 THE FOLLOWING WEATHER WAS RECORDED YESTERDAY.
  THUNDERSTORM
  HEAVY RAIN
  RAIN
  LIGHT RAIN
  FOG


RELATIVE HUMIDITY (PERCENT)
 HIGHEST    93           300 AM
 LOWEST     57           700 PM
 AVERAGE    75

..........................................................


THE FORT WAYNE CLIMATE NORMALS FOR TODAY
                         NORMAL    RECORD    YEAR
 MAXIMUM TEMPERATURE (F)   83        96      1923
 MINIMUM TEMPERATURE (F)   62        43      1902


SUNRISE AND SUNSET
JUNE 24 2017..........SUNRISE   610 AM EDT   SUNSET   917 PM EDT
JUNE 25 2017..........SUNRISE   610 AM EDT   SUNSET   917 PM EDT


-  INDICATES NEGATIVE NUMBERS.
R  INDICATES RECORD WAS SET OR TIED.
MM INDICATES DATA IS MISSING.
T  INDICATES TRACE AMOUNT.




$$
