445
CDUS43 KIWX 180528
CLIFWA


CLIMATE REPORT
NATIONAL WEATHER SERVICE NORTHERN INDIANA
128 AM EDT WED OCT 18 2017


...................................

...THE FORT WAYNE CLIMATE SUMMARY FOR OCTOBER 17 2017...

CLIMATE NORMAL PERIOD 1981 TO 2010
CLIMATE RECORD PERIOD 1897 TO 2017


WEATHER ITEM   OBSERVED TIME   RECORD YEAR NORMAL DEPARTURE LAST
                VALUE   (LST)  VALUE       VALUE  FROM      YEAR
                                                  NORMAL
..................................................................
TEMPERATURE (F)
 YESTERDAY
  MAXIMUM         68    423 PM  85    1950  63      5       80
                                      1910
  MINIMUM         40    510 AM  24    1977  41     -1       63
  AVERAGE         54                        52      2       72

PRECIPITATION (IN)
  YESTERDAY        0.00          1.73 1946   0.10  -0.10     0.00
  MONTH TO DATE    1.31                      1.61  -0.30     1.51
  SINCE SEP 1      2.98                      4.41  -1.43     6.95
  SINCE JAN 1     41.26                     31.25  10.01    30.76

DEGREE DAYS
 HEATING
  YESTERDAY       11                        13     -2        0
  MONTH TO DATE   59                       180   -121       85
  SINCE SEP 1    139                       284   -145      109
  SINCE JUL 1    154                       296   -142      112

 COOLING
  YESTERDAY        0                         0      0        7
  MONTH TO DATE   29                         8     21       25
  SINCE SEP 1    146                        91     55      168
  SINCE JAN 1    834                       808     26     1094
..................................................................


WIND (MPH)
  HIGHEST WIND SPEED    22   HIGHEST WIND DIRECTION    SW (240)
  HIGHEST GUST SPEED    27   HIGHEST GUST DIRECTION     W (250)
  AVERAGE WIND SPEED    10.4


SKY COVER
  AVERAGE SKY COVER 0.2


WEATHER CONDITIONS
 THE FOLLOWING WEATHER WAS RECORDED YESTERDAY.
  NO SIGNIFICANT WEATHER WAS OBSERVED.


RELATIVE HUMIDITY (PERCENT)
 HIGHEST    85           300 AM
 LOWEST     32           200 PM
 AVERAGE    59

..........................................................


THE FORT WAYNE CLIMATE NORMALS FOR TODAY
                         NORMAL    RECORD    YEAR
 MAXIMUM TEMPERATURE (F)   63        86      1908
 MINIMUM TEMPERATURE (F)   41        24      1976


SUNRISE AND SUNSET
OCTOBER 18 2017.......SUNRISE   756 AM EDT   SUNSET   655 PM EDT
OCTOBER 19 2017.......SUNRISE   757 AM EDT   SUNSET   654 PM EDT


-  INDICATES NEGATIVE NUMBERS.
R  INDICATES RECORD WAS SET OR TIED.
MM INDICATES DATA IS MISSING.
T  INDICATES TRACE AMOUNT.




$$
