000
CDUS43 KIWX 130554
CLIFWA


CLIMATE REPORT
NATIONAL WEATHER SERVICE NORTHERN INDIANA
1252 AM EST WED DEC 13 2017


...................................

...THE FORT WAYNE CLIMATE SUMMARY FOR DECEMBER 12 2017...

CLIMATE NORMAL PERIOD 1981 TO 2010
CLIMATE RECORD PERIOD 1897 TO 2017


WEATHER ITEM   OBSERVED TIME   RECORD YEAR NORMAL DEPARTURE LAST
                VALUE   (LST)  VALUE       VALUE  FROM      YEAR
                                                  NORMAL
..................................................................
TEMPERATURE (F)
 YESTERDAY
  MAXIMUM         34    249 AM  69    2015  37     -3       34
  MINIMUM         17   1159 PM  -7    1962  23     -6       10
  AVERAGE         26                        30     -4       22

PRECIPITATION (IN)
  YESTERDAY        0.05          1.20 1972   0.09  -0.04      T
  MONTH TO DATE    0.21                      1.11  -0.90     1.11
  SINCE DEC 1      0.21                      1.11  -0.90     1.11
  SINCE JAN 1     47.89                     36.68  11.21    36.17

SNOWFALL (IN)
  YESTERDAY        1.4           3.3  1970   0.3    1.1      0.2
  MONTH TO DATE    2.7                       2.6    0.1     10.3
  SINCE DEC 1      2.7                       2.6    0.1     10.3
  SINCE JUL 1      2.7                       4.7   -2.0     10.7
  SNOW DEPTH       0

DEGREE DAYS
 HEATING
  YESTERDAY       39                        35      4       43
  MONTH TO DATE  377                       396    -19      416
  SINCE DEC 1    377                       396    -19      416
  SINCE JUL 1   1430                      1613   -183     1261

 COOLING
  YESTERDAY        0                         0      0        0
  MONTH TO DATE    0                         0      0        0
  SINCE DEC 1      0                         0      0        0
  SINCE JAN 1    836                       809     27     1104
..................................................................


WIND (MPH)
  HIGHEST WIND SPEED    29   HIGHEST WIND DIRECTION    NW (330)
  HIGHEST GUST SPEED    35   HIGHEST GUST DIRECTION    NW (330)
  AVERAGE WIND SPEED    14.6


SKY COVER
  AVERAGE SKY COVER 0.8


WEATHER CONDITIONS
 THE FOLLOWING WEATHER WAS RECORDED YESTERDAY.
  LIGHT RAIN
  LT FREEZING RAIN
  HEAVY SNOW
  SNOW
  LIGHT SNOW
  FOG
  FOG W/VISIBILITY <= 1/4 MILE


RELATIVE HUMIDITY (PERCENT)
 HIGHEST    88           800 AM
 LOWEST     67           800 PM
 AVERAGE    78

..........................................................


THE FORT WAYNE CLIMATE NORMALS FOR TODAY
                         NORMAL    RECORD    YEAR
 MAXIMUM TEMPERATURE (F)   37        63      2015
 MINIMUM TEMPERATURE (F)   23        -8      1958


SUNRISE AND SUNSET
DECEMBER 13 2017......SUNRISE   757 AM EST   SUNSET   513 PM EST
DECEMBER 14 2017......SUNRISE   758 AM EST   SUNSET   513 PM EST


-  INDICATES NEGATIVE NUMBERS.
R  INDICATES RECORD WAS SET OR TIED.
MM INDICATES DATA IS MISSING.
T  INDICATES TRACE AMOUNT.




$$
