000
CDUS43 KIWX 060529
CLIFWA


CLIMATE REPORT
NATIONAL WEATHER SERVICE NORTHERN INDIANA
1228 AM EST SAT FEB 6 2016


...................................

...THE FORT WAYNE CLIMATE SUMMARY FOR FEBRUARY 5 2016...

CLIMATE NORMAL PERIOD 1981 TO 2010
CLIMATE RECORD PERIOD 1897 TO 2016


WEATHER ITEM   OBSERVED TIME   RECORD YEAR NORMAL DEPARTURE LAST
                VALUE   (LST)  VALUE       VALUE  FROM      YEAR
                                                  NORMAL
..................................................................
TEMPERATURE (F)
 YESTERDAY
  MAXIMUM         38   1253 PM  59    1938  34      4       17
  MINIMUM         20    758 AM -14    1979  18      2       -2
  AVERAGE         29                        26      3        8

PRECIPITATION (IN)
  YESTERDAY        T             1.90 2008   0.07  -0.07      T
  MONTH TO DATE    0.24                      0.35  -0.11     1.10
  SINCE DEC 1      6.01                      5.38   0.63     5.05
  SINCE JAN 1      1.86                      2.61  -0.75     3.33

SNOWFALL (IN)
  YESTERDAY        T             6.2  2014   0.3   -0.3       T
  MONTH TO DATE    T                         1.6   -1.6     12.3
  SINCE DEC 1      7.1                      20.2  -13.1     25.6
  SINCE JUL 1     11.3                      22.3  -11.0     29.8
  SNOW DEPTH       0

DEGREE DAYS
 HEATING
  YESTERDAY       36                        39     -3       57
  MONTH TO DATE  146                       196    -50      234
  SINCE DEC 1   2053                      2550   -497     2563
  SINCE JUL 1   3022                      3767   -745     4009

 COOLING
  YESTERDAY        0                         0      0        0
  MONTH TO DATE    0                         0      0        0
  SINCE DEC 1      0                         0      0        0
  SINCE JAN 1      0                         0      0        0
..................................................................


WIND (MPH)
  HIGHEST WIND SPEED    17   HIGHEST WIND DIRECTION     W (270)
  HIGHEST GUST SPEED    22   HIGHEST GUST DIRECTION     W (260)
  AVERAGE WIND SPEED     8.9


SKY COVER
  AVERAGE SKY COVER 0.6


WEATHER CONDITIONS
 THE FOLLOWING WEATHER WAS RECORDED YESTERDAY.
  LIGHT SNOW
  FOG
  HAZE


RELATIVE HUMIDITY (PERCENT)
 HIGHEST    91           200 AM
 LOWEST     59           100 PM
 AVERAGE    75

..........................................................


THE FORT WAYNE CLIMATE NORMALS FOR TODAY
                         NORMAL    RECORD    YEAR
 MAXIMUM TEMPERATURE (F)   34        61      1938
 MINIMUM TEMPERATURE (F)   18       -13      1977


SUNRISE AND SUNSET
FEBRUARY  6 2016......SUNRISE   747 AM EST   SUNSET   604 PM EST
FEBRUARY  7 2016......SUNRISE   746 AM EST   SUNSET   605 PM EST


-  INDICATES NEGATIVE NUMBERS.
R  INDICATES RECORD WAS SET OR TIED.
MM INDICATES DATA IS MISSING.
T  INDICATES TRACE AMOUNT.




$$
