000
CDUS43 KIWX 290022
CLIFWA


CLIMATE REPORT
NATIONAL WEATHER SERVICE NORTHERN INDIANA
822 PM EDT MON JUL 28 2014


...................................

...THE FORT WAYNE CLIMATE SUMMARY FOR JULY 28 2014...
VALID AS OF 0800 PM LOCAL TIME.

CLIMATE NORMAL PERIOD 1981 TO 2010
CLIMATE RECORD PERIOD 1897 TO 2014


WEATHER ITEM   OBSERVED TIME   RECORD YEAR NORMAL DEPARTURE LAST
                VALUE   (LST)  VALUE       VALUE  FROM      YEAR
                                                  NORMAL
..................................................................
TEMPERATURE (F)
 TODAY
  MAXIMUM         72    159 PM  98    1916  84    -12       69
  MINIMUM         61    659 PM  49    1900  62     -1       50
  AVERAGE         67                        73     -6       60

PRECIPITATION (IN)
  TODAY            0.00          1.42 1961   0.13  -0.13     0.00
  MONTH TO DATE    2.00                      3.84  -1.84     3.67
  SINCE JUN 1      7.81                      8.00  -0.19     9.58
  SINCE JAN 1     24.35                     22.80   1.55    27.25

SNOWFALL (IN)
  TODAY            0.0           0.0  2002   0.0    0.0      0.0
                                      2001
  MONTH TO DATE    T                         0.0    0.0      0.0
  SINCE JUN 1      T                         0.0    0.0      0.0
  SINCE JUL 1      T                         0.0    0.0      0.0
  SNOW DEPTH       0

DEGREE DAYS
 HEATING
  TODAY            0                         0      0        5
  MONTH TO DATE    9                         0      9        7
  SINCE JUN 1     23                        29     -6       26
  SINCE JUL 1      9                         0      9        7

 COOLING
  TODAY            2                         8     -6        0
  MONTH TO DATE  145                       245   -100      236
  SINCE JUN 1    375                       427    -52      424
  SINCE JAN 1    456                       484    -28      529
..................................................................


WIND (MPH)
  RESULTANT WIND SPEED  11   RESULTANT WIND DIRECTION  NW (310)
  HIGHEST WIND SPEED    20   HIGHEST WIND DIRECTION     W (280)
  HIGHEST GUST SPEED    25   HIGHEST GUST DIRECTION     W (270)
  AVERAGE WIND SPEED    11.1


SKY COVER
  POSSIBLE SUNSHINE  MM
  AVERAGE SKY COVER 0.7


WEATHER CONDITIONS
 THE FOLLOWING WEATHER WAS RECORDED TODAY.
  NO SIGNIFICANT WEATHER WAS OBSERVED.


RELATIVE HUMIDITY (PERCENT)
 HIGHEST    90           600 AM
 LOWEST     61          1200 PM
 AVERAGE    76

..........................................................


THE FORT WAYNE CLIMATE NORMALS FOR TOMORROW
                         NORMAL    RECORD    YEAR
 MAXIMUM TEMPERATURE (F)   83        98      1916
 MINIMUM TEMPERATURE (F)   62        47      1904


SUNRISE AND SUNSET
JULY 28 2014..........SUNRISE   633 AM EDT   SUNSET   901 PM EDT
JULY 29 2014..........SUNRISE   634 AM EDT   SUNSET   900 PM EDT


-  INDICATES NEGATIVE NUMBERS.
R  INDICATES RECORD WAS SET OR TIED.
MM INDICATES DATA IS MISSING.
T  INDICATES TRACE AMOUNT.




$$
