000
CDUS43 KIWX 210535
CLIFWA


CLIMATE REPORT
NATIONAL WEATHER SERVICE NORTHERN INDIANA
1234 AM EST SUN DEC 21 2014


...................................

...THE FORT WAYNE CLIMATE SUMMARY FOR DECEMBER 20 2014...

CLIMATE NORMAL PERIOD 1981 TO 2010
CLIMATE RECORD PERIOD 1897 TO 2014


WEATHER ITEM   OBSERVED TIME   RECORD YEAR NORMAL DEPARTURE LAST
                VALUE   (LST)  VALUE       VALUE  FROM      YEAR
                                                  NORMAL
..................................................................
TEMPERATURE (F)
 YESTERDAY
  MAXIMUM         33    321 PM  60    1949  35     -2       55
  MINIMUM         24    140 AM -10    1963  21      3       39
  AVERAGE         29                        28      1       47

PRECIPITATION (IN)
  YESTERDAY        T             0.76 2012   0.09  -0.09     0.25
  MONTH TO DATE    0.90                      1.80  -0.90     1.11
  SINCE DEC 1      0.90                      1.80  -0.90     1.11
  SINCE JAN 1     42.02                     37.37   4.65    40.46

SNOWFALL (IN)
  YESTERDAY        T             6.5  1960   0.3   -0.3      0.0
  MONTH TO DATE    0.2                       5.0   -4.8      8.5
  SINCE DEC 1      0.2                       5.0   -4.8      8.5
  SINCE JUL 1      4.4                       7.1   -2.7      9.5
  SNOW DEPTH       0

DEGREE DAYS
 HEATING
  YESTERDAY       36                        37     -1       18
  MONTH TO DATE  639                       687    -48      750
  SINCE DEC 1    639                       687    -48      750
  SINCE JUL 1   2085                      1904    181     2051

 COOLING
  YESTERDAY        0                         0      0        0
  MONTH TO DATE    0                         0      0        0
  SINCE DEC 1      0                         0      0        0
  SINCE JAN 1    731                       809    -78      855
..................................................................


WIND (MPH)
  HIGHEST WIND SPEED     8   HIGHEST WIND DIRECTION    SW (240)
  HIGHEST GUST SPEED    10   HIGHEST GUST DIRECTION    SW (240)
  AVERAGE WIND SPEED     2.5


SKY COVER
  AVERAGE SKY COVER 1.0


WEATHER CONDITIONS
 THE FOLLOWING WEATHER WAS RECORDED YESTERDAY.
  LIGHT SNOW
  FOG
  HAZE


RELATIVE HUMIDITY (PERCENT)
 HIGHEST    92           700 AM
 LOWEST     72           200 PM
 AVERAGE    82

..........................................................


THE FORT WAYNE CLIMATE NORMALS FOR TODAY
                         NORMAL    RECORD    YEAR
 MAXIMUM TEMPERATURE (F)   34        61      1967
 MINIMUM TEMPERATURE (F)   20       -17      1989


SUNRISE AND SUNSET
DECEMBER 21 2014......SUNRISE   802 AM EST   SUNSET   516 PM EST
DECEMBER 22 2014......SUNRISE   803 AM EST   SUNSET   516 PM EST


-  INDICATES NEGATIVE NUMBERS.
R  INDICATES RECORD WAS SET OR TIED.
MM INDICATES DATA IS MISSING.
T  INDICATES TRACE AMOUNT.




$$
