000
CDUS43 KIWX 220535
CLIFWA


CLIMATE REPORT
NATIONAL WEATHER SERVICE NORTHERN INDIANA
132 AM EDT MON SEP 22 2014


...................................

...THE FORT WAYNE CLIMATE SUMMARY FOR SEPTEMBER 21 2014...

CLIMATE NORMAL PERIOD 1981 TO 2010
CLIMATE RECORD PERIOD 1897 TO 2014


WEATHER ITEM   OBSERVED TIME   RECORD YEAR NORMAL DEPARTURE LAST
                VALUE   (LST)  VALUE       VALUE  FROM      YEAR
                                                  NORMAL
..................................................................
TEMPERATURE (F)
 YESTERDAY
  MAXIMUM         69    506 AM  93    2010  74     -5       71
  MINIMUM         49   1159 PM  32    1897  50     -1       49
  AVERAGE         59                        62     -3       60

PRECIPITATION (IN)
  YESTERDAY        0.04          2.00 1992   0.10  -0.06      T
  MONTH TO DATE    4.90                      1.97   2.93     1.71
  SINCE SEP 1      4.90                      1.97   2.93     1.71
  SINCE JAN 1     35.29                     28.81   6.48    34.05

SNOWFALL (IN)
  YESTERDAY        0.0           0.0  2002   0.0    0.0      0.0
                                      2001
  MONTH TO DATE    0.0                       0.0    0.0      0.0
  SINCE SEP 1      0.0                       0.0    0.0      0.0
  SINCE JUL 1      T                         0.0    0.0      0.0
  SNOW DEPTH       0

DEGREE DAYS
 HEATING
  YESTERDAY        6                         5      1        5
  MONTH TO DATE   85                        48     37       49
  SINCE SEP 1     85                        48     37       49
  SINCE JUL 1    109                        60     49       69

 COOLING
  YESTERDAY        0                         2     -2        0
  MONTH TO DATE   53                        71    -18       98
  SINCE SEP 1     53                        71    -18       98
  SINCE JAN 1    727                       788    -61      827
..................................................................


WIND (MPH)
  HIGHEST WIND SPEED    26   HIGHEST WIND DIRECTION     W (280)
  HIGHEST GUST SPEED    33   HIGHEST GUST DIRECTION     W (270)
  AVERAGE WIND SPEED    15.5


SKY COVER
  AVERAGE SKY COVER 0.5


WEATHER CONDITIONS
 THE FOLLOWING WEATHER WAS RECORDED YESTERDAY.
  THUNDERSTORM
  RAIN
  LIGHT RAIN
  FOG


RELATIVE HUMIDITY (PERCENT)
 HIGHEST    90           400 AM
 LOWEST     58          1100 AM
 AVERAGE    74

..........................................................


THE FORT WAYNE CLIMATE NORMALS FOR TODAY
                         NORMAL    RECORD    YEAR
 MAXIMUM TEMPERATURE (F)   74        91      1908
 MINIMUM TEMPERATURE (F)   50        34      1995


SUNRISE AND SUNSET
SEPTEMBER 22 2014.....SUNRISE   728 AM EDT   SUNSET   738 PM EDT
SEPTEMBER 23 2014.....SUNRISE   729 AM EDT   SUNSET   736 PM EDT


-  INDICATES NEGATIVE NUMBERS.
R  INDICATES RECORD WAS SET OR TIED.
MM INDICATES DATA IS MISSING.
T  INDICATES TRACE AMOUNT.




$$
