000
CDUS43 KIWX 220524
CLIFWA


CLIMATE REPORT
NATIONAL WEATHER SERVICE NORTHERN INDIANA
123 AM EDT FRI AUG 22 2014


...................................

...THE FORT WAYNE CLIMATE SUMMARY FOR AUGUST 21 2014...

CLIMATE NORMAL PERIOD 1981 TO 2010
CLIMATE RECORD PERIOD 1897 TO 2014


WEATHER ITEM   OBSERVED TIME   RECORD YEAR NORMAL DEPARTURE LAST
                VALUE   (LST)  VALUE       VALUE  FROM      YEAR
                                                  NORMAL
..................................................................
TEMPERATURE (F)
 YESTERDAY
  MAXIMUM         79    431 PM  99    1983  82     -3       85
  MINIMUM         69   1159 PM  45    1950  61      8       64
                                      1908
  AVERAGE         74                        71      3       75

PRECIPITATION (IN)
  YESTERDAY        1.26          2.20 1966   0.11   1.15     0.00
  MONTH TO DATE    3.46                      2.52   0.94     4.26
  SINCE JUN 1     11.27                     10.92   0.35    13.85
  SINCE JAN 1     27.81                     25.72   2.09    31.52

SNOWFALL (IN)
  YESTERDAY        0.0           0.0  2002   0.0    0.0      0.0
                                      2001
  MONTH TO DATE    0.0                       0.0    0.0      0.0
  SINCE JUN 1      T                         0.0    0.0      0.0
  SINCE JUL 1      T                         0.0    0.0      0.0
  SNOW DEPTH       0

DEGREE DAYS
 HEATING
  YESTERDAY        0                         0      0        0
  MONTH TO DATE   10                         0     10       10
  SINCE JUN 1     38                        32      6       39
  SINCE JUL 1     24                         3     21       20

 COOLING
  YESTERDAY        9                         7      2       10
  MONTH TO DATE  114                       152    -38      100
  SINCE JUN 1    494                       601   -107      528
  SINCE JAN 1    575                       658    -83      633
..................................................................


WIND (MPH)
  HIGHEST WIND SPEED    16   HIGHEST WIND DIRECTION     S (170)
  HIGHEST GUST SPEED    21   HIGHEST GUST DIRECTION    SW (210)
  AVERAGE WIND SPEED     7.0


SKY COVER
  AVERAGE SKY COVER 0.9


WEATHER CONDITIONS
 THE FOLLOWING WEATHER WAS RECORDED YESTERDAY.
  THUNDERSTORM
  HEAVY RAIN
  RAIN
  LIGHT RAIN
  FOG


RELATIVE HUMIDITY (PERCENT)
 HIGHEST    93           100 PM
 LOWEST     79           500 PM
 AVERAGE    86

..........................................................


THE FORT WAYNE CLIMATE NORMALS FOR TODAY
                         NORMAL    RECORD    YEAR
 MAXIMUM TEMPERATURE (F)   82        98      1936
 MINIMUM TEMPERATURE (F)   60        46      1923
                                             1909
                                             1907


SUNRISE AND SUNSET
AUGUST 22 2014........SUNRISE   658 AM EDT   SUNSET   829 PM EDT
AUGUST 23 2014........SUNRISE   659 AM EDT   SUNSET   828 PM EDT


-  INDICATES NEGATIVE NUMBERS.
R  INDICATES RECORD WAS SET OR TIED.
MM INDICATES DATA IS MISSING.
T  INDICATES TRACE AMOUNT.




$$
