887
CDUS43 KIWX 240543
CLIFWA


CLIMATE REPORT
NATIONAL WEATHER SERVICE NORTHERN INDIANA
1242 AM EST SAT FEB 24 2018


...................................

...THE FORT WAYNE CLIMATE SUMMARY FOR FEBRUARY 23 2018...

CLIMATE NORMAL PERIOD 1981 TO 2010
CLIMATE RECORD PERIOD 1897 TO 2018


WEATHER ITEM   OBSERVED TIME   RECORD YEAR NORMAL DEPARTURE LAST
                VALUE   (LST)  VALUE       VALUE  FROM      YEAR
                                                  NORMAL
..................................................................
TEMPERATURE (F)
 YESTERDAY
  MAXIMUM         53   1255 PM  66    2017  39     14       66
  MINIMUM         35   1225 AM  -6    2015  22     13       50
  AVERAGE         44                        31     13       58

PRECIPITATION (IN)
  YESTERDAY        0.21          0.96 1909   0.08   0.13      T
  MONTH TO DATE    3.61                      1.65   1.96     1.24
  SINCE DEC 1      5.87                      6.68  -0.81     8.26
  SINCE JAN 1      4.86                      3.91   0.95     5.95

SNOWFALL (IN)
  YESTERDAY        0.0           5.3  1962   0.2   -0.2      0.0
  MONTH TO DATE    9.6                       6.5    3.1      2.4
  SINCE DEC 1     28.2                      25.1    3.1     14.6
  SINCE JUL 1     28.2                      27.2    1.0     15.0
  SNOW DEPTH       0

DEGREE DAYS
 HEATING
  YESTERDAY       21                        34    -13        7
  MONTH TO DATE  781                       859    -78      590
  SINCE DEC 1   3178                      3213    -35     2740
  SINCE JUL 1   4231                      4430   -199     3585

 COOLING
  YESTERDAY        0                         0      0        0
  MONTH TO DATE    0                         0      0        0
  SINCE DEC 1      0                         0      0        0
  SINCE JAN 1      0                         0      0        0
..................................................................


WIND (MPH)
  HIGHEST WIND SPEED    22   HIGHEST WIND DIRECTION     W (260)
  HIGHEST GUST SPEED    27   HIGHEST GUST DIRECTION    SW (240)
  AVERAGE WIND SPEED    10.8


SKY COVER
  AVERAGE SKY COVER 1.0


WEATHER CONDITIONS
 THE FOLLOWING WEATHER WAS RECORDED YESTERDAY.
  LIGHT RAIN
  FOG


RELATIVE HUMIDITY (PERCENT)
 HIGHEST   100           100 AM
 LOWEST     86           400 PM
 AVERAGE    93

..........................................................


THE FORT WAYNE CLIMATE NORMALS FOR TODAY
                         NORMAL    RECORD    YEAR
 MAXIMUM TEMPERATURE (F)   39        71      2017
 MINIMUM TEMPERATURE (F)   23        -6      2015


SUNRISE AND SUNSET
FEBRUARY 24 2018......SUNRISE   722 AM EST   SUNSET   626 PM EST
FEBRUARY 25 2018......SUNRISE   721 AM EST   SUNSET   627 PM EST


-  INDICATES NEGATIVE NUMBERS.
R  INDICATES RECORD WAS SET OR TIED.
MM INDICATES DATA IS MISSING.
T  INDICATES TRACE AMOUNT.




$$
