478
CDUS43 KIWX 240025
CLIFWA


CLIMATE REPORT
NATIONAL WEATHER SERVICE NORTHERN INDIANA
824 PM EDT WED AUG 23 2017


...................................

...THE FORT WAYNE CLIMATE SUMMARY FOR AUGUST 23 2017...
VALID AS OF 0800 PM LOCAL TIME.

CLIMATE NORMAL PERIOD 1981 TO 2010
CLIMATE RECORD PERIOD 1897 TO 2017


WEATHER ITEM   OBSERVED TIME   RECORD YEAR NORMAL DEPARTURE LAST
                VALUE   (LST)  VALUE       VALUE  FROM      YEAR
                                                  NORMAL
..................................................................
TEMPERATURE (F)
 TODAY
  MAXIMUM         76    405 PM  95    1936  82     -6       81
  MINIMUM         55    616 AM  44    1902  60     -5       54
  AVERAGE         66                        71     -5       68

PRECIPITATION (IN)
  TODAY            0.00          1.15 1988   0.11  -0.11     0.00
  MONTH TO DATE    1.03                      2.74  -1.71     1.33
  SINCE JUN 1     12.70                     11.14   1.56     7.89
  SINCE JAN 1     36.15                     25.94  10.21    22.08

DEGREE DAYS
 HEATING
  TODAY            0                         0      0        0
  MONTH TO DATE    1                         0      1        0
  SINCE JUN 1      7                        32    -25       14
  SINCE JUL 1      1                         3     -2        3

 COOLING
  TODAY            1                         6     -5        3
  MONTH TO DATE  129                       164    -35      248
  SINCE JUN 1    617                       613      4      764
  SINCE JAN 1    681                       670     11      838
..................................................................


WIND (MPH)
  RESULTANT WIND SPEED   8   RESULTANT WIND DIRECTION   W (290)
  HIGHEST WIND SPEED    20   HIGHEST WIND DIRECTION     W (280)
  HIGHEST GUST SPEED    26   HIGHEST GUST DIRECTION    NW (300)
  AVERAGE WIND SPEED     8.3


SKY COVER
  POSSIBLE SUNSHINE  MM
  AVERAGE SKY COVER 0.3


WEATHER CONDITIONS
 THE FOLLOWING WEATHER WAS RECORDED TODAY.
  NO SIGNIFICANT WEATHER WAS OBSERVED.


RELATIVE HUMIDITY (PERCENT)
 HIGHEST    93           200 AM
 LOWEST     43           400 PM
 AVERAGE    68

..........................................................


THE FORT WAYNE CLIMATE NORMALS FOR TOMORROW
                         NORMAL    RECORD    YEAR
 MAXIMUM TEMPERATURE (F)   82        95      1962
                                             1947
                                             1899
 MINIMUM TEMPERATURE (F)   60        44      1987


SUNRISE AND SUNSET
AUGUST 23 2017........SUNRISE   659 AM EDT   SUNSET   827 PM EDT
AUGUST 24 2017........SUNRISE   700 AM EDT   SUNSET   826 PM EDT


-  INDICATES NEGATIVE NUMBERS.
R  INDICATES RECORD WAS SET OR TIED.
MM INDICATES DATA IS MISSING.
T  INDICATES TRACE AMOUNT.




$$
