000
CDUS43 KIWX 300522
CLIFWA


CLIMATE REPORT
NATIONAL WEATHER SERVICE NORTHERN INDIANA
122 AM EDT SAT MAY 30 2015


...................................

...THE FORT WAYNE CLIMATE SUMMARY FOR MAY 29 2015...

CLIMATE NORMAL PERIOD 1981 TO 2010
CLIMATE RECORD PERIOD 1897 TO 2015


WEATHER ITEM   OBSERVED TIME   RECORD YEAR NORMAL DEPARTURE LAST
                VALUE   (LST)  VALUE       VALUE  FROM      YEAR
                                                  NORMAL
..................................................................
TEMPERATURE (F)
 YESTERDAY
  MAXIMUM         85    238 PM  93    1942  76      9       82
  MINIMUM         60    501 AM  33    1902  54      6       59
  AVERAGE         73                        65      8       71

PRECIPITATION (IN)
  YESTERDAY        0.00          0.81 1972   0.17  -0.17     0.00
  MONTH TO DATE    3.16                      3.93  -0.77     4.57
  SINCE MAR 1      8.51                     10.16  -1.65    10.46
  SINCE JAN 1     12.28                     14.46  -2.18    16.70

SNOWFALL (IN)
  YESTERDAY        0.0           0.0    MM   0.0    0.0      0.0
  MONTH TO DATE    0.0                       0.0    0.0      0.0
  SINCE MAR 1      8.6                       5.1    3.5     14.3
  SINCE JUL 1     45.1                      33.5   11.6     76.1
  SNOW DEPTH       0

DEGREE DAYS
 HEATING
  YESTERDAY        0                         3     -3        0
  MONTH TO DATE  103                       185    -82      182
  SINCE MAR 1   1492                      1469     23     1698
  SINCE JUL 1   6641                      6067    574     6951

 COOLING
  YESTERDAY        8                         3      5        6
  MONTH TO DATE   91                        43     48       72
  SINCE MAR 1     91                        51     40       73
  SINCE JAN 1     91                        51     40       73
..................................................................


WIND (MPH)
  HIGHEST WIND SPEED    23   HIGHEST WIND DIRECTION     S (190)
  HIGHEST GUST SPEED    27   HIGHEST GUST DIRECTION     S (180)
  AVERAGE WIND SPEED     8.9


SKY COVER
  AVERAGE SKY COVER 0.7


WEATHER CONDITIONS
 THE FOLLOWING WEATHER WAS RECORDED YESTERDAY.
  FOG
  HAZE


RELATIVE HUMIDITY (PERCENT)
 HIGHEST    97           400 AM
 LOWEST     51           300 PM
 AVERAGE    74

..........................................................


THE FORT WAYNE CLIMATE NORMALS FOR TODAY
                         NORMAL    RECORD    YEAR
 MAXIMUM TEMPERATURE (F)   76        92      1988
                                             1953
                                             1942
 MINIMUM TEMPERATURE (F)   54        36      1947
                                             1945


SUNRISE AND SUNSET
MAY 30 2015...........SUNRISE   612 AM EDT   SUNSET   905 PM EDT
MAY 31 2015...........SUNRISE   612 AM EDT   SUNSET   906 PM EDT


-  INDICATES NEGATIVE NUMBERS.
R  INDICATES RECORD WAS SET OR TIED.
MM INDICATES DATA IS MISSING.
T  INDICATES TRACE AMOUNT.




$$
