000
CDUS44 KTSA 282136 RRB
CLIFYV

CLIMATE REPORT
NATIONAL WEATHER SERVICE TULSA OK
418 PM CDT FRI APR 28 2017


...................................

...THE FAYETTEVILLE ARKANSAS CLIMATE SUMMARY FOR APRIL 28 2017...
VALID TODAY AS OF 0400 PM LOCAL TIME.

CLIMATE NORMAL PERIOD 1981 TO 2010
CLIMATE RECORD PERIOD 1905 TO 2017


WEATHER ITEM   OBSERVED TIME   RECORD YEAR NORMAL DEPARTURE LAST
                VALUE   (LST)  VALUE       VALUE  FROM      YEAR
                                                  NORMAL
..................................................................
TEMPERATURE (F)
 TODAY
  MAXIMUM         67    238 PM  88    1989  72     -5       77
  MINIMUM         54    254 AM  31    1979  49      5       44
  AVERAGE         61                        60      1       61

PRECIPITATION (IN)
  TODAY            0.03                      0.17  -0.14     0.00
  MONTH TO DATE    7.62                      4.22   3.40     1.72
  SINCE MAR 1     13.57                      8.17   5.40     5.43
  SINCE JAN 1     17.07                     13.82   3.25     6.58

SNOWFALL (IN)
  TODAY            0.0                                       0.0
  MONTH TO DATE    0.0                                       0.0
  SINCE MAR 1      0.2                                       0.0
  SINCE JUL 1      1.0                                        T

DEGREE DAYS
 HEATING
  TODAY            4                         6     -2        4
  MONTH TO DATE  154                       258   -104      209
  SINCE MAR 1    541                       784   -243      633
  SINCE JUL 1   3112                      4087   -975     3449

 COOLING
  TODAY            0                         1     -1        0
  MONTH TO DATE   15                        25    -10       11
  SINCE MAR 1     28                        29     -1       13
  SINCE JAN 1     33                        29      4       13
..................................................................


WIND (MPH)
  HIGHEST WIND SPEED    17   HIGHEST WIND DIRECTION     S (180)
  HIGHEST GUST SPEED    25   HIGHEST GUST DIRECTION    SE (150)
  AVERAGE WIND SPEED     8.9


SKY COVER
  POSSIBLE SUNSHINE  MM
  AVERAGE SKY COVER 0.9


WEATHER CONDITIONS
 THE FOLLOWING WEATHER WAS RECORDED TODAY.
  LIGHT RAIN
  FOG


RELATIVE HUMIDITY (PERCENT)
 HIGHEST   100           500 AM
 LOWEST     78           700 AM
 AVERAGE    89

..........................................................


THE FAYETTEVILLE ARKANSAS CLIMATE NORMALS FOR TOMORROW
                         NORMAL    RECORD    YEAR
 MAXIMUM TEMPERATURE (F)   72        88      1962
 MINIMUM TEMPERATURE (F)   49        32      1965


SUNRISE AND SUNSET
APRIL 28 2017.........SUNRISE   627 AM CDT   SUNSET   802 PM CDT
APRIL 29 2017.........SUNRISE   626 AM CDT   SUNSET   802 PM CDT


-  INDICATES NEGATIVE NUMBERS.
R  INDICATES RECORD WAS SET OR TIED.
MM INDICATES DATA IS MISSING.
T  INDICATES TRACE AMOUNT.




$$
