000
CDUS44 KTSA 300801
CLIFYV

CLIMATE REPORT
NATIONAL WEATHER SERVICE TULSA OK
301 AM CDT TUE AUG 30 2016


...................................

...THE FAYETTEVILLE ARKANSAS CLIMATE SUMMARY FOR AUGUST 29 2016...

CLIMATE NORMAL PERIOD 1981 TO 2010
CLIMATE RECORD PERIOD 1905 TO 2016


WEATHER ITEM   OBSERVED TIME   RECORD YEAR NORMAL DEPARTURE LAST
                VALUE   (LST)  VALUE       VALUE  FROM      YEAR
                                                  NORMAL
..................................................................
TEMPERATURE (F)
 YESTERDAY
  MAXIMUM         91    132 PM 104    1984  87      4       86
  MINIMUM         65    559 AM  47    1986  63      2       68
  AVERAGE         78                        75      3       77

PRECIPITATION (IN)
  YESTERDAY        0.00                      0.11  -0.11     0.00
  MONTH TO DATE    1.09                      3.01  -1.92     4.41
  SINCE JUN 1     10.84                     11.45  -0.61    19.23
  SINCE JAN 1     25.10                     31.66  -6.56    42.69

DEGREE DAYS
 COOLING
  YESTERDAY       13                        10      3       12
  MONTH TO DATE  354                       356     -2      259
  SINCE JUN 1   1126                       992    134     1006
  SINCE JAN 1   1193                      1105     88     1103
..................................................................


WIND (MPH)
  HIGHEST WIND SPEED    18   HIGHEST WIND DIRECTION     E (80)
  HIGHEST GUST SPEED    23   HIGHEST GUST DIRECTION     E (80)
  AVERAGE WIND SPEED     3.5


SKY COVER
  POSSIBLE SUNSHINE  MM
  AVERAGE SKY COVER 0.2


WEATHER CONDITIONS
 THE FOLLOWING WEATHER WAS RECORDED YESTERDAY.
  THUNDERSTORM
  FOG
  FOG W/VISIBILITY <= 1/4 MILE


RELATIVE HUMIDITY (PERCENT)
 HIGHEST   100          1200 AM
 LOWEST     47          1200 PM
 AVERAGE    74

..........................................................


THE FAYETTEVILLE ARKANSAS CLIMATE NORMALS FOR TODAY
                         NORMAL    RECORD    YEAR
 MAXIMUM TEMPERATURE (F)   87       101      2000
 MINIMUM TEMPERATURE (F)   63        47      1988


SUNRISE AND SUNSET
AUGUST 30 2016........SUNRISE   647 AM CDT   SUNSET   746 PM CDT
AUGUST 31 2016........SUNRISE   648 AM CDT   SUNSET   745 PM CDT


-  INDICATES NEGATIVE NUMBERS.
R  INDICATES RECORD WAS SET OR TIED.
MM INDICATES DATA IS MISSING.
T  INDICATES TRACE AMOUNT.




$$
