758
CDUS44 KTSA 060943
CLIFYV

CLIMATE REPORT
NATIONAL WEATHER SERVICE TULSA OK
343 AM CST SAT FEB 6 2016


...................................

...THE FAYETTEVILLE ARKANSAS CLIMATE SUMMARY FOR FEBRUARY 5 2016...

CLIMATE NORMAL PERIOD 1981 TO 2010
CLIMATE RECORD PERIOD 1905 TO 2016


WEATHER ITEM   OBSERVED TIME   RECORD YEAR NORMAL DEPARTURE LAST
                VALUE   (LST)  VALUE       VALUE  FROM      YEAR
                                                  NORMAL
..................................................................
TEMPERATURE (F)
 YESTERDAY
  MAXIMUM         51    237 PM  74    1963  49      2       42
  MINIMUM         20    125 AM   4    1985  26     -6       17
  AVERAGE         36                        37     -1       30

PRECIPITATION (IN)
  YESTERDAY        0.00                      0.09  -0.09     0.00
  MONTH TO DATE    0.01                      0.44  -0.43     0.33
  SINCE DEC 1     11.47                      6.52   4.95     4.08
  SINCE JAN 1      0.52                      3.28  -2.76     1.44

SNOWFALL (IN)
  YESTERDAY        0.0                                       0.0
  MONTH TO DATE    0.0                                       0.0
  SINCE DEC 1      T                                          T
  SINCE JUL 1      T                                          T

DEGREE DAYS
 HEATING
  YESTERDAY       29                        28      1       35
  MONTH TO DATE  129                       140    -11      162
  SINCE DEC 1   1660                      1905   -245     1834
  SINCE JUL 1   2302                      2734   -432     2759
..................................................................


WIND (MPH)
  HIGHEST WIND SPEED    16   HIGHEST WIND DIRECTION     S (190)
  HIGHEST GUST SPEED    22   HIGHEST GUST DIRECTION    SW (210)
  AVERAGE WIND SPEED     4.6


SKY COVER
  POSSIBLE SUNSHINE  MM
  AVERAGE SKY COVER 0.0


WEATHER CONDITIONS
 THE FOLLOWING WEATHER WAS RECORDED YESTERDAY.
  NO SIGNIFICANT WEATHER WAS OBSERVED.


RELATIVE HUMIDITY (PERCENT)
 HIGHEST    92           400 AM
 LOWEST     23           500 PM
 AVERAGE    58

..........................................................


THE FAYETTEVILLE ARKANSAS CLIMATE NORMALS FOR TODAY
                         NORMAL    RECORD    YEAR
 MAXIMUM TEMPERATURE (F)   49        66      2013
                                             1999
 MINIMUM TEMPERATURE (F)   26        -3      1959


SUNRISE AND SUNSET
FEBRUARY  6 2016......SUNRISE   713 AM CST   SUNSET   548 PM CST
FEBRUARY  7 2016......SUNRISE   712 AM CST   SUNSET   549 PM CST


-  INDICATES NEGATIVE NUMBERS.
R  INDICATES RECORD WAS SET OR TIED.
MM INDICATES DATA IS MISSING.
T  INDICATES TRACE AMOUNT.




$$
