000
CDUS44 KTSA 162119
CLIFYV

CLIMATE REPORT
NATIONAL WEATHER SERVICE TULSA OK
418 PM CDT TUE SEP 16 2014


...................................

...THE FAYETTEVILLE ARKANSAS CLIMATE SUMMARY FOR SEPTEMBER 16 2014...
VALID TODAY AS OF 0400 PM LOCAL TIME.

CLIMATE NORMAL PERIOD 1981 TO 2010
CLIMATE RECORD PERIOD 1905 TO 2014


WEATHER ITEM   OBSERVED TIME   RECORD YEAR NORMAL DEPARTURE LAST
                VALUE   (LST)  VALUE       VALUE  FROM      YEAR
                                                  NORMAL
..................................................................
TEMPERATURE (F)
 TODAY
  MAXIMUM         78    158 PM  98    1980  80     -2       78
                                      1956
  MINIMUM         64    443 AM  38    1979  57      7       65
  AVERAGE         71                        68      3       72

PRECIPITATION (IN)
  TODAY            0.00                      0.17  -0.17     0.28
  MONTH TO DATE    2.67                      2.38   0.29     0.67
  SINCE SEP 1      2.67                      2.38   0.29     0.67
  SINCE JAN 1     25.80                     34.27  -8.47    31.74

DEGREE DAYS
 HEATING
  TODAY            0                         1     -1        0
  MONTH TO DATE   17                         6     11        0
  SINCE SEP 1     17                         6     11        0
  SINCE JUL 1     21                         7     14        0

 COOLING
  TODAY            6                         5      1        7
  MONTH TO DATE  116                       111      5      162
  SINCE SEP 1    116                       111      5      162
  SINCE JAN 1   1151                      1236    -85     1291
..................................................................


WIND (MPH)
  HIGHEST WIND SPEED    16   HIGHEST WIND DIRECTION    NW (330)
  HIGHEST GUST SPEED    20   HIGHEST GUST DIRECTION    NW (330)
  AVERAGE WIND SPEED     3.1


SKY COVER
  POSSIBLE SUNSHINE  MM
  AVERAGE SKY COVER 0.9


WEATHER CONDITIONS
 THE FOLLOWING WEATHER WAS RECORDED TODAY.
  FOG
  HAZE


RELATIVE HUMIDITY (PERCENT)
 HIGHEST   100          1200 AM
 LOWEST     79           200 PM
 AVERAGE    90

..........................................................


THE FAYETTEVILLE ARKANSAS CLIMATE NORMALS FOR TOMORROW
                         NORMAL    RECORD    YEAR
 MAXIMUM TEMPERATURE (F)   80        95      1953
 MINIMUM TEMPERATURE (F)   56        40      1951


SUNRISE AND SUNSET
SEPTEMBER 16 2014.....SUNRISE   700 AM CDT   SUNSET   722 PM CDT
SEPTEMBER 17 2014.....SUNRISE   701 AM CDT   SUNSET   721 PM CDT


-  INDICATES NEGATIVE NUMBERS.
R  INDICATES RECORD WAS SET OR TIED.
MM INDICATES DATA IS MISSING.
T  INDICATES TRACE AMOUNT.




$$
