000
CDUS43 KUNR 030834
CLIGCC


CLIMATE REPORT
NATIONAL WEATHER SERVICE RAPID CITY SD
233 AM MDT THU SEP 3 2015


...................................

...THE GILLETTE AIRPORT WY CLIMATE SUMMARY FOR SEPTEMBER 2 2015...

CLIMATE NORMAL PERIOD 1981 TO 2010
CLIMATE RECORD PERIOD 9999 TO 9999


WEATHER ITEM   OBSERVED TIME   NORMAL DEPARTURE LAST
                VALUE   (LST)  VALUE  FROM      YEAR
                                      NORMAL
......................................................
TEMPERATURE (F)
 YESTERDAY
  MAXIMUM         95    228 PM  81     14       81
  MINIMUM         69    748 PM  49     20       48
  AVERAGE         82            65     17       65

PRECIPITATION (IN)
  YESTERDAY        0.00          0.03  -0.03     0.00
  MONTH TO DATE    0.00          0.07  -0.07     0.02
  SINCE SEP 1      0.00          0.07  -0.07     0.02
  SINCE JAN 1     13.14         10.55   2.59    15.28

DEGREE DAYS
 HEATING
  YESTERDAY        0             4     -4        0
  MONTH TO DATE    0             7     -7        9
  SINCE SEP 1      0             7     -7        9
  SINCE JUL 1     65            64      1       58

 COOLING
  YESTERDAY       17             3     14        0
  MONTH TO DATE   23             6     17        0
  SINCE SEP 1     23             6     17        0
  SINCE JAN 1    476           466     10      355
......................................................


WIND (MPH)
  HIGHEST WIND SPEED    24   HIGHEST WIND DIRECTION    SW (220)
  HIGHEST GUST SPEED    31   HIGHEST GUST DIRECTION     S (200)
  AVERAGE WIND SPEED    16.0


SKY COVER
  AVERAGE SKY COVER 0.0


WEATHER CONDITIONS
 THE FOLLOWING WEATHER WAS RECORDED YESTERDAY.
  NO SIGNIFICANT WEATHER WAS OBSERVED.


RELATIVE HUMIDITY (PERCENT)
 HIGHEST    35           500 AM
 LOWEST     11           200 PM
 AVERAGE    23

..........................................................




SUNRISE AND SUNSET
SEPTEMBER  3 2015.....SUNRISE   627 AM MDT   SUNSET   735 PM MDT
SEPTEMBER  4 2015.....SUNRISE   628 AM MDT   SUNSET   733 PM MDT


-  INDICATES NEGATIVE NUMBERS.
R  INDICATES RECORD WAS SET OR TIED.
MM INDICATES DATA IS MISSING.
T  INDICATES TRACE AMOUNT.




$$
