500
CDUS43 KUNR 260841
CLIGCC


CLIMATE REPORT
NATIONAL WEATHER SERVICE RAPID CITY SD
241 AM MDT TUE SEP 26 2017


...................................

...THE GILLETTE AIRPORT WY CLIMATE SUMMARY FOR SEPTEMBER 25 2017...

CLIMATE NORMAL PERIOD 1981 TO 2010
CLIMATE RECORD PERIOD 9999 TO 9999


WEATHER ITEM   OBSERVED TIME   NORMAL DEPARTURE LAST
                VALUE   (LST)  VALUE  FROM      YEAR
                                      NORMAL
......................................................
TEMPERATURE (F)
 YESTERDAY
  MAXIMUM         49    458 PM  68    -19       61
  MINIMUM         38    646 PM  40     -2       42
  AVERAGE         44            54    -10       52

PRECIPITATION (IN)
  YESTERDAY        0.09          0.05   0.04     0.00
  MONTH TO DATE    1.58          0.97   0.61     2.50
  SINCE SEP 1      1.58          0.97   0.61     2.50
  SINCE JAN 1     11.73         11.45   0.28    11.66

DEGREE DAYS
 HEATING
  YESTERDAY       21            12      9       13
  MONTH TO DATE  229           174     55      165
  SINCE SEP 1    229           174     55      165
  SINCE JUL 1    264           231     33      219

 COOLING
  YESTERDAY        0             0      0        0
  MONTH TO DATE   65            40     25       25
  SINCE SEP 1     65            40     25       25
  SINCE JAN 1    617           500    117      569
......................................................


WIND (MPH)
  HIGHEST WIND SPEED    12   HIGHEST WIND DIRECTION     S (180)
  HIGHEST GUST SPEED    13   HIGHEST GUST DIRECTION     S (180)
  AVERAGE WIND SPEED     3.5


SKY COVER
  AVERAGE SKY COVER 0.9


WEATHER CONDITIONS
 THE FOLLOWING WEATHER WAS RECORDED YESTERDAY.
  LIGHT RAIN


RELATIVE HUMIDITY (PERCENT)
 HIGHEST   100           200 AM
 LOWEST     71           200 PM
 AVERAGE    86

..........................................................




SUNRISE AND SUNSET
SEPTEMBER 26 2017.....SUNRISE   654 AM MDT   SUNSET   651 PM MDT
SEPTEMBER 27 2017.....SUNRISE   656 AM MDT   SUNSET   650 PM MDT


-  INDICATES NEGATIVE NUMBERS.
R  INDICATES RECORD WAS SET OR TIED.
MM INDICATES DATA IS MISSING.
T  INDICATES TRACE AMOUNT.




$$
