000
CDUS43 KUNR 020833
CLIGCC


CLIMATE REPORT
NATIONAL WEATHER SERVICE RAPID CITY SD
232 AM MDT MON MAY 2 2016


...................................

...THE GILLETTE AIRPORT WY CLIMATE SUMMARY FOR MAY 1 2016...

CLIMATE NORMAL PERIOD 1981 TO 2010
CLIMATE RECORD PERIOD 9999 TO 9999


WEATHER ITEM   OBSERVED TIME   NORMAL DEPARTURE LAST
                VALUE   (LST)  VALUE  FROM      YEAR
                                      NORMAL
......................................................
TEMPERATURE (F)
 YESTERDAY
  MAXIMUM         55    515 PM  61     -6       72
  MINIMUM         26    249 AM  35     -9       38
  AVERAGE         41            48     -7       55

PRECIPITATION (IN)
  YESTERDAY        0.00          0.07  -0.07     0.00
  MONTH TO DATE    0.00          0.07  -0.07     0.00
  SINCE MAR 1      3.66          2.50   1.16     1.65
  SINCE JAN 1      5.17          3.28   1.89     2.50

DEGREE DAYS
 HEATING
  YESTERDAY       24            17      7       10
  MONTH TO DATE   24            17      7       10
  SINCE MAR 1   1419          1625   -206     1319
  SINCE JUL 1   6150          7033   -883     6409

 COOLING
  YESTERDAY        0             0      0        0
  MONTH TO DATE    0             0      0        0
  SINCE MAR 1      0             0      0        0
  SINCE JAN 1      0             0      0        0
......................................................


WIND (MPH)
  HIGHEST WIND SPEED    12   HIGHEST WIND DIRECTION     E (70)
  HIGHEST GUST SPEED    15   HIGHEST GUST DIRECTION    NE (30)
  AVERAGE WIND SPEED     4.1


SKY COVER
  AVERAGE SKY COVER 0.2


WEATHER CONDITIONS
 THE FOLLOWING WEATHER WAS RECORDED YESTERDAY.
  NO SIGNIFICANT WEATHER WAS OBSERVED.


RELATIVE HUMIDITY (PERCENT)
 HIGHEST    92           100 AM
 LOWEST     32           500 PM
 AVERAGE    62

..........................................................




SUNRISE AND SUNSET
MAY  2 2016...........SUNRISE   551 AM MDT   SUNSET   808 PM MDT
MAY  3 2016...........SUNRISE   549 AM MDT   SUNSET   809 PM MDT


-  INDICATES NEGATIVE NUMBERS.
R  INDICATES RECORD WAS SET OR TIED.
MM INDICATES DATA IS MISSING.
T  INDICATES TRACE AMOUNT.




$$
