000
CDUS43 KUNR 250850
CLIGCC


CLIMATE REPORT
NATIONAL WEATHER SERVICE RAPID CITY SD
244 AM MDT THU MAY 25 2017


...................................

...THE GILLETTE AIRPORT WY CLIMATE SUMMARY FOR MAY 24 2017...

CLIMATE NORMAL PERIOD 1981 TO 2010
CLIMATE RECORD PERIOD 9999 TO 9999


WEATHER ITEM   OBSERVED TIME   NORMAL DEPARTURE LAST
                VALUE   (LST)  VALUE  FROM      YEAR
                                      NORMAL
......................................................
TEMPERATURE (F)
 YESTERDAY
  MAXIMUM         80    453 PM  68     12       72
  MINIMUM         38   1159 PM  42     -4       30
  AVERAGE         59            55      4       51

PRECIPITATION (IN)
  YESTERDAY        0.00          0.09  -0.09     0.12
  MONTH TO DATE    1.22          1.86  -0.64     0.43
  SINCE MAR 1      6.32          4.29   2.03     4.09
  SINCE JAN 1      7.16          5.07   2.09     5.60

DEGREE DAYS
 HEATING
  YESTERDAY        6            10     -4       14
  MONTH TO DATE  297           321    -24      337
  SINCE MAR 1   1650          1929   -279     1732
  SINCE JUL 1   6407          7337   -930     6463

 COOLING
  YESTERDAY        0             0      0        0
  MONTH TO DATE    4             0      4        0
  SINCE MAR 1      4             0      4        0
  SINCE JAN 1      4             0      4        0
......................................................


WIND (MPH)
  HIGHEST WIND SPEED    31   HIGHEST WIND DIRECTION    NW (300)
  HIGHEST GUST SPEED    39   HIGHEST GUST DIRECTION    NW (300)
  AVERAGE WIND SPEED    15.0


SKY COVER
  AVERAGE SKY COVER 0.0


WEATHER CONDITIONS
 THE FOLLOWING WEATHER WAS RECORDED YESTERDAY.
  NO SIGNIFICANT WEATHER WAS OBSERVED.


RELATIVE HUMIDITY (PERCENT)
 HIGHEST    76           500 AM
 LOWEST     26           300 PM
 AVERAGE    51

..........................................................




SUNRISE AND SUNSET
MAY 25 2017...........SUNRISE   525 AM MDT   SUNSET   833 PM MDT
MAY 26 2017...........SUNRISE   525 AM MDT   SUNSET   834 PM MDT


-  INDICATES NEGATIVE NUMBERS.
R  INDICATES RECORD WAS SET OR TIED.
MM INDICATES DATA IS MISSING.
T  INDICATES TRACE AMOUNT.




$$
