000
CDUS43 KUNR 230833
CLIGCC


CLIMATE REPORT
NATIONAL WEATHER SERVICE RAPID CITY SD
232 AM MDT TUE SEP 23 2014


...................................

...THE GILLETTE AIRPORT WY CLIMATE SUMMARY FOR SEPTEMBER 22 2014...

CLIMATE NORMAL PERIOD 1981 TO 2010
CLIMATE RECORD PERIOD 9999 TO 9999


WEATHER ITEM   OBSERVED TIME   NORMAL DEPARTURE LAST
                VALUE   (LST)  VALUE  FROM      YEAR
                                      NORMAL
......................................................
TEMPERATURE (F)
 YESTERDAY
  MAXIMUM         82    107 PM  70     12       82
  MINIMUM         56    657 AM  41     15       53
  AVERAGE         69            55     14       68

PRECIPITATION (IN)
  YESTERDAY        0.03          0.05  -0.02     0.00
  MONTH TO DATE    0.67          0.82  -0.15     1.06
  SINCE SEP 1      0.67          0.82  -0.15     1.06
  SINCE JAN 1     15.93         11.30   4.63    14.49

DEGREE DAYS
 HEATING
  YESTERDAY        0            10    -10        0
  MONTH TO DATE  193           140     53       34
  SINCE SEP 1    193           140     53       34
  SINCE JUL 1    242           197     45       34

 COOLING
  YESTERDAY        4             1      3        3
  MONTH TO DATE   31            40     -9       93
  SINCE SEP 1     31            40     -9       93
  SINCE JAN 1    386           500   -114      615
......................................................


WIND (MPH)
  HIGHEST WIND SPEED    28   HIGHEST WIND DIRECTION     S (170)
  HIGHEST GUST SPEED    34   HIGHEST GUST DIRECTION     S (200)
  AVERAGE WIND SPEED    13.9


SKY COVER
  AVERAGE SKY COVER 0.2


WEATHER CONDITIONS
 THE FOLLOWING WEATHER WAS RECORDED YESTERDAY.
  THUNDERSTORM
  LIGHT RAIN


RELATIVE HUMIDITY (PERCENT)
 HIGHEST    72          1100 PM
 LOWEST     30           100 PM
 AVERAGE    51

..........................................................




SUNRISE AND SUNSET
SEPTEMBER 23 2014.....SUNRISE   650 AM MDT   SUNSET   658 PM MDT
SEPTEMBER 24 2014.....SUNRISE   652 AM MDT   SUNSET   656 PM MDT


-  INDICATES NEGATIVE NUMBERS.
R  INDICATES RECORD WAS SET OR TIED.
MM INDICATES DATA IS MISSING.
T  INDICATES TRACE AMOUNT.




$$
