000
CDUS43 KDDC 232326
CLIGCK


CLIMATE REPORT
NATIONAL WEATHER SERVICE DODGE CITY KS
626 PM CDT SAT JUL 23 2016


...................................

...THE GARDEN CITY REGIONAL ARPT KS CLIMATE SUMMARY FOR JULY 23 2016...
VALID TODAY AS OF 0500 PM LOCAL TIME.

CLIMATE NORMAL PERIOD 1981 TO 2010
CLIMATE RECORD PERIOD 1948 TO 2016


WEATHER ITEM   OBSERVED TIME   RECORD YEAR NORMAL DEPARTURE LAST
                VALUE   (LST)  VALUE       VALUE  FROM      YEAR
                                                  NORMAL
..................................................................
TEMPERATURE (F)
 TODAY
  MAXIMUM         99    359 PM 106    1983  92      7       94
  MINIMUM         69    558 AM  54    1989  65      4       72
  AVERAGE         84                        79      5       83

PRECIPITATION (IN)
  TODAY            0.00          3.41 1979   0.08  -0.08     0.00
  MONTH TO DATE    6.12                      2.07   4.05     4.81
  SINCE JUN 1     11.20                      5.55   5.65     7.36
  SINCE JAN 1     16.66                     12.49   4.17    16.18

DEGREE DAYS
 HEATING
  TODAY            0                         0      0        0
  MONTH TO DATE    0                         0      0        0
  SINCE JUN 1      2                        16    -14        0
  SINCE JUL 1      0                         0      0        0

 COOLING
  TODAY           19                        14      5       18
  MONTH TO DATE  328                       305     23      299
  SINCE JUN 1    674                       557    117      645
  SINCE JAN 1    733                       646     87      675
..................................................................


WIND (MPH)
  HIGHEST WIND SPEED    23   HIGHEST WIND DIRECTION     S (200)
  HIGHEST GUST SPEED    28   HIGHEST GUST DIRECTION     S (200)
  AVERAGE WIND SPEED    11.7



WEATHER CONDITIONS
 THE FOLLOWING WEATHER WAS RECORDED TODAY.
  NO SIGNIFICANT WEATHER WAS OBSERVED.


RELATIVE HUMIDITY (PERCENT)
 HIGHEST    73           400 AM
 LOWEST     29           300 PM
 AVERAGE    51

..........................................................


THE GARDEN CITY REGIONAL ARPT KS CLIMATE NORMALS FOR TOMORROW
                         NORMAL    RECORD    YEAR
 MAXIMUM TEMPERATURE (F)   92       105      1977
 MINIMUM TEMPERATURE (F)   65        57      1991


SUNRISE AND SUNSET
JULY 23 2016..........SUNRISE   639 AM CDT   SUNSET   859 PM CDT
JULY 24 2016..........SUNRISE   640 AM CDT   SUNSET   858 PM CDT


-  INDICATES NEGATIVE NUMBERS.
R  INDICATES RECORD WAS SET OR TIED.
MM INDICATES DATA IS MISSING.
T  INDICATES TRACE AMOUNT.




$$
