000
CDUS43 KDDC 110714
CLIGCK


CLIMATE REPORT
NATIONAL WEATHER SERVICE DODGE CITY KS
111 AM CST SUN DEC 11 2016


...................................

...THE GARDEN CITY REGIONAL ARPT KS CLIMATE SUMMARY FOR DECEMBER 10 2016...

CLIMATE NORMAL PERIOD 1981 TO 2010
CLIMATE RECORD PERIOD 1948 TO 2016


WEATHER ITEM   OBSERVED TIME   RECORD YEAR NORMAL DEPARTURE LAST
                VALUE   (LST)  VALUE       VALUE  FROM      YEAR
                                                  NORMAL
..................................................................
TEMPERATURE (F)
 YESTERDAY
  MAXIMUM         46    439 PM  72    1996  45      1       62
  MINIMUM         15    528 AM -11    1972  19     -4       41
  AVERAGE         31                        32     -1       52

PRECIPITATION (IN)
  YESTERDAY        0.00          0.54 2007   0.02  -0.02     0.00
  MONTH TO DATE    0.03                      0.18  -0.15     0.00
  SINCE DEC 1      0.03                      0.18  -0.15     0.00
  SINCE JAN 1     20.12                     19.13   0.99    24.05

DEGREE DAYS
 HEATING
  YESTERDAY       34                        33      1
  MONTH TO DATE  361                       317     44
  SINCE DEC 1    361                       317     44
  SINCE JUL 1   1049                      1406   -357

 COOLING
  YESTERDAY        0                         0      0
  MONTH TO DATE    0                         0      0
  SINCE DEC 1      0                         0      0
  SINCE JAN 1   1433                      1298    135
..................................................................


WIND (MPH)
  HIGHEST WIND SPEED    20   HIGHEST WIND DIRECTION     S (180)
  HIGHEST GUST SPEED    23   HIGHEST GUST DIRECTION     S (180)
  AVERAGE WIND SPEED    11.2



WEATHER CONDITIONS
 THE FOLLOWING WEATHER WAS RECORDED YESTERDAY.
  NO SIGNIFICANT WEATHER WAS OBSERVED.


RELATIVE HUMIDITY (PERCENT)
 HIGHEST    91           900 AM
 LOWEST     49           400 PM
 AVERAGE    70

..........................................................


THE GARDEN CITY REGIONAL ARPT KS CLIMATE NORMALS FOR TODAY
                         NORMAL    RECORD    YEAR
 MAXIMUM TEMPERATURE (F)   45        69      1996
                                             2004
 MINIMUM TEMPERATURE (F)   19        -8      1961


SUNRISE AND SUNSET
DECEMBER 11 2016......SUNRISE   749 AM CST   SUNSET   524 PM CST
DECEMBER 12 2016......SUNRISE   750 AM CST   SUNSET   524 PM CST


-  INDICATES NEGATIVE NUMBERS.
R  INDICATES RECORD WAS SET OR TIED.
MM INDICATES DATA IS MISSING.
T  INDICATES TRACE AMOUNT.




$$
