000
CDUS43 KDDC 251006
CLIGCK


CLIMATE REPORT
NATIONAL WEATHER SERVICE DODGE CITY KS
405 AM CST SUN JAN 25 2015


...................................

...THE GARDEN CITY REGIONAL ARPT KS CLIMATE SUMMARY FOR JANUARY 24 2015...

CLIMATE NORMAL PERIOD 1981 TO 2010
CLIMATE RECORD PERIOD 1948 TO 2015


WEATHER ITEM   OBSERVED TIME   RECORD YEAR NORMAL DEPARTURE LAST
                VALUE   (LST)  VALUE       VALUE  FROM      YEAR
                                                  NORMAL
..................................................................
TEMPERATURE (F)
 YESTERDAY
  MAXIMUM         60    347 PM  72    1981  44     16       53
  MINIMUM         26    749 AM  -1    1969  18      8        3
  AVERAGE         43                        31     12       28

PRECIPITATION (IN)
  YESTERDAY        T             0.15 1978   0.01  -0.01     0.00
  MONTH TO DATE    0.05                      0.25  -0.20     0.01
  SINCE DEC 1      0.10                      0.77  -0.67     0.02
  SINCE JAN 1      0.05                      0.25  -0.20     0.01

DEGREE DAYS
 HEATING
  YESTERDAY       22                        34    -12
  MONTH TO DATE  847                       816     31
  SINCE DEC 1   1829                      1850    -21
  SINCE JUL 1   2868                      2939    -71

 COOLING
  YESTERDAY        0                         0      0
  MONTH TO DATE    0                         0      0
  SINCE DEC 1      0                         0      0
  SINCE JAN 1      0                         0      0
..................................................................


WIND (MPH)
  HIGHEST WIND SPEED    29   HIGHEST WIND DIRECTION    NW (330)
  HIGHEST GUST SPEED    36   HIGHEST GUST DIRECTION    NW (330)
  AVERAGE WIND SPEED    12.4



WEATHER CONDITIONS
 THE FOLLOWING WEATHER WAS RECORDED YESTERDAY.
  LIGHT RAIN


RELATIVE HUMIDITY (PERCENT)
 HIGHEST    92           300 AM
 LOWEST     25           100 PM
 AVERAGE    59

..........................................................


THE GARDEN CITY REGIONAL ARPT KS CLIMATE NORMALS FOR TODAY
                         NORMAL    RECORD    YEAR
 MAXIMUM TEMPERATURE (F)   45        74      1968
 MINIMUM TEMPERATURE (F)   18        -7      1966


SUNRISE AND SUNSET
JANUARY 25 2015.......SUNRISE   753 AM CST   SUNSET   558 PM CST
JANUARY 26 2015.......SUNRISE   752 AM CST   SUNSET   559 PM CST


-  INDICATES NEGATIVE NUMBERS.
R  INDICATES RECORD WAS SET OR TIED.
MM INDICATES DATA IS MISSING.
T  INDICATES TRACE AMOUNT.




$$
