000
CDUS43 KDDC 241426
CLIGCK


CLIMATE REPORT
NATIONAL WEATHER SERVICE DODGE CITY KS
826 AM CST FRI FEB 24 2017


...................................

...THE GARDEN CITY REGIONAL ARPT KS CLIMATE SUMMARY FOR FEBRUARY 24 2017...
VALID AS OF 0800 AM LOCAL TIME.

CLIMATE NORMAL PERIOD 1981 TO 2010
CLIMATE RECORD PERIOD 1948 TO 2017


WEATHER ITEM   OBSERVED TIME   RECORD YEAR NORMAL DEPARTURE LAST
                VALUE   (LST)  VALUE       VALUE  FROM      YEAR
                                                  NORMAL
..................................................................
TEMPERATURE (F)
 TODAY
  MAXIMUM         30    209 AM  80    1981  51    -21       59
  MINIMUM         26    759 AM  -6    2003  24      2       21
  AVERAGE         28                        37     -9       40

PRECIPITATION (IN)
  TODAY            0.00          0.55 1951   0.02  -0.02     0.00
  MONTH TO DATE    0.01                      0.45  -0.44     0.19
  SINCE DEC 1      1.59                      1.31   0.28     1.32
  SINCE JAN 1      1.29                      0.79   0.50     0.22

..................................................................


WIND (MPH)
  HIGHEST WIND SPEED    31   HIGHEST WIND DIRECTION     N (340)
  HIGHEST GUST SPEED    37   HIGHEST GUST DIRECTION     N (340)



WEATHER CONDITIONS
 THE FOLLOWING WEATHER WAS RECORDED TODAY.
  NO SIGNIFICANT WEATHER WAS OBSERVED.


RELATIVE HUMIDITY (PERCENT)
 HIGHEST    69          1200 AM
 LOWEST     63           100 AM

..........................................................


THE GARDEN CITY REGIONAL ARPT KS CLIMATE NORMALS FOR TOMORROW
                         NORMAL    RECORD    YEAR
 MAXIMUM TEMPERATURE (F)   51        82      1989
 MINIMUM TEMPERATURE (F)   24         0      2003


SUNRISE AND SUNSET
FEBRUARY 24 2017......SUNRISE   721 AM CST   SUNSET   632 PM CST
FEBRUARY 25 2017......SUNRISE   720 AM CST   SUNSET   633 PM CST


-  INDICATES NEGATIVE NUMBERS.
R  INDICATES RECORD WAS SET OR TIED.
MM INDICATES DATA IS MISSING.
T  INDICATES TRACE AMOUNT.




$$
