000
CDUS43 KDDC 270707
CLIGCK


CLIMATE REPORT
NATIONAL WEATHER SERVICE DODGE CITY KS
206 AM CDT SAT AUG 27 2016


...................................

...THE GARDEN CITY REGIONAL ARPT KS CLIMATE SUMMARY FOR AUGUST 26 2016...

CLIMATE NORMAL PERIOD 1981 TO 2010
CLIMATE RECORD PERIOD 1948 TO 2016


WEATHER ITEM   OBSERVED TIME   RECORD YEAR NORMAL DEPARTURE LAST
                VALUE   (LST)  VALUE       VALUE  FROM      YEAR
                                                  NORMAL
..................................................................
TEMPERATURE (F)
 YESTERDAY
  MAXIMUM         80    524 PM 106    2011  89     -9       97
  MINIMUM         61    707 AM  50    2010  62     -1       63
  AVERAGE         71                        75     -4       80

PRECIPITATION (IN)
  YESTERDAY        0.00          2.02 1948   0.06  -0.06     0.00
  MONTH TO DATE    1.59                      2.14  -0.55     1.87
  SINCE JUN 1     14.24                      8.40   5.84    10.95
  SINCE JAN 1     19.70                     15.34   4.36    19.77

DEGREE DAYS
 HEATING
  YESTERDAY        0                         0      0
  MONTH TO DATE    0                         0      0
  SINCE JUN 1      2                        17    -15
  SINCE JUL 1      0                         1     -1

 COOLING
  YESTERDAY        6                        10     -4
  MONTH TO DATE  282                       316    -34
  SINCE JUN 1   1059                       978     81
  SINCE JAN 1   1118                      1067     51
..................................................................


WIND (MPH)
  HIGHEST WIND SPEED    14   HIGHEST WIND DIRECTION    SE (130)
  HIGHEST GUST SPEED    20   HIGHEST GUST DIRECTION     S (190)
  AVERAGE WIND SPEED     7.9



WEATHER CONDITIONS
 THE FOLLOWING WEATHER WAS RECORDED YESTERDAY.
  NO SIGNIFICANT WEATHER WAS OBSERVED.


RELATIVE HUMIDITY (PERCENT)
 HIGHEST    97           300 AM
 LOWEST     51           500 PM
 AVERAGE    74

..........................................................


THE GARDEN CITY REGIONAL ARPT KS CLIMATE NORMALS FOR TODAY
                         NORMAL    RECORD    YEAR
 MAXIMUM TEMPERATURE (F)   88       104      1994
 MINIMUM TEMPERATURE (F)   62        48      1992


SUNRISE AND SUNSET
AUGUST 27 2016........SUNRISE   709 AM CDT   SUNSET   819 PM CDT
AUGUST 28 2016........SUNRISE   710 AM CDT   SUNSET   817 PM CDT


-  INDICATES NEGATIVE NUMBERS.
R  INDICATES RECORD WAS SET OR TIED.
MM INDICATES DATA IS MISSING.
T  INDICATES TRACE AMOUNT.




$$
