000
CDUS43 KDDC 260707
CLIGCK


CLIMATE REPORT
NATIONAL WEATHER SERVICE DODGE CITY KS
206 AM CDT TUE SEP 26 2017


...................................

...THE GARDEN CITY REGIONAL ARPT KS CLIMATE SUMMARY FOR SEPTEMBER 25 2017...

CLIMATE NORMAL PERIOD 1981 TO 2010
CLIMATE RECORD PERIOD 1948 TO 2017


WEATHER ITEM   OBSERVED TIME   RECORD YEAR NORMAL DEPARTURE LAST
                VALUE   (LST)  VALUE       VALUE  FROM      YEAR
                                                  NORMAL
..................................................................
TEMPERATURE (F)
 YESTERDAY
  MAXIMUM         67    221 AM  96    1990  78    -11       76
  MINIMUM         51   1125 PM  32    1961  50      1       43
  AVERAGE         59                        64     -5       60

PRECIPITATION (IN)
  YESTERDAY        1.96R         0.62 1955   0.05   1.91     0.00
  MONTH TO DATE    4.56                      1.26   3.30     0.19
  SINCE SEP 1      4.56                      1.26   3.30     0.19
  SINCE JAN 1     19.38                     16.91   2.47    20.02

DEGREE DAYS
 HEATING
  YESTERDAY        6                         4      2
  MONTH TO DATE   18                        44    -26
  SINCE SEP 1     18                        44    -26
  SINCE JUL 1     18                        48    -30

 COOLING
  YESTERDAY        0                         3     -3
  MONTH TO DATE  199                       150     49
  SINCE SEP 1    199                       150     49
  SINCE JAN 1   1346                      1266     80
..................................................................


WIND (MPH)
  HIGHEST WIND SPEED    22   HIGHEST WIND DIRECTION     N (360)
  HIGHEST GUST SPEED    26   HIGHEST GUST DIRECTION     N (350)
  AVERAGE WIND SPEED    13.8



WEATHER CONDITIONS
 THE FOLLOWING WEATHER WAS RECORDED YESTERDAY.
  THUNDERSTORM
  HEAVY RAIN
  RAIN
  LIGHT RAIN
  FOG


RELATIVE HUMIDITY (PERCENT)
 HIGHEST   100           500 PM
 LOWEST     87           100 AM
 AVERAGE    94

..........................................................


THE GARDEN CITY REGIONAL ARPT KS CLIMATE NORMALS FOR TODAY
                         NORMAL    RECORD    YEAR
 MAXIMUM TEMPERATURE (F)   78        97      2013
 MINIMUM TEMPERATURE (F)   50        33      1985


SUNRISE AND SUNSET
SEPTEMBER 26 2017.....SUNRISE   734 AM CDT   SUNSET   733 PM CDT
SEPTEMBER 27 2017.....SUNRISE   735 AM CDT   SUNSET   732 PM CDT


-  INDICATES NEGATIVE NUMBERS.
R  INDICATES RECORD WAS SET OR TIED.
MM INDICATES DATA IS MISSING.
T  INDICATES TRACE AMOUNT.




$$
