000
CDUS43 KDDC 242331
CLIGCK


CLIMATE REPORT
NATIONAL WEATHER SERVICE DODGE CITY KS
631 PM CDT FRI MAR 24 2017


...................................

...THE GARDEN CITY REGIONAL ARPT KS CLIMATE SUMMARY FOR MARCH 24 2017...
VALID TODAY AS OF 0500 PM LOCAL TIME.

CLIMATE NORMAL PERIOD 1981 TO 2010
CLIMATE RECORD PERIOD 1948 TO 2017


WEATHER ITEM   OBSERVED TIME   RECORD YEAR NORMAL DEPARTURE LAST
                VALUE   (LST)  VALUE       VALUE  FROM      YEAR
                                                  NORMAL
..................................................................
TEMPERATURE (F)
 TODAY
  MAXIMUM         62   1226 PM  83    1967  60      2       55
  MINIMUM         42    658 AM  10    1965  32     10       26
  AVERAGE         52                        46      6       41

PRECIPITATION (IN)
  TODAY            0.00          1.84 1987   0.05  -0.05     0.00
  MONTH TO DATE    0.22                      1.04  -0.82      T
  SINCE MAR 1      0.22                      1.04  -0.82      T
  SINCE JAN 1      1.51                      1.92  -0.41     0.22

DEGREE DAYS
 HEATING
  TODAY           13                        19     -6       24
  MONTH TO DATE  377                       537   -160      403
  SINCE MAR 1    377                       537   -160      403
  SINCE JUL 1   3851                      4561   -710     3816

 COOLING
  TODAY            0                         0      0        0
  MONTH TO DATE    8                         0      8        0
  SINCE MAR 1      8                         0      8        0
  SINCE JAN 1      8                         0      8        1
..................................................................


WIND (MPH)
  HIGHEST WIND SPEED    35   HIGHEST WIND DIRECTION     N (10)
  HIGHEST GUST SPEED    42   HIGHEST GUST DIRECTION     N (360)
  AVERAGE WIND SPEED    17.7



WEATHER CONDITIONS
 THE FOLLOWING WEATHER WAS RECORDED TODAY.
  LIGHT RAIN


RELATIVE HUMIDITY (PERCENT)
 HIGHEST    83           400 PM
 LOWEST     35           100 PM
 AVERAGE    59

..........................................................


THE GARDEN CITY REGIONAL ARPT KS CLIMATE NORMALS FOR TOMORROW
                         NORMAL    RECORD    YEAR
 MAXIMUM TEMPERATURE (F)   61        92      1976
 MINIMUM TEMPERATURE (F)   32         5      1955


SUNRISE AND SUNSET
MARCH 24 2017.........SUNRISE   740 AM CDT   SUNSET   759 PM CDT
MARCH 25 2017.........SUNRISE   738 AM CDT   SUNSET   800 PM CDT


-  INDICATES NEGATIVE NUMBERS.
R  INDICATES RECORD WAS SET OR TIED.
MM INDICATES DATA IS MISSING.
T  INDICATES TRACE AMOUNT.




$$
