000
CDUS43 KDDC 241006
CLIGCK


CLIMATE REPORT
NATIONAL WEATHER SERVICE DODGE CITY KS
406 AM CST MON NOV 24 2014


...................................

...THE GARDEN CITY REGIONAL ARPT KS CLIMATE SUMMARY FOR NOVEMBER 23 2014...

CLIMATE NORMAL PERIOD 1981 TO 2010
CLIMATE RECORD PERIOD 1948 TO 2014


WEATHER ITEM   OBSERVED TIME   RECORD YEAR NORMAL DEPARTURE LAST
                VALUE   (LST)  VALUE       VALUE  FROM      YEAR
                                                  NORMAL
..................................................................
TEMPERATURE (F)
 YESTERDAY
  MAXIMUM         48    203 PM  72    2005  52     -4       31
  MINIMUM         27   1057 PM   7    2003  24      3       24
  AVERAGE         38                        38      0       28

PRECIPITATION (IN)
  YESTERDAY        T             0.08 2001   0.01  -0.01     0.00
  MONTH TO DATE    0.01                      0.43  -0.42     0.96
  SINCE SEP 1      3.74                      3.18   0.56     4.65
  SINCE JAN 1     21.39                     18.83   2.56    14.82

DEGREE DAYS
 HEATING
  YESTERDAY       27                        27      0
  MONTH TO DATE  611                       500    111
  SINCE SEP 1    890                       886      4
  SINCE JUL 1    900                       890     10

 COOLING
  YESTERDAY        0                         0      0
  MONTH TO DATE    0                         0      0
  SINCE SEP 1    182                       182      0
  SINCE JAN 1   1342                      1298     44
..................................................................


WIND (MPH)
  HIGHEST WIND SPEED    46   HIGHEST WIND DIRECTION     N (10)
  HIGHEST GUST SPEED    57   HIGHEST GUST DIRECTION     N (360)
  AVERAGE WIND SPEED    20.5



WEATHER CONDITIONS
 THE FOLLOWING WEATHER WAS RECORDED YESTERDAY.
  LIGHT RAIN
  FOG


RELATIVE HUMIDITY (PERCENT)
 HIGHEST   100          1200 AM
 LOWEST     25           500 PM
 AVERAGE    63

..........................................................


THE GARDEN CITY REGIONAL ARPT KS CLIMATE NORMALS FOR TODAY
                         NORMAL    RECORD    YEAR
 MAXIMUM TEMPERATURE (F)   51        81      1990
 MINIMUM TEMPERATURE (F)   24         2      1982


SUNRISE AND SUNSET
NOVEMBER 24 2014......SUNRISE   733 AM CST   SUNSET   526 PM CST
NOVEMBER 25 2014......SUNRISE   734 AM CST   SUNSET   526 PM CST


-  INDICATES NEGATIVE NUMBERS.
R  INDICATES RECORD WAS SET OR TIED.
MM INDICATES DATA IS MISSING.
T  INDICATES TRACE AMOUNT.




$$
