000
CDUS43 KDDC 182326
CLIGCK


CLIMATE REPORT
NATIONAL WEATHER SERVICE DODGE CITY KS
525 PM CST WED JAN 18 2017


...................................

...THE GARDEN CITY REGIONAL ARPT KS CLIMATE SUMMARY FOR JANUARY 18 2017...
VALID TODAY AS OF 0500 PM LOCAL TIME.

CLIMATE NORMAL PERIOD 1981 TO 2010
CLIMATE RECORD PERIOD 1948 TO 2017


WEATHER ITEM   OBSERVED TIME   RECORD YEAR NORMAL DEPARTURE LAST
                VALUE   (LST)  VALUE       VALUE  FROM      YEAR
                                                  NORMAL
..................................................................
TEMPERATURE (F)
 TODAY
  MAXIMUM         54    356 PM  70    1976  44     10       37
  MINIMUM         29    417 AM  -3    1963  18     11       18
  AVERAGE         42                        31     11       28

PRECIPITATION (IN)
  TODAY            0.00          0.29 1979   0.01  -0.01     0.00
  MONTH TO DATE    1.14                      0.19   0.95     0.03
  SINCE DEC 1      1.44                      0.71   0.73     1.13
  SINCE JAN 1      1.14                      0.19   0.95     0.03

DEGREE DAYS
 HEATING
  TODAY           23                        34    -11       37
  MONTH TO DATE  674                       612     62      609
  SINCE DEC 1   1815                      1646    169     1511
  SINCE JUL 1   2503                      2735   -232     2348

 COOLING
  TODAY            0                         0      0        0
  MONTH TO DATE    0                         0      0        0
  SINCE DEC 1      0                         0      0        0
  SINCE JAN 1      0                         0      0        0
..................................................................


WIND (MPH)
  HIGHEST WIND SPEED    24   HIGHEST WIND DIRECTION     S (190)
  HIGHEST GUST SPEED    31   HIGHEST GUST DIRECTION     S (180)
  AVERAGE WIND SPEED    11.3



WEATHER CONDITIONS
 THE FOLLOWING WEATHER WAS RECORDED TODAY.
  NO SIGNIFICANT WEATHER WAS OBSERVED.


RELATIVE HUMIDITY (PERCENT)
 HIGHEST    96           900 AM
 LOWEST     63           500 PM
 AVERAGE    80

..........................................................


THE GARDEN CITY REGIONAL ARPT KS CLIMATE NORMALS FOR TOMORROW
                         NORMAL    RECORD    YEAR
 MAXIMUM TEMPERATURE (F)   44        77      1986
 MINIMUM TEMPERATURE (F)   18       -10      1978


SUNRISE AND SUNSET
JANUARY 18 2017.......SUNRISE   756 AM CST   SUNSET   551 PM CST
JANUARY 19 2017.......SUNRISE   756 AM CST   SUNSET   552 PM CST


-  INDICATES NEGATIVE NUMBERS.
R  INDICATES RECORD WAS SET OR TIED.
MM INDICATES DATA IS MISSING.
T  INDICATES TRACE AMOUNT.




$$
