170
CDUS41 KPHI 310645
CLIGED


CLIMATE REPORT
NATIONAL WEATHER SERVICE MOUNT HOLLY NJ
245 AM EDT TUE MAY 31 2016


...................................

...THE GEORGETOWN DE CLIMATE SUMMARY FOR MAY 30 2016...

CLIMATE NORMAL PERIOD 1981 TO 2010
CLIMATE RECORD PERIOD 1948 TO 2016


WEATHER ITEM   OBSERVED TIME   RECORD YEAR NORMAL DEPARTURE LAST
                VALUE   (LST)  VALUE       VALUE  FROM      YEAR
                                                  NORMAL
..................................................................
TEMPERATURE (F)
 YESTERDAY
  MAXIMUM         75   1133 AM  95    2011  78     -3       88
  MINIMUM         66   1157 PM  40    1949  58      8       66
  AVERAGE         71                        68      3       77

PRECIPITATION (IN)
  YESTERDAY        1.43          2.04 1984   0.13   1.30     0.00
  MONTH TO DATE    6.40                      3.42   2.98     1.19
  SINCE MAR 1     11.76                     11.10   0.66     7.91
  SINCE JAN 1     18.23                     16.81   1.42    14.74

SNOWFALL (IN)
  YESTERDAY       MM            MM      MM  MM     MM       MM
  MONTH TO DATE   MM                        MM     MM       MM
  SINCE MAR 1     MM                        MM     MM       MM
  SINCE JUL 1     MM                        MM     MM       MM
  SNOW DEPTH      MM

DEGREE DAYS
 HEATING
  YESTERDAY        0                         2     -2        0
  MONTH TO DATE  159                       133     26       63
  SINCE MAR 1    981                      1113   -132     1128
  SINCE JUL 1   3659                      4393   -734     4616

 COOLING
  YESTERDAY        6                         4      2       12
  MONTH TO DATE   59                        70    -11      156
  SINCE MAR 1     80                        90    -10      161
  SINCE JAN 1     80                        90    -10      161
..................................................................


WIND (MPH)
  HIGHEST WIND SPEED    13   HIGHEST WIND DIRECTION     S (190)
  HIGHEST GUST SPEED    16   HIGHEST GUST DIRECTION     S (190)
  AVERAGE WIND SPEED     5.4


SKY COVER
  POSSIBLE SUNSHINE  MM
  AVERAGE SKY COVER 0.8


WEATHER CONDITIONS
 THE FOLLOWING WEATHER WAS RECORDED YESTERDAY.
  HEAVY RAIN
  RAIN
  LIGHT RAIN
  FOG
  FOG W/VISIBILITY <= 1/4 MILE


RELATIVE HUMIDITY (PERCENT)
 HIGHEST   100          1200 PM
 LOWEST     87          1100 AM
 AVERAGE    94

..........................................................


THE GEORGETOWN DE CLIMATE NORMALS FOR TODAY
                         NORMAL    RECORD    YEAR
 MAXIMUM TEMPERATURE (F)   78        96      1991
 MINIMUM TEMPERATURE (F)   58        41      1961


SUNRISE AND SUNSET
MAY 31 2016...........SUNRISE   539 AM EDT   SUNSET   820 PM EDT
JUNE  1 2016..........SUNRISE   538 AM EDT   SUNSET   821 PM EDT


-  INDICATES NEGATIVE NUMBERS.
R  INDICATES RECORD WAS SET OR TIED.
MM INDICATES DATA IS MISSING.
T  INDICATES TRACE AMOUNT.




$$
