000
CDUS41 KPHI 180550
CLIGED


CLIMATE REPORT
NATIONAL WEATHER SERVICE MOUNT HOLLY NJ
149 AM EDT FRI AUG 18 2017


...................................

...THE GEORGETOWN DE CLIMATE SUMMARY FOR AUGUST 17 2017...

CLIMATE NORMAL PERIOD 1981 TO 2010
CLIMATE RECORD PERIOD 1948 TO 2017


WEATHER ITEM   OBSERVED TIME   RECORD YEAR NORMAL DEPARTURE LAST
                VALUE   (LST)  VALUE       VALUE  FROM      YEAR
                                                  NORMAL
..................................................................
TEMPERATURE (F)
 YESTERDAY
  MAXIMUM         87    315 PM  98    1982  85      2       91
  MINIMUM         70    340 AM  48    1979  67      3       72
  AVERAGE         79                        76      3       82

PRECIPITATION (IN)
  YESTERDAY        0.00          2.09 1975   0.11  -0.11     0.54
  MONTH TO DATE    4.63                      1.76   2.87     3.04
  SINCE JUN 1     15.05                     10.56   4.49    10.29
  SINCE JAN 1     31.23                     27.50   3.73    28.52

DEGREE DAYS
 HEATING
  YESTERDAY        0                         0      0        0
  MONTH TO DATE    0                         0      0        0
  SINCE JUN 1     12                        13     -1        1
  SINCE JUL 1      0                         0      0        0

 COOLING
  YESTERDAY       14                        11      3       17
  MONTH TO DATE  187                       195     -8      260
  SINCE JUN 1    954                       801    153      955
  SINCE JAN 1   1100                       895    205     1045
..................................................................


WIND (MPH)
  HIGHEST WIND SPEED    14   HIGHEST WIND DIRECTION     S (190)
  HIGHEST GUST SPEED    18   HIGHEST GUST DIRECTION     S (200)
  AVERAGE WIND SPEED     6.1


SKY COVER
  POSSIBLE SUNSHINE  MM
  AVERAGE SKY COVER 0.6


WEATHER CONDITIONS
 THE FOLLOWING WEATHER WAS RECORDED YESTERDAY.
  FOG
  FOG W/VISIBILITY <= 1/4 MILE


RELATIVE HUMIDITY (PERCENT)
 HIGHEST   100           600 AM
 LOWEST     59           200 PM
 AVERAGE    80

..........................................................


THE GEORGETOWN DE CLIMATE NORMALS FOR TODAY
                         NORMAL    RECORD    YEAR
 MAXIMUM TEMPERATURE (F)   85        97      2002
 MINIMUM TEMPERATURE (F)   67        49      1981


SUNRISE AND SUNSET
AUGUST 18 2017........SUNRISE   618 AM EDT   SUNSET   751 PM EDT
AUGUST 19 2017........SUNRISE   619 AM EDT   SUNSET   750 PM EDT


-  INDICATES NEGATIVE NUMBERS.
R  INDICATES RECORD WAS SET OR TIED.
MM INDICATES DATA IS MISSING.
T  INDICATES TRACE AMOUNT.




$$
