000
CDUS41 KPHI 060627
CLIGED


CLIMATE REPORT
NATIONAL WEATHER SERVICE MOUNT HOLLY NJ
227 AM EDT FRI MAY 6 2016


...................................

...THE GEORGETOWN DE CLIMATE SUMMARY FOR MAY 5 2016...

CLIMATE NORMAL PERIOD 1981 TO 2010
CLIMATE RECORD PERIOD 1948 TO 2016


WEATHER ITEM   OBSERVED TIME   RECORD YEAR NORMAL DEPARTURE LAST
                VALUE   (LST)  VALUE       VALUE  FROM      YEAR
                                                  NORMAL
..................................................................
TEMPERATURE (F)
 YESTERDAY
  MAXIMUM         53    407 PM  90    1955  70    -17       85
  MINIMUM         49    857 AM  32    1966  49      0       62
  AVERAGE         51                        60     -9       74

PRECIPITATION (IN)
  YESTERDAY        0.00          1.79 1978   0.09  -0.09     0.00
  MONTH TO DATE    2.13                      0.44   1.69     0.24
  SINCE MAR 1      7.49                      8.12  -0.63     6.96
  SINCE JAN 1     13.96                     13.83   0.13    13.79

SNOWFALL (IN)
  YESTERDAY       MM            MM      MM  MM     MM       MM
  MONTH TO DATE   MM                        MM     MM       MM
  SINCE MAR 1     MM                        MM     MM       MM
  SINCE JUL 1     MM                        MM     MM       MM
  SNOW DEPTH      MM

DEGREE DAYS
 HEATING
  YESTERDAY       14                         7      7        0
  MONTH TO DATE   47                        36     11       27
  SINCE MAR 1    869                      1016   -147     1092
  SINCE JUL 1   3547                      4296   -749     4580

 COOLING
  YESTERDAY        0                         1     -1        9
  MONTH TO DATE    0                         5     -5       11
  SINCE MAR 1     21                        25     -4       16
  SINCE JAN 1     21                        25     -4       16
..................................................................


WIND (MPH)
  HIGHEST WIND SPEED    17   HIGHEST WIND DIRECTION    NE (50)
  HIGHEST GUST SPEED    21   HIGHEST GUST DIRECTION    NE (50)
  AVERAGE WIND SPEED    10.0


SKY COVER
  POSSIBLE SUNSHINE  MM
  AVERAGE SKY COVER 1.0


WEATHER CONDITIONS
 THE FOLLOWING WEATHER WAS RECORDED YESTERDAY.
  FOG
  HAZE


RELATIVE HUMIDITY (PERCENT)
 HIGHEST    93           100 AM
 LOWEST     80          1000 AM
 AVERAGE    87

..........................................................


THE GEORGETOWN DE CLIMATE NORMALS FOR TODAY
                         NORMAL    RECORD    YEAR
 MAXIMUM TEMPERATURE (F)   71        91      1950
 MINIMUM TEMPERATURE (F)   49        35      1954


SUNRISE AND SUNSET
MAY  6 2016...........SUNRISE   558 AM EDT   SUNSET   759 PM EDT
MAY  7 2016...........SUNRISE   557 AM EDT   SUNSET   800 PM EDT


-  INDICATES NEGATIVE NUMBERS.
R  INDICATES RECORD WAS SET OR TIED.
MM INDICATES DATA IS MISSING.
T  INDICATES TRACE AMOUNT.




$$
