000
CDUS41 KPHI 290629
CLIGED


CLIMATE REPORT
NATIONAL WEATHER SERVICE MOUNT HOLLY NJ
227 AM EDT THU SEP 29 2016


...................................

...THE GEORGETOWN DE CLIMATE SUMMARY FOR SEPTEMBER 28 2016...

CLIMATE NORMAL PERIOD 1981 TO 2010
CLIMATE RECORD PERIOD 1948 TO 2016


WEATHER ITEM   OBSERVED TIME   RECORD YEAR NORMAL DEPARTURE LAST
                VALUE   (LST)  VALUE       VALUE  FROM      YEAR
                                                  NORMAL
..................................................................
TEMPERATURE (F)
 YESTERDAY
  MAXIMUM         73    909 AM  88    1970  74     -1       83
  MINIMUM         63    110 AM  34    1957  54      9       66
  AVERAGE         68                        64      4       75

PRECIPITATION (IN)
  YESTERDAY        1.44R         1.02 1958   0.14   1.30     0.00
  MONTH TO DATE    5.08                      3.88   1.20     1.37
  SINCE SEP 1      5.08                      3.88   1.20     1.37
  SINCE JAN 1     34.44                     33.15   1.29    26.57

SNOWFALL (IN)
  YESTERDAY       MM            MM      MM  MM     MM       MM
  MONTH TO DATE   MM                        MM     MM       MM
  SINCE SEP 1     MM                        MM     MM       MM
  SINCE JUL 1     MM                        MM     MM       MM
  SNOW DEPTH      MM

DEGREE DAYS
 HEATING
  YESTERDAY        0                         3     -3        0
  MONTH TO DATE    7                        30    -23        1
  SINCE SEP 1      7                        30    -23        1
  SINCE JUL 1      7                        31    -24        1

 COOLING
  YESTERDAY        3                         2      1       10
  MONTH TO DATE  228                       138     90      210
  SINCE SEP 1    228                       138     90      210
  SINCE JAN 1   1442                      1167    275     1379
..................................................................


WIND (MPH)
  HIGHEST WIND SPEED    20   HIGHEST WIND DIRECTION    NE (60)
  HIGHEST GUST SPEED    29   HIGHEST GUST DIRECTION    NE (60)
  AVERAGE WIND SPEED     9.3


SKY COVER
  POSSIBLE SUNSHINE  MM
  AVERAGE SKY COVER 0.9


WEATHER CONDITIONS
 THE FOLLOWING WEATHER WAS RECORDED YESTERDAY.
  THUNDERSTORM
  HEAVY RAIN
  RAIN
  LIGHT RAIN
  FOG


RELATIVE HUMIDITY (PERCENT)
 HIGHEST   100           200 AM
 LOWEST     73           900 AM
 AVERAGE    87

..........................................................


THE GEORGETOWN DE CLIMATE NORMALS FOR TODAY
                         NORMAL    RECORD    YEAR
 MAXIMUM TEMPERATURE (F)   74        90      1954
 MINIMUM TEMPERATURE (F)   54        37      1978


SUNRISE AND SUNSET
SEPTEMBER 29 2016.....SUNRISE   656 AM EDT   SUNSET   647 PM EDT
SEPTEMBER 30 2016.....SUNRISE   657 AM EDT   SUNSET   645 PM EDT


-  INDICATES NEGATIVE NUMBERS.
R  INDICATES RECORD WAS SET OR TIED.
MM INDICATES DATA IS MISSING.
T  INDICATES TRACE AMOUNT.




$$
