000
CDUS41 KPHI 102133
CLIGED


CLIMATE REPORT
NATIONAL WEATHER SERVICE MOUNT HOLLY NJ
432 PM EST SUN DEC 10 2017


...................................

...THE GEORGETOWN DE CLIMATE SUMMARY FOR DECEMBER 10 2017...
VALID TODAY AS OF 0400 PM LOCAL TIME.

CLIMATE NORMAL PERIOD 1981 TO 2010
CLIMATE RECORD PERIOD 1948 TO 2017


WEATHER ITEM   OBSERVED TIME   RECORD YEAR NORMAL DEPARTURE LAST
                VALUE   (LST)  VALUE       VALUE  FROM      YEAR
                                                  NORMAL
..................................................................
TEMPERATURE (F)
 TODAY
  MAXIMUM         40    212 PM  75    1966  50    -10       39
  MINIMUM         27    729 AM  13    1968  32     -5       24
  AVERAGE         34                        41     -7       32

PRECIPITATION (IN)
  TODAY            0.00          1.18 1978   0.11  -0.11     0.00
  MONTH TO DATE    0.82                      1.16  -0.34     1.54
  SINCE DEC 1      0.82                      1.16  -0.34     1.54
  SINCE JAN 1     42.55                     41.64   0.91    46.81

DEGREE DAYS
 HEATING
  TODAY           31                        24      7       33
  MONTH TO DATE  223                       228     -5      227
  SINCE DEC 1    223                       228     -5      227
  SINCE JUL 1    840                      1012   -172      861

 COOLING
  TODAY            0                         0      0        0
  MONTH TO DATE    0                         0      0        0
  SINCE DEC 1      0                         0      0        0
  SINCE JAN 1   1517                      1196    321     1506
..................................................................


WIND (MPH)
  HIGHEST WIND SPEED    14   HIGHEST WIND DIRECTION     W (290)
  HIGHEST GUST SPEED    21   HIGHEST GUST DIRECTION     W (270)
  AVERAGE WIND SPEED     6.2


SKY COVER
  POSSIBLE SUNSHINE  MM
  AVERAGE SKY COVER 0.2


WEATHER CONDITIONS
 THE FOLLOWING WEATHER WAS RECORDED TODAY.
  FOG


RELATIVE HUMIDITY (PERCENT)
 HIGHEST    92          1200 AM
 LOWEST     54           100 PM
 AVERAGE    73

..........................................................


THE GEORGETOWN DE CLIMATE NORMALS FOR TOMORROW
                         NORMAL    RECORD    YEAR
 MAXIMUM TEMPERATURE (F)   49        66      2008
 MINIMUM TEMPERATURE (F)   31         8      1968


SUNRISE AND SUNSET
DECEMBER 10 2017......SUNRISE   709 AM EST   SUNSET   440 PM EST
DECEMBER 11 2017......SUNRISE   709 AM EST   SUNSET   440 PM EST


-  INDICATES NEGATIVE NUMBERS.
R  INDICATES RECORD WAS SET OR TIED.
MM INDICATES DATA IS MISSING.
T  INDICATES TRACE AMOUNT.




$$
