000
CDUS46 KOTX 290428
CLIGEG


CLIMATE REPORT
NATIONAL WEATHER SERVICE SPOKANE, WA
928 PM PDT FRI APR 28 2017


...................................

...THE SPOKANE WA AIRPORT CLIMATE SUMMARY FOR APRIL 28 2017...
VALID TODAY AS OF 0800 PM LOCAL TIME.

CLIMATE NORMAL PERIOD 1981 TO 2010
CLIMATE RECORD PERIOD 1881 TO 2017


WEATHER ITEM   OBSERVED TIME   RECORD YEAR NORMAL DEPARTURE LAST
                VALUE   (LST)  VALUE       VALUE  FROM      YEAR
                                                  NORMAL
..................................................................
TEMPERATURE (F)
 TODAY
  MAXIMUM         57    507 PM  88    1926  61     -4       66
  MINIMUM         36    532 AM  24    1907  39     -3       45
  AVERAGE         47                        50     -3       56

PRECIPITATION (IN)
  TODAY            T             0.53 1937   0.04  -0.04     0.01
  MONTH TO DATE    1.60                      1.21   0.39     0.25
  SINCE OCT 1     21.24                     11.72   9.52    13.37
  SINCE JAN 1     11.95                      5.94   6.01     7.01

DEGREE DAYS
 HEATING
  TODAY           18                        15      3        9
  MONTH TO DATE  526                       511     15      283
  SINCE MAR 1   1267                      1278    -11      966
  SINCE JUL 1   6260                      6107    153     5255

 COOLING
  TODAY            0                         0      0        0
  MONTH TO DATE    0                         0      0        6
  SINCE MAR 1      0                         0      0        6
  SINCE JAN 1      0                         0      0        6
..................................................................


WIND (MPH)
  HIGHEST WIND SPEED    25   HIGHEST WIND DIRECTION     W (270)
  HIGHEST GUST SPEED    30   HIGHEST GUST DIRECTION     W (280)
  AVERAGE WIND SPEED     5.9


SKY COVER
  POSSIBLE SUNSHINE  MM
  AVERAGE SKY COVER 0.6


WEATHER CONDITIONS
 THE FOLLOWING WEATHER WAS RECORDED TODAY.
  THUNDERSTORM
  LIGHT RAIN


RELATIVE HUMIDITY (PERCENT)
 HIGHEST    82           400 AM
 LOWEST     41           300 PM
 AVERAGE    62

..........................................................


THE SPOKANE WA AIRPORT CLIMATE NORMALS FOR TOMORROW
                         NORMAL    RECORD    YEAR
 MAXIMUM TEMPERATURE (F)   61        90      1926
 MINIMUM TEMPERATURE (F)   39        25      1954


SUNRISE AND SUNSET
APRIL 28 2017.........SUNRISE   537 AM PDT   SUNSET   759 PM PDT
APRIL 29 2017.........SUNRISE   536 AM PDT   SUNSET   800 PM PDT


-  INDICATES NEGATIVE NUMBERS.
R  INDICATES RECORD WAS SET OR TIED.
MM INDICATES DATA IS MISSING.
T  INDICATES TRACE AMOUNT.




$$
