000
CDUS46 KOTX 120828
CLIGEG


CLIMATE REPORT
NATIONAL WEATHER SERVICE SPOKANE, WA
1228 AM PST FRI FEB 12 2016


...................................

...THE SPOKANE WA AIRPORT CLIMATE SUMMARY FOR FEBRUARY 11 2016...

CLIMATE NORMAL PERIOD 1981 TO 2010
CLIMATE RECORD PERIOD 1881 TO 2016


WEATHER ITEM   OBSERVED TIME   RECORD YEAR NORMAL DEPARTURE LAST
                VALUE   (LST)  VALUE       VALUE  FROM      YEAR
                                                  NORMAL
..................................................................
TEMPERATURE (F)
 YESTERDAY
  MAXIMUM         43    327 PM  53    1992  39      4       49
                                      1924
  MINIMUM         31    746 AM -14    1884  26      5       38
  AVERAGE         37                        32      5       44

PRECIPITATION (IN)
  YESTERDAY        0.06          0.60 1897   0.05   0.01     0.00
  MONTH TO DATE    0.20                      0.52  -0.32     1.04
  SINCE OCT 1      9.30                      8.09   1.21     7.68
  SINCE JAN 1      2.94                      2.31   0.63     2.95

SNOWFALL (IN)
  YESTERDAY        0.0           5.5  1897   0.3   -0.3      0.0
  MONTH TO DATE    1.3                       3.0   -1.7      1.1
  SINCE DEC 1     32.1                      29.0    3.1     15.2
  SINCE JUL 1     33.6                      36.5   -2.9     15.7
  SNOW DEPTH       0

DEGREE DAYS
 HEATING
  YESTERDAY       28                        33     -5       21
  MONTH TO DATE  336                       365    -29      247
  SINCE DEC 1   2438                      2631   -193     2287
  SINCE JUL 1   3872                      4298   -426     3656

 COOLING
  YESTERDAY        0                         0      0        0
  MONTH TO DATE    0                         0      0        0
  SINCE DEC 1      0                         0      0        0
  SINCE JAN 1      0                         0      0        0
..................................................................


WIND (MPH)
  HIGHEST WIND SPEED    13   HIGHEST WIND DIRECTION    NE (50)
  HIGHEST GUST SPEED    14   HIGHEST GUST DIRECTION    NE (50)
  AVERAGE WIND SPEED     5.4


SKY COVER
  POSSIBLE SUNSHINE  MM
  AVERAGE SKY COVER 1.0


WEATHER CONDITIONS
 THE FOLLOWING WEATHER WAS RECORDED YESTERDAY.
  LIGHT RAIN
  FOG
  FOG W/VISIBILITY <= 1/4 MILE
  HAZE


RELATIVE HUMIDITY (PERCENT)
 HIGHEST   100           100 AM
 LOWEST     82           200 PM
 AVERAGE    91

..........................................................


THE SPOKANE WA AIRPORT CLIMATE NORMALS FOR TODAY
                         NORMAL    RECORD    YEAR
 MAXIMUM TEMPERATURE (F)   39        58      2015
                                             1924
 MINIMUM TEMPERATURE (F)   26       -18      1884


SUNRISE AND SUNSET
FEBRUARY 12 2016......SUNRISE   701 AM PST   SUNSET   508 PM PST
FEBRUARY 13 2016......SUNRISE   700 AM PST   SUNSET   510 PM PST


-  INDICATES NEGATIVE NUMBERS.
R  INDICATES RECORD WAS SET OR TIED.
MM INDICATES DATA IS MISSING.
T  INDICATES TRACE AMOUNT.




$$
