000
CDUS46 KOTX 210045
CLIGEG


CLIMATE REPORT
NATIONAL WEATHER SERVICE SPOKANE, WA
445 PM PST FRI JAN 20 2017


...................................

...THE SPOKANE WA AIRPORT CLIMATE SUMMARY FOR JANUARY 20 2017...
VALID AS OF 0400 PM LOCAL TIME.

CLIMATE NORMAL PERIOD 1981 TO 2010
CLIMATE RECORD PERIOD 1881 TO 2017


WEATHER ITEM   OBSERVED TIME   RECORD YEAR NORMAL DEPARTURE LAST
                VALUE   (LST)  VALUE       VALUE  FROM      YEAR
                                                  NORMAL
..................................................................
TEMPERATURE (F)
 TODAY
  MAXIMUM         43    314 PM  48    2010  35      8       41
                                      2005
                                      1899
  MINIMUM         26    634 AM -19    1937  26      0       31
  AVERAGE         35                        30      5       36

PRECIPITATION (IN)
  TODAY            T             0.59 1896   0.05  -0.05     0.02
  MONTH TO DATE    1.60                      1.23   0.37     1.58
  SINCE OCT 1     10.89                      7.01   3.88     7.94
  SINCE JAN 1      1.60                      1.23   0.37     1.58

SNOWFALL (IN)
  TODAY            T             5.0  1996   0.2   -0.2      0.3
  MONTH TO DATE   12.3                       8.3    4.0      5.7
  SINCE DEC 1     31.3                      22.9    8.4     29.8
  SINCE JUL 1     34.6                      30.4    4.2     31.3
  SNOW DEPTH       6

DEGREE DAYS
 HEATING
  TODAY           30                        35     -5       29
  MONTH TO DATE  975                       724    251      723
  SINCE DEC 1   2264                      1891    373     1777
  SINCE JUL 1   3597                      3558     39     3211

 COOLING
  TODAY            0                         0      0        0
  MONTH TO DATE    0                         0      0        0
  SINCE DEC 1      0                         0      0        0
  SINCE JAN 1      0                         0      0        0
..................................................................


WIND (MPH)
  HIGHEST WIND SPEED    12   HIGHEST WIND DIRECTION    NE (50)
  HIGHEST GUST SPEED    15   HIGHEST GUST DIRECTION    NE (60)
  AVERAGE WIND SPEED     5.7


SKY COVER
  POSSIBLE SUNSHINE  MM
  AVERAGE SKY COVER 0.6


WEATHER CONDITIONS
 THE FOLLOWING WEATHER WAS RECORDED TODAY.
  LT FREEZING RAIN
  SNOW
  FOG


RELATIVE HUMIDITY (PERCENT)
 HIGHEST   100           200 AM
 LOWEST     62           200 PM
 AVERAGE    81

..........................................................


THE SPOKANE WA AIRPORT CLIMATE NORMALS FOR TOMORROW
                         NORMAL    RECORD    YEAR
 MAXIMUM TEMPERATURE (F)   35        49      1909
 MINIMUM TEMPERATURE (F)   26       -13      1962


SUNRISE AND SUNSET
JANUARY 20 2017.......SUNRISE   730 AM PST   SUNSET   433 PM PST
JANUARY 21 2017.......SUNRISE   729 AM PST   SUNSET   435 PM PST


-  INDICATES NEGATIVE NUMBERS.
R  INDICATES RECORD WAS SET OR TIED.
MM INDICATES DATA IS MISSING.
T  INDICATES TRACE AMOUNT.




$$
