000
CDUS46 KOTX 280430
CLIGEG


CLIMATE REPORT
NATIONAL WEATHER SERVICE SPOKANE, WA
930 PM PDT FRI MAY 27 2016


...................................

...THE SPOKANE WA AIRPORT CLIMATE SUMMARY FOR MAY 27 2016...
VALID TODAY AS OF 0800 PM LOCAL TIME.

CLIMATE NORMAL PERIOD 1981 TO 2010
CLIMATE RECORD PERIOD 1881 TO 2016


WEATHER ITEM   OBSERVED TIME   RECORD YEAR NORMAL DEPARTURE LAST
                VALUE   (LST)  VALUE       VALUE  FROM      YEAR
                                                  NORMAL
..................................................................
TEMPERATURE (F)
 TODAY
  MAXIMUM         62    200 PM  92    1958  69     -7       75
                                      1934
  MINIMUM         44    455 AM  34    1955  47     -3       48
  AVERAGE         53                        58     -5       62

PRECIPITATION (IN)
  TODAY            T             0.98 2010   0.06  -0.06     0.00
  MONTH TO DATE    0.78                      1.37  -0.59     0.85
  SINCE OCT 1     14.22                     13.16   1.06    11.49
  SINCE JAN 1      7.86                      7.38   0.48     6.76

DEGREE DAYS
 HEATING
  TODAY           12                         8      4        3
  MONTH TO DATE  171                       292   -121      157
  SINCE MAR 1   1162                      1599   -437     1273
  SINCE JUL 1   5451                      6428   -977     5395

 COOLING
  TODAY            0                         1     -1        0
  MONTH TO DATE    6                         6      0       15
  SINCE MAR 1     12                         6      6       15
  SINCE JAN 1     12                         6      6       15
..................................................................


WIND (MPH)
  HIGHEST WIND SPEED    26   HIGHEST WIND DIRECTION    SW (240)
  HIGHEST GUST SPEED    39   HIGHEST GUST DIRECTION    SW (240)
  AVERAGE WIND SPEED    16.2


SKY COVER
  POSSIBLE SUNSHINE  MM
  AVERAGE SKY COVER 0.7


WEATHER CONDITIONS
 THE FOLLOWING WEATHER WAS RECORDED TODAY.
  LIGHT RAIN


RELATIVE HUMIDITY (PERCENT)
 HIGHEST    76           400 AM
 LOWEST     25           200 PM
 AVERAGE    51

..........................................................


THE SPOKANE WA AIRPORT CLIMATE NORMALS FOR TOMORROW
                         NORMAL    RECORD    YEAR
 MAXIMUM TEMPERATURE (F)   70        96      1934
 MINIMUM TEMPERATURE (F)   47        34      1950


SUNRISE AND SUNSET
MAY 27 2016...........SUNRISE   500 AM PDT   SUNSET   836 PM PDT
MAY 28 2016...........SUNRISE   459 AM PDT   SUNSET   837 PM PDT


-  INDICATES NEGATIVE NUMBERS.
R  INDICATES RECORD WAS SET OR TIED.
MM INDICATES DATA IS MISSING.
T  INDICATES TRACE AMOUNT.




$$
