000
CDUS46 KOTX 220850
CLIGEG


CLIMATE REPORT
NATIONAL WEATHER SERVICE SPOKANE, WA
149 AM PDT WED MAR 22 2017


...................................

...THE SPOKANE WA AIRPORT CLIMATE SUMMARY FOR MARCH 21 2017...

CLIMATE NORMAL PERIOD 1981 TO 2010
CLIMATE RECORD PERIOD 1881 TO 2017


WEATHER ITEM   OBSERVED TIME   RECORD YEAR NORMAL DEPARTURE LAST
                VALUE   (LST)  VALUE       VALUE  FROM      YEAR
                                                  NORMAL
..................................................................
TEMPERATURE (F)
 YESTERDAY
  MAXIMUM         50    352 PM  71    1915  51     -1       56
  MINIMUM         40    710 AM  13    1913  33      7       41
  AVERAGE         45                        42      3       49

PRECIPITATION (IN)
  YESTERDAY        0.46          0.49 2011   0.05   0.41     0.03
  MONTH TO DATE    3.02                      1.10   1.92     2.17
  SINCE OCT 1     18.55                     10.00   8.55    11.99
  SINCE JAN 1      9.26                      4.22   5.04     5.63

SNOWFALL (IN)
  YESTERDAY        0.0           3.9  1966   0.1   -0.1      0.0
  MONTH TO DATE    5.4                       2.5    2.9       T
  SINCE MAR 1      5.4                       2.5    2.9       T
  SINCE JUL 1     61.0                      42.8   18.2     33.6
  SNOW DEPTH       0

DEGREE DAYS
 HEATING
  YESTERDAY       20                        23     -3       16
  MONTH TO DATE  522                       548    -26      471
  SINCE MAR 1    522                       548    -26      471
  SINCE JUL 1   5515                      5377    138     4760

 COOLING
  YESTERDAY        0                         0      0        0
  MONTH TO DATE    0                         0      0        0
  SINCE MAR 1      0                         0      0        0
  SINCE JAN 1      0                         0      0        0
..................................................................


WIND (MPH)
  HIGHEST WIND SPEED    24   HIGHEST WIND DIRECTION     W (290)
  HIGHEST GUST SPEED    30   HIGHEST GUST DIRECTION     W (290)
  AVERAGE WIND SPEED     8.7


SKY COVER
  POSSIBLE SUNSHINE  MM
  AVERAGE SKY COVER 1.0


WEATHER CONDITIONS
 THE FOLLOWING WEATHER WAS RECORDED YESTERDAY.
  HEAVY RAIN
  RAIN
  LIGHT RAIN
  FOG
  FOG W/VISIBILITY <= 1/4 MILE


RELATIVE HUMIDITY (PERCENT)
 HIGHEST   100           900 PM
 LOWEST     62          1200 AM
 AVERAGE    81

..........................................................


THE SPOKANE WA AIRPORT CLIMATE NORMALS FOR TODAY
                         NORMAL    RECORD    YEAR
 MAXIMUM TEMPERATURE (F)   51        71      1939
 MINIMUM TEMPERATURE (F)   33        11      1898


SUNRISE AND SUNSET
MARCH 22 2017.........SUNRISE   648 AM PDT   SUNSET   706 PM PDT
MARCH 23 2017.........SUNRISE   646 AM PDT   SUNSET   708 PM PDT


-  INDICATES NEGATIVE NUMBERS.
R  INDICATES RECORD WAS SET OR TIED.
MM INDICATES DATA IS MISSING.
T  INDICATES TRACE AMOUNT.




$$
