000
CDUS45 KRIW 220756
CLIGEY


CLIMATE REPORT
NATIONAL WEATHER SERVICE RIVERTON WY
1256 AM MST SAT NOV 22 2014


...................................

...THE GREYBULL WY CLIMATE SUMMARY FOR NOVEMBER 21 2014...

CLIMATE NORMAL PERIOD 1981 TO 2010
CLIMATE RECORD PERIOD 1998 TO 2014


WEATHER ITEM   OBSERVED TIME   RECORD YEAR NORMAL DEPARTURE LAST
                VALUE   (LST)  VALUE       VALUE  FROM      YEAR
                                                  NORMAL
..................................................................
TEMPERATURE (F)
 YESTERDAY
  MAXIMUM         32    336 PM  64    2012  39     -7       21
  MINIMUM          1    718 AM  -5    2000  15    -14        0
  AVERAGE         17                        27    -10       11

PRECIPITATION (IN)
  YESTERDAY        0.00          0.03 2003   0.01  -0.01      T
  MONTH TO DATE    0.09                      0.20  -0.11      T
  SINCE SEP 1      0.96                      1.68  -0.72     2.23
  SINCE JAN 1      4.82                      7.13  -2.31     4.85

DEGREE DAYS
 HEATING
  YESTERDAY       48                        38     10       54
  MONTH TO DATE  902                       666    236      612
  SINCE SEP 1   1444                      1467    -23     1421
  SINCE JUL 1   1471                      1488    -17     1421

 COOLING
  YESTERDAY        0                         0      0        0
  MONTH TO DATE    0                         0      0        0
  SINCE SEP 1     43                        36      7       96
  SINCE JAN 1    698                       669     29     1005
..................................................................


WIND (MPH)
  HIGHEST WIND SPEED    10   HIGHEST WIND DIRECTION    SE (120)
  HIGHEST GUST SPEED    12   HIGHEST GUST DIRECTION    SE (120)
  AVERAGE WIND SPEED     2.1


SKY COVER
  POSSIBLE SUNSHINE  MM
  AVERAGE SKY COVER 0.0


WEATHER CONDITIONS
 THE FOLLOWING WEATHER WAS RECORDED YESTERDAY.
  NO SIGNIFICANT WEATHER WAS OBSERVED.


RELATIVE HUMIDITY (PERCENT)
 HIGHEST   100          1200 AM
 LOWEST     58           100 PM
 AVERAGE    79

..........................................................


THE GREYBULL WY CLIMATE NORMALS FOR TODAY
                         NORMAL    RECORD    YEAR
 MAXIMUM TEMPERATURE (F)   39        64      2006
 MINIMUM TEMPERATURE (F)   14        -7      2013


SUNRISE AND SUNSET
NOVEMBER 22 2014......SUNRISE   718 AM MST   SUNSET   439 PM MST
NOVEMBER 23 2014......SUNRISE   719 AM MST   SUNSET   438 PM MST


-  INDICATES NEGATIVE NUMBERS.
R  INDICATES RECORD WAS SET OR TIED.
MM INDICATES DATA IS MISSING.
T  INDICATES TRACE AMOUNT.




$$
