000
CDUS45 KRIW 210732
CLIGEY


CLIMATE REPORT
NATIONAL WEATHER SERVICE RIVERTON WY
130 AM MDT SUN SEP 21 2014


...................................

...THE GREYBULL WY CLIMATE SUMMARY FOR SEPTEMBER 20 2014...

CLIMATE NORMAL PERIOD 1981 TO 2010
CLIMATE RECORD PERIOD 1998 TO 2014


WEATHER ITEM   OBSERVED TIME   RECORD YEAR NORMAL DEPARTURE LAST
                VALUE   (LST)  VALUE       VALUE  FROM      YEAR
                                                  NORMAL
..................................................................
TEMPERATURE (F)
 YESTERDAY
  MAXIMUM         79    437 PM  83    2008  72      7       75
                                      2007
  MINIMUM         48    618 AM  31    1999  41      7       40
  AVERAGE         64                        57      7       58

PRECIPITATION (IN)
  YESTERDAY        0.00          0.30 2004   0.04  -0.04     0.00
  MONTH TO DATE    0.49                      0.59  -0.10     0.52
  SINCE SEP 1      0.49                      0.59  -0.10     0.52
  SINCE JAN 1      4.35                      6.04  -1.69     3.14

DEGREE DAYS
 HEATING
  YESTERDAY        1                         9     -8        7
  MONTH TO DATE  118                       100     18       30
  SINCE SEP 1    118                       100     18       30
  SINCE JUL 1    145                       121     24       30

 COOLING
  YESTERDAY        0                         0      0        0
  MONTH TO DATE   22                        34    -12       95
  SINCE SEP 1     22                        34    -12       95
  SINCE JAN 1    677                       667     10     1004
..................................................................


WIND (MPH)
  HIGHEST WIND SPEED    15   HIGHEST WIND DIRECTION     N (340)
  HIGHEST GUST SPEED    23   HIGHEST GUST DIRECTION    NW (320)
  AVERAGE WIND SPEED     5.4


SKY COVER
  POSSIBLE SUNSHINE  MM
  AVERAGE SKY COVER 0.0


WEATHER CONDITIONS
 THE FOLLOWING WEATHER WAS RECORDED YESTERDAY.
  NO SIGNIFICANT WEATHER WAS OBSERVED.


RELATIVE HUMIDITY (PERCENT)
 HIGHEST    86           400 AM
 LOWEST     21           500 PM
 AVERAGE    54

..........................................................


THE GREYBULL WY CLIMATE NORMALS FOR TODAY
                         NORMAL    RECORD    YEAR
 MAXIMUM TEMPERATURE (F)   72        86      2013
 MINIMUM TEMPERATURE (F)   41        32      2000
                                             1999


SUNRISE AND SUNSET
SEPTEMBER 21 2014.....SUNRISE   658 AM MDT   SUNSET   711 PM MDT
SEPTEMBER 22 2014.....SUNRISE   659 AM MDT   SUNSET   710 PM MDT


-  INDICATES NEGATIVE NUMBERS.
R  INDICATES RECORD WAS SET OR TIED.
MM INDICATES DATA IS MISSING.
T  INDICATES TRACE AMOUNT.




$$
