000
CDUS45 KRIW 040738
CLIGEY


CLIMATE REPORT
NATIONAL WEATHER SERVICE RIVERTON WY
129 AM MDT WED MAY 4 2016


...................................

...THE GREYBULL WY CLIMATE SUMMARY FOR MAY 3 2016...

CLIMATE NORMAL PERIOD 1981 TO 2010
CLIMATE RECORD PERIOD 1998 TO 2016


WEATHER ITEM   OBSERVED TIME   RECORD YEAR NORMAL DEPARTURE LAST
                VALUE   (LST)  VALUE       VALUE  FROM      YEAR
                                                  NORMAL
..................................................................
TEMPERATURE (F)
 YESTERDAY
  MAXIMUM         79    546 PM  84    2000  66     13       72
  MINIMUM         38    535 AM  28    2008  38      0       48
  AVERAGE         59                        52      7       60

PRECIPITATION (IN)
  YESTERDAY        0.00          0.07 2002   0.03  -0.03     0.00
  MONTH TO DATE    0.00                      0.09  -0.09     0.00
  SINCE MAR 1      0.82                      1.20  -0.38     0.25
  SINCE JAN 1      0.93                      1.61  -0.68     0.51

DEGREE DAYS
 HEATING
  YESTERDAY        6                        13     -7        5
  MONTH TO DATE   36                        40     -4       17
  SINCE MAR 1   1231                      1468   -237     1218
  SINCE JUL 1   6384                      7439  -1055     6862

 COOLING
  YESTERDAY        0                         0      0        0
  MONTH TO DATE    0                         0      0        0
  SINCE MAR 1      0                         1     -1        0
  SINCE JAN 1      0                         1     -1        0
..................................................................


WIND (MPH)
  HIGHEST WIND SPEED    10   HIGHEST WIND DIRECTION     S (180)
  HIGHEST GUST SPEED    12   HIGHEST GUST DIRECTION    SW (220)
  AVERAGE WIND SPEED     4.3


SKY COVER
  POSSIBLE SUNSHINE  MM
  AVERAGE SKY COVER 0.0


WEATHER CONDITIONS
 THE FOLLOWING WEATHER WAS RECORDED YESTERDAY.
  NO SIGNIFICANT WEATHER WAS OBSERVED.


RELATIVE HUMIDITY (PERCENT)
 HIGHEST    64           500 AM
 LOWEST      9           500 PM
 AVERAGE    37

..........................................................


THE GREYBULL WY CLIMATE NORMALS FOR TODAY
                         NORMAL    RECORD    YEAR
 MAXIMUM TEMPERATURE (F)   67        85      2004
 MINIMUM TEMPERATURE (F)   39        31      2001


SUNRISE AND SUNSET
MAY  4 2016...........SUNRISE   558 AM MDT   SUNSET   821 PM MDT
MAY  5 2016...........SUNRISE   556 AM MDT   SUNSET   822 PM MDT


-  INDICATES NEGATIVE NUMBERS.
R  INDICATES RECORD WAS SET OR TIED.
MM INDICATES DATA IS MISSING.
T  INDICATES TRACE AMOUNT.




$$
