081
CDUS45 KRIW 250735
CLIGEY


CLIMATE REPORT
NATIONAL WEATHER SERVICE RIVERTON WY
135 AM MDT WED MAY 25 2016


...................................

...THE GREYBULL WY CLIMATE SUMMARY FOR MAY 24 2016...

CLIMATE NORMAL PERIOD 1981 TO 2010
CLIMATE RECORD PERIOD 1998 TO 2016


WEATHER ITEM   OBSERVED TIME   RECORD YEAR NORMAL DEPARTURE LAST
                VALUE   (LST)  VALUE       VALUE  FROM      YEAR
                                                  NORMAL
..................................................................
TEMPERATURE (F)
 YESTERDAY
  MAXIMUM         74    238 PM  86    2001  73      1       58
  MINIMUM         38    532 AM  27    2002  45     -7       49
  AVERAGE         56                        59     -3       54

PRECIPITATION (IN)
  YESTERDAY        0.07          0.75 2010   0.07   0.00      T
  MONTH TO DATE    0.99                      1.14  -0.15     0.97
  SINCE MAR 1      1.81                      2.25  -0.44     1.22
  SINCE JAN 1      1.92                      2.66  -0.74     1.48

DEGREE DAYS
 HEATING
  YESTERDAY        9                         7      2       11
  MONTH TO DATE  203                       240    -37      253
  SINCE MAR 1   1398                      1668   -270     1454
  SINCE JUL 1   6551                      7639  -1088     7098

 COOLING
  YESTERDAY        0                         1     -1        0
  MONTH TO DATE   11                         9      2        0
  SINCE MAR 1     11                        10      1        0
  SINCE JAN 1     11                        10      1        0
..................................................................


WIND (MPH)
  HIGHEST WIND SPEED    37   HIGHEST WIND DIRECTION     W (290)
  HIGHEST GUST SPEED    46   HIGHEST GUST DIRECTION     W (290)
  AVERAGE WIND SPEED     8.0


SKY COVER
  POSSIBLE SUNSHINE  MM
  AVERAGE SKY COVER 0.3


WEATHER CONDITIONS
 THE FOLLOWING WEATHER WAS RECORDED YESTERDAY.
  LIGHT RAIN
  HAZE


RELATIVE HUMIDITY (PERCENT)
 HIGHEST    83           900 PM
 LOWEST     17           100 PM
 AVERAGE    50

..........................................................


THE GREYBULL WY CLIMATE NORMALS FOR TODAY
                         NORMAL    RECORD    YEAR
 MAXIMUM TEMPERATURE (F)   73        91      2003
 MINIMUM TEMPERATURE (F)   46        35      2002


SUNRISE AND SUNSET
MAY 25 2016...........SUNRISE   535 AM MDT   SUNSET   844 PM MDT
MAY 26 2016...........SUNRISE   534 AM MDT   SUNSET   845 PM MDT


-  INDICATES NEGATIVE NUMBERS.
R  INDICATES RECORD WAS SET OR TIED.
MM INDICATES DATA IS MISSING.
T  INDICATES TRACE AMOUNT.




$$
