000
CDUS45 KRIW 190749
CLIGEY


CLIMATE REPORT
NATIONAL WEATHER SERVICE RIVERTON WY
143 AM MDT SAT APR 19 2014


...................................

...THE GREYBULL WY CLIMATE SUMMARY FOR APRIL 18 2014...

CLIMATE NORMAL PERIOD 1981 TO 2010
CLIMATE RECORD PERIOD 1998 TO 2014


WEATHER ITEM   OBSERVED TIME   RECORD YEAR NORMAL DEPARTURE LAST
                VALUE   (LST)  VALUE       VALUE  FROM      YEAR
                                                  NORMAL
..................................................................
TEMPERATURE (F)
 YESTERDAY
  MAXIMUM         68    414 PM  80    2001  61      7       52
  MINIMUM         41    302 AM  14    2013  33      8       14
  AVERAGE         55                        47      8       33

PRECIPITATION (IN)
  YESTERDAY        0.00          0.38 2000   0.02  -0.02     0.00
  MONTH TO DATE    0.46                      0.35   0.11     0.16
  SINCE MAR 1      0.64                      0.75  -0.11     0.25
  SINCE JAN 1      0.90                      1.16  -0.26     0.67

DEGREE DAYS
 HEATING
  YESTERDAY       10                        18     -8       32
  MONTH TO DATE  385                       367     18      440
  SINCE MAR 1   1290                      1238     52     1298
  SINCE JUL 1   7177                      7209    -32     7172

 COOLING
  YESTERDAY        0                         0      0        0
  MONTH TO DATE    0                         0      0        0
  SINCE MAR 1      0                         0      0        0
  SINCE JAN 1      0                         0      0        0
..................................................................


WIND (MPH)
  HIGHEST WIND SPEED    26   HIGHEST WIND DIRECTION    NW (300)
  HIGHEST GUST SPEED    31   HIGHEST GUST DIRECTION     W (290)
  AVERAGE WIND SPEED     7.6


SKY COVER
  POSSIBLE SUNSHINE  MM
  AVERAGE SKY COVER 0.3


WEATHER CONDITIONS
 THE FOLLOWING WEATHER WAS RECORDED YESTERDAY.
  NO SIGNIFICANT WEATHER WAS OBSERVED.


RELATIVE HUMIDITY (PERCENT)
 HIGHEST    76           600 AM
 LOWEST     19           600 PM
 AVERAGE    48

..........................................................


THE GREYBULL WY CLIMATE NORMALS FOR TODAY
                         NORMAL    RECORD    YEAR
 MAXIMUM TEMPERATURE (F)   62        77      2008
 MINIMUM TEMPERATURE (F)   33        27      2002


SUNRISE AND SUNSET
APRIL 19 2014.........SUNRISE   621 AM MDT   SUNSET   802 PM MDT
APRIL 20 2014.........SUNRISE   620 AM MDT   SUNSET   803 PM MDT


-  INDICATES NEGATIVE NUMBERS.
R  INDICATES RECORD WAS SET OR TIED.
MM INDICATES DATA IS MISSING.
T  INDICATES TRACE AMOUNT.




$$
