000
CDUS45 KRIW 260736
CLIGEY


CLIMATE REPORT
NATIONAL WEATHER SERVICE RIVERTON WY
136 AM MDT TUE MAY 26 2015


...................................

...THE GREYBULL WY CLIMATE SUMMARY FOR MAY 25 2015...

CLIMATE NORMAL PERIOD 1981 TO 2010
CLIMATE RECORD PERIOD 1998 TO 2015


WEATHER ITEM   OBSERVED TIME   RECORD YEAR NORMAL DEPARTURE LAST
                VALUE   (LST)  VALUE       VALUE  FROM      YEAR
                                                  NORMAL
..................................................................
TEMPERATURE (F)
 YESTERDAY
  MAXIMUM         68    115 PM  91    2003  73     -5       81
  MINIMUM         48    545 AM  35    2002  46      2       49
  AVERAGE         58                        60     -2       65

PRECIPITATION (IN)
  YESTERDAY        T             0.21 2012   0.07  -0.07     0.00
  MONTH TO DATE    0.97                      1.21  -0.24     0.53
  SINCE MAR 1      1.22                      2.32  -1.10     1.42
  SINCE JAN 1      1.48                      2.73  -1.25     1.68

DEGREE DAYS
 HEATING
  YESTERDAY        7                         6      1        0
  MONTH TO DATE  260                       246     14      238
  SINCE MAR 1   1461                      1674   -213     1697
  SINCE JUL 1   7105                      7645   -540     7584

 COOLING
  YESTERDAY        0                         1     -1        0
  MONTH TO DATE    0                        10    -10        8
  SINCE MAR 1      0                        11    -11        8
  SINCE JAN 1      0                        11    -11        8
..................................................................


WIND (MPH)
  HIGHEST WIND SPEED    21   HIGHEST WIND DIRECTION     E (100)
  HIGHEST GUST SPEED    26   HIGHEST GUST DIRECTION     E (100)
  AVERAGE WIND SPEED     5.5


SKY COVER
  POSSIBLE SUNSHINE  MM
  AVERAGE SKY COVER 0.6


WEATHER CONDITIONS
 THE FOLLOWING WEATHER WAS RECORDED YESTERDAY.
  LIGHT RAIN


RELATIVE HUMIDITY (PERCENT)
 HIGHEST   100           600 AM
 LOWEST     39           100 PM
 AVERAGE    70

..........................................................


THE GREYBULL WY CLIMATE NORMALS FOR TODAY
                         NORMAL    RECORD    YEAR
 MAXIMUM TEMPERATURE (F)   74        90      2006
                                             2003
 MINIMUM TEMPERATURE (F)   46        35      2007


SUNRISE AND SUNSET
MAY 26 2015...........SUNRISE   535 AM MDT   SUNSET   845 PM MDT
MAY 27 2015...........SUNRISE   534 AM MDT   SUNSET   845 PM MDT


-  INDICATES NEGATIVE NUMBERS.
R  INDICATES RECORD WAS SET OR TIED.
MM INDICATES DATA IS MISSING.
T  INDICATES TRACE AMOUNT.




$$
