000
CDUS43 KIND 210532
CLIGEZ


CLIMATE REPORT
NATIONAL WEATHER SERVICE INDIANAPOLIS IN
131 AM EDT SUN SEP 21 2014


...................................

...THE SHELBYVILLE IN CLIMATE SUMMARY FOR SEPTEMBER 20 2014...

CLIMATE NORMAL PERIOD 1981 TO 2010
CLIMATE RECORD PERIOD 9999 TO 9999


WEATHER ITEM   OBSERVED TIME   NORMAL DEPARTURE LAST
                VALUE   (LST)  VALUE  FROM      YEAR
                                      NORMAL
......................................................
TEMPERATURE (F)
 YESTERDAY
  MAXIMUM         82    435 PM  77      5       85
  MINIMUM         54    243 AM  51      3       69
  AVERAGE         68            64      4       77

PRECIPITATION (IN)
  YESTERDAY        T             0.10  -0.10     0.24
  MONTH TO DATE    2.64          2.13   0.51     1.79
  SINCE SEP 1      2.64          2.13   0.51     1.79
  SINCE JAN 1     29.55         32.41  -2.86    23.20

DEGREE DAYS
 HEATING
  YESTERDAY        0             3     -3        0
  MONTH TO DATE   47            28     19       17
  SINCE SEP 1     47            28     19       17
  SINCE JUL 1     52            34     18       25

 COOLING
  YESTERDAY        3             2      1       12
  MONTH TO DATE   79            77      2      150
  SINCE SEP 1     79            77      2      150
  SINCE JAN 1   1049           883    166     1135
......................................................


WIND (MPH)
  HIGHEST WIND SPEED    21   HIGHEST WIND DIRECTION    SW (210)
  HIGHEST GUST SPEED    27   HIGHEST GUST DIRECTION    SW (230)
  AVERAGE WIND SPEED     9.7


SKY COVER
  AVERAGE SKY COVER 0.2


WEATHER CONDITIONS
 THE FOLLOWING WEATHER WAS RECORDED YESTERDAY.
  FOG
  HAZE


RELATIVE HUMIDITY (PERCENT)
 HIGHEST    86           500 AM
 LOWEST     51           200 PM
 AVERAGE    69

..........................................................


THE SHELBYVILLE IN CLIMATE NORMALS FOR TODAY
                         NORMAL
 MAXIMUM TEMPERATURE (F)   76
 MINIMUM TEMPERATURE (F)   51


SUNRISE AND SUNSET
SEPTEMBER 21 2014.....SUNRISE   730 AM EDT   SUNSET   742 PM EDT
SEPTEMBER 22 2014.....SUNRISE   731 AM EDT   SUNSET   740 PM EDT


-  INDICATES NEGATIVE NUMBERS.
R  INDICATES RECORD WAS SET OR TIED.
MM INDICATES DATA IS MISSING.
T  INDICATES TRACE AMOUNT.




$$
