000
CDUS43 KIND 240531
CLIGEZ


CLIMATE REPORT
NATIONAL WEATHER SERVICE INDIANAPOLIS IN
130 AM EDT FRI OCT 24 2014


...................................

...THE SHELBYVILLE IN CLIMATE SUMMARY FOR OCTOBER 23 2014...

CLIMATE NORMAL PERIOD 1981 TO 2010
CLIMATE RECORD PERIOD 9999 TO 9999


WEATHER ITEM   OBSERVED TIME   NORMAL DEPARTURE LAST
                VALUE   (LST)  VALUE  FROM      YEAR
                                      NORMAL
......................................................
TEMPERATURE (F)
 YESTERDAY
  MAXIMUM         61    341 PM  63     -2       50
  MINIMUM         32    722 AM  41     -9       36
  AVERAGE         47            52     -5       43

PRECIPITATION (IN)
  YESTERDAY        0.00          0.10  -0.10     0.12
  MONTH TO DATE    3.18          2.38   0.80     2.97
  SINCE SEP 1      5.90          5.55   0.35     5.00
  SINCE JAN 1     32.81         35.83  -3.02    26.41

DEGREE DAYS
 HEATING
  YESTERDAY       18            13      5       22
  MONTH TO DATE  214           235    -21      167
  SINCE SEP 1    279           314    -35      198
  SINCE JUL 1    284           320    -36      206

 COOLING
  YESTERDAY        0             0      0        0
  MONTH TO DATE   12            11      1       35
  SINCE SEP 1    109           104      5      194
  SINCE JAN 1   1079           910    169     1179
......................................................


WIND (MPH)
  HIGHEST WIND SPEED     9   HIGHEST WIND DIRECTION     S (200)
  HIGHEST GUST SPEED    11   HIGHEST GUST DIRECTION    SW (210)
  AVERAGE WIND SPEED     2.4


SKY COVER
  AVERAGE SKY COVER 0.1


WEATHER CONDITIONS
 THE FOLLOWING WEATHER WAS RECORDED YESTERDAY.
  FOG
  FOG W/VISIBILITY <= 1/4 MILE


RELATIVE HUMIDITY (PERCENT)
 HIGHEST    96           900 AM
 LOWEST     44           500 PM
 AVERAGE    70

..........................................................


THE SHELBYVILLE IN CLIMATE NORMALS FOR TODAY
                         NORMAL
 MAXIMUM TEMPERATURE (F)   63
 MINIMUM TEMPERATURE (F)   40


SUNRISE AND SUNSET
OCTOBER 24 2014.......SUNRISE   803 AM EDT   SUNSET   651 PM EDT
OCTOBER 25 2014.......SUNRISE   804 AM EDT   SUNSET   650 PM EDT


-  INDICATES NEGATIVE NUMBERS.
R  INDICATES RECORD WAS SET OR TIED.
MM INDICATES DATA IS MISSING.
T  INDICATES TRACE AMOUNT.




$$
