865
CDUS43 KFGF 242222
CLIGFK


CLIMATE REPORT
NATIONAL WEATHER SERVICE EASTERN NORTH DAKOTA/GRAND FORKS
521 PM CDT FRI MAR 24 2017


...................................

...THE GRAND FORKS INTL AP ND CLIMATE SUMMARY FOR MARCH 24 2017...
VALID TODAY AS OF 0400 PM LOCAL TIME.

CLIMATE NORMAL PERIOD 1981 TO 2010
CLIMATE RECORD PERIOD 1941 TO 2017


WEATHER ITEM   OBSERVED TIME   RECORD YEAR NORMAL DEPARTURE LAST
                VALUE   (LST)  VALUE       VALUE  FROM      YEAR
                                                  NORMAL
..................................................................
TEMPERATURE (F)
 TODAY
  MAXIMUM         36    259 PM  68    1945  39     -3       51
  MINIMUM         30    751 AM -21    1974  20     10       19
  AVERAGE         33                        29      4       35

PRECIPITATION (IN)
  TODAY            0.00          0.61 2009   0.03  -0.03      T
  MONTH TO DATE    0.77                      0.74   0.03     0.53
  SINCE MAR 1      0.77                      0.74   0.03     0.53
  SINCE JAN 1      1.62                      1.81  -0.19     1.11

SNOWFALL (IN)
  TODAY            0.0           3.6  1949   0.2   -0.2      0.0
  MONTH TO DATE    0.2                       6.2   -6.0      1.9
  SINCE MAR 1      0.2                       6.2   -6.0      1.9
  SINCE JUL 1     38.5                      43.4   -4.9     27.8
  SNOW DEPTH       0

DEGREE DAYS
 HEATING
  TODAY           32                        36     -4       30
  MONTH TO DATE  995                      1004     -9      699
  SINCE MAR 1    995                      1004     -9      699
  SINCE JUL 1   6964                      8154  -1190     6678

 COOLING
  TODAY            0                         0      0        0
  MONTH TO DATE    0                         0      0        0
  SINCE MAR 1      0                         0      0        0
  SINCE JAN 1      0                         0      0        0
..................................................................


WIND (MPH)
  HIGHEST WIND SPEED    20   HIGHEST WIND DIRECTION     N (360)
  HIGHEST GUST SPEED    23   HIGHEST GUST DIRECTION     N (360)
  AVERAGE WIND SPEED    13.2


SKY COVER
  POSSIBLE SUNSHINE  MM
  AVERAGE SKY COVER 0.4


WEATHER CONDITIONS
 THE FOLLOWING WEATHER WAS RECORDED TODAY.
  FOG


RELATIVE HUMIDITY (PERCENT)
 HIGHEST   100          1200 AM
 LOWEST     75          1100 AM
 AVERAGE    88

..........................................................


THE GRAND FORKS INTL AP ND CLIMATE NORMALS FOR TOMORROW
                         NORMAL    RECORD    YEAR
 MAXIMUM TEMPERATURE (F)   39        64      1961
 MINIMUM TEMPERATURE (F)   21       -10      1996
                                             1964
                                             1955


SUNRISE AND SUNSET
MARCH 24 2017.........SUNRISE   723 AM CDT   SUNSET   748 PM CDT
MARCH 25 2017.........SUNRISE   721 AM CDT   SUNSET   749 PM CDT


-  INDICATES NEGATIVE NUMBERS.
R  INDICATES RECORD WAS SET OR TIED.
MM INDICATES DATA IS MISSING.
T  INDICATES TRACE AMOUNT.




$$
