000
CDUS43 KFGF 230634
CLIGFK


CLIMATE REPORT
NATIONAL WEATHER SERVICE EASTERN NORTH DAKOTA/GRAND FORKS
134 AM CDT FRI JUN 23 2017


...................................

...THE GRAND FORKS INTL AP ND CLIMATE SUMMARY FOR JUNE 22 2017...

CLIMATE NORMAL PERIOD 1981 TO 2010
CLIMATE RECORD PERIOD 1948 TO 2017


WEATHER ITEM   OBSERVED TIME   RECORD YEAR NORMAL DEPARTURE LAST
                VALUE   (LST)  VALUE       VALUE  FROM      YEAR
                                                  NORMAL
..................................................................
TEMPERATURE (F)
 YESTERDAY
  MAXIMUM         78    215 PM  94    1950  78      0       66
  MINIMUM         49    436 AM  40    1982  54     -5       52
  AVERAGE         64                        66     -2       59

PRECIPITATION (IN)
  YESTERDAY        T             2.11 1948   0.12  -0.12     0.08
  MONTH TO DATE    1.33                      2.49  -1.16     3.30
  SINCE JUN 1      1.33                      2.49  -1.16     3.30
  SINCE JAN 1      5.48                      8.21  -2.73     9.69

SNOWFALL (IN)
  YESTERDAY        0.0          MM      MM   0.0    0.0      0.0
  MONTH TO DATE    0.0                       0.0    0.0      0.0
  SINCE JUN 1      0.0                       0.0    0.0      0.0
  SINCE JUL 1     44.1                      47.4   -3.3     28.4
  SNOW DEPTH       0

DEGREE DAYS
 HEATING
  YESTERDAY        1                         2     -1        6
  MONTH TO DATE    9                        89    -80       41
  SINCE JUN 1      9                        89    -80       41
  SINCE JUL 1   8023                      9501  -1478     7854

 COOLING
  YESTERDAY        0                         3     -3        0
  MONTH TO DATE   95                        46     49       58
  SINCE JUN 1     95                        46     49       58
  SINCE JAN 1     97                        63     34       80
..................................................................


WIND (MPH)
  HIGHEST WIND SPEED    28   HIGHEST WIND DIRECTION     W (280)
  HIGHEST GUST SPEED    39   HIGHEST GUST DIRECTION     W (280)
  AVERAGE WIND SPEED    13.7


SKY COVER
  POSSIBLE SUNSHINE  MM
  AVERAGE SKY COVER 0.5


WEATHER CONDITIONS
 THE FOLLOWING WEATHER WAS RECORDED YESTERDAY.
  NO SIGNIFICANT WEATHER WAS OBSERVED.


RELATIVE HUMIDITY (PERCENT)
 HIGHEST    83          1200 AM
 LOWEST     27           500 PM
 AVERAGE    55

..........................................................


THE GRAND FORKS INTL AP ND CLIMATE NORMALS FOR TODAY
                         NORMAL    RECORD    YEAR
 MAXIMUM TEMPERATURE (F)   78        93      2005
 MINIMUM TEMPERATURE (F)   54        34      1967


SUNRISE AND SUNSET
JUNE 23 2017..........SUNRISE   530 AM CDT   SUNSET   932 PM CDT
JUNE 24 2017..........SUNRISE   530 AM CDT   SUNSET   932 PM CDT


-  INDICATES NEGATIVE NUMBERS.
R  INDICATES RECORD WAS SET OR TIED.
MM INDICATES DATA IS MISSING.
T  INDICATES TRACE AMOUNT.




$$
