609
CDUS43 KFGF 190650
CLIGFK


CLIMATE REPORT
NATIONAL WEATHER SERVICE EASTERN NORTH DAKOTA/GRAND FORKS
147 AM CDT THU OCT 19 2017


...................................

...THE GRAND FORKS INTL AP ND CLIMATE SUMMARY FOR OCTOBER 18 2017...

CLIMATE NORMAL PERIOD 1981 TO 2010
CLIMATE RECORD PERIOD 1948 TO 2017


WEATHER ITEM   OBSERVED TIME   RECORD YEAR NORMAL DEPARTURE LAST
                VALUE   (LST)  VALUE       VALUE  FROM      YEAR
                                                  NORMAL
..................................................................
TEMPERATURE (F)
 YESTERDAY
  MAXIMUM         63    152 PM  75    1956  54      9       55
  MINIMUM         46   1159 PM   8    1972  31     15       35
  AVERAGE         55                        42     13       45

PRECIPITATION (IN)
  YESTERDAY        0.00          0.93 2007   0.06  -0.06     0.00
  MONTH TO DATE    0.08                      1.24  -1.16     0.88
  SINCE SEP 1      4.53                      3.29   1.24     5.04
  SINCE JAN 1     15.58                     18.52  -2.94    23.56

SNOWFALL (IN)
  YESTERDAY        0.0           1.0  2002   0.0    0.0      0.0
                                      1968
  MONTH TO DATE    0.0                       0.5   -0.5      0.0
  SINCE SEP 1      0.0                       0.5   -0.5      0.0
  SINCE JUL 1      0.0                       0.5   -0.5      0.0
  SNOW DEPTH       0

DEGREE DAYS
 HEATING
  YESTERDAY       10                        23    -13       20
  MONTH TO DATE  271                       339    -68      281
  SINCE SEP 1    450                       608   -158      449
  SINCE JUL 1    469                       690   -221      477

 COOLING
  YESTERDAY        0                         0      0        0
  MONTH TO DATE    0                         0      0        4
  SINCE SEP 1     36                        26     10       30
  SINCE JAN 1    411                       378     33      434
..................................................................


WIND (MPH)
  HIGHEST WIND SPEED    31   HIGHEST WIND DIRECTION     W (270)
  HIGHEST GUST SPEED    45   HIGHEST GUST DIRECTION    NW (300)
  AVERAGE WIND SPEED    15.5


SKY COVER
  POSSIBLE SUNSHINE  MM
  AVERAGE SKY COVER 0.3


WEATHER CONDITIONS
 THE FOLLOWING WEATHER WAS RECORDED YESTERDAY.
  NO SIGNIFICANT WEATHER WAS OBSERVED.


RELATIVE HUMIDITY (PERCENT)
 HIGHEST    63           200 AM
 LOWEST     16           100 PM
 AVERAGE    40

..........................................................


THE GRAND FORKS INTL AP ND CLIMATE NORMALS FOR TODAY
                         NORMAL    RECORD    YEAR
 MAXIMUM TEMPERATURE (F)   53        79      1956
 MINIMUM TEMPERATURE (F)   31        15      1972


SUNRISE AND SUNSET
OCTOBER 19 2017.......SUNRISE   754 AM CDT   SUNSET   632 PM CDT
OCTOBER 20 2017.......SUNRISE   756 AM CDT   SUNSET   630 PM CDT


-  INDICATES NEGATIVE NUMBERS.
R  INDICATES RECORD WAS SET OR TIED.
MM INDICATES DATA IS MISSING.
T  INDICATES TRACE AMOUNT.




$$
