000
CDUS43 KFGF 210645
CLIGFK


CLIMATE REPORT
NATIONAL WEATHER SERVICE EASTERN NORTH DAKOTA/GRAND FORKS
1241 AM CST TUE FEB 21 2017


...................................

...THE GRAND FORKS INTL AP ND CLIMATE SUMMARY FOR FEBRUARY 20 2017...

CLIMATE NORMAL PERIOD 1981 TO 2010
CLIMATE RECORD PERIOD 1941 TO 2017


WEATHER ITEM   OBSERVED TIME   RECORD YEAR NORMAL DEPARTURE LAST
                VALUE   (LST)  VALUE       VALUE  FROM      YEAR
                                                  NORMAL
..................................................................
TEMPERATURE (F)
 YESTERDAY
  MAXIMUM         41   1042 AM  51    2000  23     18       38
  MINIMUM         30   1143 PM -33    2008   4     26       20
  AVERAGE         36                        14     22       29

PRECIPITATION (IN)
  YESTERDAY        0.18          1.20 1955   0.02   0.16      T
  MONTH TO DATE    0.33                      0.32   0.01     0.25
  SINCE DEC 1      2.39                      1.48   0.91     1.63
  SINCE JAN 1      0.78                      0.87  -0.09     0.57

SNOWFALL (IN)
  YESTERDAY        0.0           7.0  1955   0.2   -0.2       T
  MONTH TO DATE    3.7                       4.4   -0.7      2.6
  SINCE DEC 1     36.2                      25.8   10.4     23.2
  SINCE JUL 1     37.3                      35.0    2.3     25.9
  SNOW DEPTH       1

DEGREE DAYS
 HEATING
  YESTERDAY       29                        51    -22       36
  MONTH TO DATE  915                      1088   -173      907
  SINCE DEC 1   4160                      4555   -395     3964
  SINCE JUL 1   5628                      6754  -1126     5629

 COOLING
  YESTERDAY        0                         0      0        0
  MONTH TO DATE    0                         0      0        0
  SINCE DEC 1      0                         0      0        0
  SINCE JAN 1      0                         0      0        0
..................................................................


WIND (MPH)
  HIGHEST WIND SPEED    17   HIGHEST WIND DIRECTION    SE (150)
  HIGHEST GUST SPEED    21   HIGHEST GUST DIRECTION    SE (150)
  AVERAGE WIND SPEED     8.1


SKY COVER
  POSSIBLE SUNSHINE  MM
  AVERAGE SKY COVER 0.6


WEATHER CONDITIONS
 THE FOLLOWING WEATHER WAS RECORDED YESTERDAY.
  RAIN
  LIGHT RAIN
  FOG
  FOG W/VISIBILITY <= 1/4 MILE
  HAZE


RELATIVE HUMIDITY (PERCENT)
 HIGHEST    92           600 AM
 LOWEST     79          1200 AM
 AVERAGE    86

..........................................................


THE GRAND FORKS INTL AP ND CLIMATE NORMALS FOR TODAY
                         NORMAL    RECORD    YEAR
 MAXIMUM TEMPERATURE (F)   24        49      2000
 MINIMUM TEMPERATURE (F)    5       -30      1956


SUNRISE AND SUNSET
FEBRUARY 21 2017......SUNRISE   724 AM CST   SUNSET   601 PM CST
FEBRUARY 22 2017......SUNRISE   722 AM CST   SUNSET   603 PM CST


-  INDICATES NEGATIVE NUMBERS.
R  INDICATES RECORD WAS SET OR TIED.
MM INDICATES DATA IS MISSING.
T  INDICATES TRACE AMOUNT.




$$
