000
CDUS43 KFGF 190645
CLIGFK


CLIMATE REPORT
NATIONAL WEATHER SERVICE EASTERN NORTH DAKOTA/GRAND FORKS
1240 AM CST MON FEB 19 2018


...................................

...THE GRAND FORKS INTL AP ND CLIMATE SUMMARY FOR FEBRUARY 18 2018...

CLIMATE NORMAL PERIOD 1981 TO 2010
CLIMATE RECORD PERIOD 1948 TO 2018


WEATHER ITEM   OBSERVED TIME   RECORD YEAR NORMAL DEPARTURE LAST
                VALUE   (LST)  VALUE       VALUE  FROM      YEAR
                                                  NORMAL
..................................................................
TEMPERATURE (F)
 YESTERDAY
  MAXIMUM         14    351 PM  45    2002  23     -9       44
  MINIMUM          7   1149 PM -35    1967   3      4       33
  AVERAGE         11                        13     -2       39

PRECIPITATION (IN)
  YESTERDAY        0.10R         0.09 1986   0.02   0.08     0.00
                                      1924
  MONTH TO DATE    0.16                      0.28  -0.12     0.15
  SINCE DEC 1      1.43                      1.44  -0.01     2.21
  SINCE JAN 1      0.66                      0.83  -0.17     0.60

SNOWFALL (IN)
  YESTERDAY        3.5 R         3.4  1986   0.2    3.3      0.0
  MONTH TO DATE    5.1                       3.9    1.2      3.7
  SINCE DEC 1     22.6                      25.3   -2.7     36.2
  SINCE JUL 1     32.8                      34.5   -1.7     37.3
  SNOW DEPTH       5

DEGREE DAYS
 HEATING
  YESTERDAY       54                        52      2       26
  MONTH TO DATE 1112                       985    127      861
  SINCE DEC 1   4464                      4452     12     4106
  SINCE JUL 1   6449                      6651   -202     5574

 COOLING
  YESTERDAY        0                         0      0        0
  MONTH TO DATE    0                         0      0        0
  SINCE DEC 1      0                         0      0        0
  SINCE JAN 1      0                         0      0        0
..................................................................


WIND (MPH)
  HIGHEST WIND SPEED    30   HIGHEST WIND DIRECTION     N (10)
  HIGHEST GUST SPEED    35   HIGHEST GUST DIRECTION     N (10)
  AVERAGE WIND SPEED    16.1


SKY COVER
  POSSIBLE SUNSHINE  MM
  AVERAGE SKY COVER 0.9


WEATHER CONDITIONS
 THE FOLLOWING WEATHER WAS RECORDED YESTERDAY.
  SNOW
  LIGHT SNOW
  FOG
  HAZE
  BLOWING SNOW


RELATIVE HUMIDITY (PERCENT)
 HIGHEST    92           800 AM
 LOWEST     67           300 AM
 AVERAGE    80

..........................................................


THE GRAND FORKS INTL AP ND CLIMATE NORMALS FOR TODAY
                         NORMAL    RECORD    YEAR
 MAXIMUM TEMPERATURE (F)   23        46      2017
 MINIMUM TEMPERATURE (F)    4       -30      1966


SUNRISE AND SUNSET
FEBRUARY 19 2018......SUNRISE   728 AM CST   SUNSET   558 PM CST
FEBRUARY 20 2018......SUNRISE   726 AM CST   SUNSET   559 PM CST


-  INDICATES NEGATIVE NUMBERS.
R  INDICATES RECORD WAS SET OR TIED.
MM INDICATES DATA IS MISSING.
T  INDICATES TRACE AMOUNT.




$$
