000
CDUS43 KFGF 170641
CLIGFK


CLIMATE REPORT
NATIONAL WEATHER SERVICE EASTERN NORTH DAKOTA/GRAND FORKS
140 AM CDT THU APR 17 2014


...................................

...THE GRAND FORKS INTL AP ND CLIMATE SUMMARY FOR APRIL 16 2014...

CLIMATE NORMAL PERIOD 1981 TO 2010
CLIMATE RECORD PERIOD 1941 TO 2014


WEATHER ITEM   OBSERVED TIME   RECORD YEAR NORMAL DEPARTURE LAST
                VALUE   (LST)  VALUE       VALUE  FROM      YEAR
                                                  NORMAL
..................................................................
TEMPERATURE (F)
 YESTERDAY
  MAXIMUM         42    249 PM  87    2002  55    -13       33
  MINIMUM         24   1159 PM  14    1953  30     -6       29
  AVERAGE         33                        42     -9       31

PRECIPITATION (IN)
  YESTERDAY        0.00          0.24 2003   0.03  -0.03      T
  MONTH TO DATE    0.21                      0.46  -0.25     0.68
  SINCE MAR 1      1.14                      1.42  -0.28     1.66
  SINCE JAN 1      2.21                      2.49  -0.28     2.45

SNOWFALL (IN)
  YESTERDAY        0.0           2.0  2003   0.1   -0.1       T
  MONTH TO DATE    1.1                       1.8   -0.7      6.5
  SINCE MAR 1     14.6                       9.0    5.6     20.1
  SINCE JUL 1     60.3                      46.2   14.1     50.0
  SNOW DEPTH       0

DEGREE DAYS
 HEATING
  YESTERDAY       32                        23      9       34
  MONTH TO DATE  516                       428     88      604
  SINCE MAR 1   1971                      1663    308     2170
  SINCE JUL 1   9866                      8813   1053     9171

 COOLING
  YESTERDAY        0                         0      0        0
  MONTH TO DATE    0                         0      0        0
  SINCE MAR 1      0                         0      0        0
  SINCE JAN 1      0                         0      0        0
..................................................................


WIND (MPH)
  HIGHEST WIND SPEED    24   HIGHEST WIND DIRECTION    NE (30)
  HIGHEST GUST SPEED    29   HIGHEST GUST DIRECTION    NE (40)
  AVERAGE WIND SPEED    14.7


SKY COVER
  POSSIBLE SUNSHINE  MM
  AVERAGE SKY COVER 0.5


WEATHER CONDITIONS
 THE FOLLOWING WEATHER WAS RECORDED YESTERDAY.
  NO SIGNIFICANT WEATHER WAS OBSERVED.


RELATIVE HUMIDITY (PERCENT)
 HIGHEST    75          1000 PM
 LOWEST     25          1200 PM
 AVERAGE    50

..........................................................


THE GRAND FORKS INTL AP ND CLIMATE NORMALS FOR TODAY
                         NORMAL    RECORD    YEAR
 MAXIMUM TEMPERATURE (F)   55        80      1977
 MINIMUM TEMPERATURE (F)   31        11      1953


SUNRISE AND SUNSET
APRIL 17 2014.........SUNRISE   636 AM CDT   SUNSET   822 PM CDT
APRIL 18 2014.........SUNRISE   634 AM CDT   SUNSET   823 PM CDT


-  INDICATES NEGATIVE NUMBERS.
R  INDICATES RECORD WAS SET OR TIED.
MM INDICATES DATA IS MISSING.
T  INDICATES TRACE AMOUNT.




$$
