000
CDUS43 KFGF 200724
CLIGFK


CLIMATE REPORT
NATIONAL WEATHER SERVICE EASTERN NORTH DAKOTA/GRAND FORKS
224 AM CDT SAT SEP 20 2014


...................................

...THE GRAND FORKS INTL AP ND CLIMATE SUMMARY FOR SEPTEMBER 19 2014...

CLIMATE NORMAL PERIOD 1981 TO 2010
CLIMATE RECORD PERIOD 1941 TO 2014


WEATHER ITEM   OBSERVED TIME   RECORD YEAR NORMAL DEPARTURE LAST
                VALUE   (LST)  VALUE       VALUE  FROM      YEAR
                                                  NORMAL
..................................................................
TEMPERATURE (F)
 YESTERDAY
  MAXIMUM         84    421 PM  91    2004  68     16       73
                                      1941
  MINIMUM         59   1122 PM  28    1942  43     16       53
  AVERAGE         72                        55     17       63

PRECIPITATION (IN)
  YESTERDAY        0.10          0.85 1961   0.06   0.04     0.04
  MONTH TO DATE    0.73                      1.35  -0.62     0.62
  SINCE SEP 1      0.73                      1.35  -0.62     0.62
  SINCE JAN 1     21.41                     16.58   4.83    14.85

SNOWFALL (IN)
  YESTERDAY        0.0           0.0    MM   0.0    0.0      0.0
  MONTH TO DATE    0.0                       0.0    0.0      0.0
  SINCE SEP 1      0.0                       0.0    0.0      0.0
  SINCE JUL 1      0.0                       0.0    0.0      0.0
  SNOW DEPTH       0

DEGREE DAYS
 HEATING
  YESTERDAY        0                        10    -10        2
  MONTH TO DATE  140                       130     10       69
  SINCE SEP 1    140                       130     10       69
  SINCE JUL 1    194                       212    -18      151

 COOLING
  YESTERDAY        7                         0      7        0
  MONTH TO DATE   12                        24    -12       32
  SINCE SEP 1     12                        24    -12       32
  SINCE JAN 1    373                       376     -3      480
..................................................................


WIND (MPH)
  HIGHEST WIND SPEED    25   HIGHEST WIND DIRECTION     S (190)
  HIGHEST GUST SPEED    33   HIGHEST GUST DIRECTION     S (190)
  AVERAGE WIND SPEED    13.8


SKY COVER
  POSSIBLE SUNSHINE  MM
  AVERAGE SKY COVER 0.5


WEATHER CONDITIONS
 THE FOLLOWING WEATHER WAS RECORDED YESTERDAY.
  LIGHT RAIN
  FOG


RELATIVE HUMIDITY (PERCENT)
 HIGHEST    87           700 AM
 LOWEST     37           500 PM
 AVERAGE    62

..........................................................


THE GRAND FORKS INTL AP ND CLIMATE NORMALS FOR TODAY
                         NORMAL    RECORD    YEAR
 MAXIMUM TEMPERATURE (F)   68        88      1960
 MINIMUM TEMPERATURE (F)   42        26      1973


SUNRISE AND SUNSET
SEPTEMBER 20 2014.....SUNRISE   713 AM CDT   SUNSET   731 PM CDT
SEPTEMBER 21 2014.....SUNRISE   714 AM CDT   SUNSET   729 PM CDT


-  INDICATES NEGATIVE NUMBERS.
R  INDICATES RECORD WAS SET OR TIED.
MM INDICATES DATA IS MISSING.
T  INDICATES TRACE AMOUNT.




$$
