000
CDUS41 KALY 300629
CLIGFL


CLIMATE REPORT
NATIONAL WEATHER SERVICE ALBANY NY
228 AM EDT MON MAR 30 2015


...................................

...THE GLENS FALLS NY CLIMATE SUMMARY FOR MARCH 29 2015...

CLIMATE NORMAL PERIOD 1981 TO 2010
CLIMATE RECORD PERIOD 1949 TO 2015


WEATHER ITEM   OBSERVED TIME   RECORD YEAR NORMAL DEPARTURE LAST
                VALUE   (LST)  VALUE       VALUE  FROM      YEAR
                                                  NORMAL
..................................................................
TEMPERATURE (F)
 YESTERDAY
  MAXIMUM         40    444 PM  79    1981  48     -8       46
  MINIMUM         15    553 AM   6    1959  26    -11       35
  AVERAGE         28                        37     -9       41

PRECIPITATION (IN)
  YESTERDAY        0.00          1.28 1993   0.09  -0.09     0.41
  MONTH TO DATE    0.68                      2.75  -2.07     2.19
  SINCE MAR 1      0.68                      2.75  -2.07     2.19
  SINCE JAN 1      2.73                      7.69  -4.96     6.72

DEGREE DAYS
 HEATING
  YESTERDAY       37                        28      9       24
  MONTH TO DATE 1125                       988    137     1254
  SINCE MAR 1   1125                       988    137     1254
  SINCE JUL 1   6806                      6608    198     7023

 COOLING
  YESTERDAY        0                         0      0        0
  MONTH TO DATE    0                         0      0        0
  SINCE MAR 1      0                         0      0        0
  SINCE JAN 1      0                         0      0        0
..................................................................


WIND (MPH)
  HIGHEST WIND SPEED    18   HIGHEST WIND DIRECTION     S (160)
  HIGHEST GUST SPEED    22   HIGHEST GUST DIRECTION     S (160)
  AVERAGE WIND SPEED     5.9


SKY COVER
  AVERAGE SKY COVER 0.0



RELATIVE HUMIDITY (PERCENT)
 HIGHEST    67           400 AM
 LOWEST     29           100 PM
 AVERAGE    48

..........................................................


THE GLENS FALLS NY CLIMATE NORMALS FOR TODAY
                         NORMAL    RECORD    YEAR
 MAXIMUM TEMPERATURE (F)   49        85      1998
 MINIMUM TEMPERATURE (F)   26        10      2008


SUNRISE AND SUNSET
MARCH 30 2015.........SUNRISE   640 AM EDT   SUNSET   718 PM EDT
MARCH 31 2015.........SUNRISE   639 AM EDT   SUNSET   719 PM EDT


-  INDICATES NEGATIVE NUMBERS.
R  INDICATES RECORD WAS SET OR TIED.
MM INDICATES DATA IS MISSING.
T  INDICATES TRACE AMOUNT.




$$
