000
CDUS41 KALY 220624
CLIGFL


CLIMATE REPORT
NATIONAL WEATHER SERVICE ALBANY NY
222 AM EDT FRI MAY 22 2015


...................................

...THE GLENS FALLS NY CLIMATE SUMMARY FOR MAY 21 2015...

CLIMATE NORMAL PERIOD 1981 TO 2010
CLIMATE RECORD PERIOD 1949 TO 2015


WEATHER ITEM   OBSERVED TIME   RECORD YEAR NORMAL DEPARTURE LAST
                VALUE   (LST)  VALUE       VALUE  FROM      YEAR
                                                  NORMAL
..................................................................
TEMPERATURE (F)
 YESTERDAY
  MAXIMUM         68    300 PM  87    2009  70     -2       77
  MINIMUM         37    427 AM  29    2002  44     -7       41
  AVERAGE         53                        57     -4       59

PRECIPITATION (IN)
  YESTERDAY        0.00          1.49 1954   0.11  -0.11     0.00
  MONTH TO DATE    1.27                      2.43  -1.16     2.08
  SINCE MAR 1      3.92                      8.37  -4.45     7.62
  SINCE JAN 1      5.97                     13.31  -7.34    12.15

DEGREE DAYS
 HEATING
  YESTERDAY       12                         8      4        6
  MONTH TO DATE  100                       240   -140      171
  SINCE MAR 1   1882                      1896    -14     2075
  SINCE JUL 1   7563                      7516     47     7844

 COOLING
  YESTERDAY        0                         0      0        0
  MONTH TO DATE   38                         0     38       11
  SINCE MAR 1     38                         1     37       11
  SINCE JAN 1     38                         1     37       11
..................................................................


WIND (MPH)
  HIGHEST WIND SPEED    18   HIGHEST WIND DIRECTION    SW (220)
  HIGHEST GUST SPEED    26   HIGHEST GUST DIRECTION    SW (210)
  AVERAGE WIND SPEED     6.1


SKY COVER
  AVERAGE SKY COVER 0.2



RELATIVE HUMIDITY (PERCENT)
 HIGHEST    92           500 AM
 LOWEST     26           200 PM
 AVERAGE    59

..........................................................


THE GLENS FALLS NY CLIMATE NORMALS FOR TODAY
                         NORMAL    RECORD    YEAR
 MAXIMUM TEMPERATURE (F)   70        88      1977
 MINIMUM TEMPERATURE (F)   45        30      2002


SUNRISE AND SUNSET
MAY 22 2015...........SUNRISE   524 AM EDT   SUNSET   819 PM EDT
MAY 23 2015...........SUNRISE   523 AM EDT   SUNSET   820 PM EDT


-  INDICATES NEGATIVE NUMBERS.
R  INDICATES RECORD WAS SET OR TIED.
MM INDICATES DATA IS MISSING.
T  INDICATES TRACE AMOUNT.




$$
