000
CDUS41 KALY 212102
CLIGFL


CLIMATE REPORT
NATIONAL WEATHER SERVICE ALBANY NY
502 PM EDT MON AUG 21 2017


...................................

...THE GLENS FALLS NY CLIMATE SUMMARY FOR AUGUST 21 2017...
VALID TODAY AS OF 0400 PM LOCAL TIME.

CLIMATE NORMAL PERIOD 1981 TO 2010
CLIMATE RECORD PERIOD 1949 TO 2017


WEATHER ITEM   OBSERVED TIME   RECORD YEAR NORMAL DEPARTURE LAST
                VALUE   (LST)  VALUE       VALUE  FROM      YEAR
                                                  NORMAL
..................................................................
TEMPERATURE (F)
 TODAY
  MAXIMUM         84    350 PM  93    1976  78      6       84
  MINIMUM         53    529 AM  39    2007  55     -2       65
  AVERAGE         69                        66      3       75

PRECIPITATION (IN)
  TODAY            0.00          1.99 1997   0.12  -0.12     0.34
  MONTH TO DATE    1.14                      2.65  -1.51     2.63
  SINCE JUN 1     10.42                     10.29   0.13     9.47
  SINCE JAN 1     26.76                     24.78   1.98    21.09

DEGREE DAYS
 HEATING
  TODAY            0                         2     -2        0
  MONTH TO DATE    7                        22    -15        0
  SINCE JUN 1    112                       133    -21       44
  SINCE JUL 1     19                        43    -24        0

 COOLING
  TODAY            4                         3      1       10
  MONTH TO DATE   73                        79     -6      170
  SINCE JUN 1    285                       287     -2      488
  SINCE JAN 1    306                       299      7      544
..................................................................


WIND (MPH)
  HIGHEST WIND SPEED    14   HIGHEST WIND DIRECTION     S (160)
  HIGHEST GUST SPEED    19   HIGHEST GUST DIRECTION     S (190)
  AVERAGE WIND SPEED     4.6


SKY COVER
  AVERAGE SKY COVER 0.1



RELATIVE HUMIDITY (PERCENT)
 HIGHEST   100           200 AM
 LOWEST     51           300 PM
 AVERAGE    76

..........................................................


THE GLENS FALLS NY CLIMATE NORMALS FOR TOMORROW
                         NORMAL    RECORD    YEAR
 MAXIMUM TEMPERATURE (F)   78        93      1976
 MINIMUM TEMPERATURE (F)   54        36      1982


SUNRISE AND SUNSET
AUGUST 21 2017........SUNRISE   607 AM EDT   SUNSET   748 PM EDT
AUGUST 22 2017........SUNRISE   608 AM EDT   SUNSET   746 PM EDT


-  INDICATES NEGATIVE NUMBERS.
R  INDICATES RECORD WAS SET OR TIED.
MM INDICATES DATA IS MISSING.
T  INDICATES TRACE AMOUNT.




$$
