000
CDUS44 KSHV 280843
CLIGGG


CLIMATE REPORT
NATIONAL WEATHER SERVICE SHREVEPORT, LA
243 AM CST FRI NOV 28 2014


...................................

...THE LONGVIEW CLIMATE SUMMARY FOR NOVEMBER 27 2014...

CLIMATE NORMAL PERIOD 1981 TO 2010
CLIMATE RECORD PERIOD 1902 TO 2014


WEATHER ITEM   OBSERVED TIME   RECORD YEAR NORMAL DEPARTURE LAST
                VALUE   (LST)  VALUE       VALUE  FROM      YEAR
                                                  NORMAL
..................................................................
TEMPERATURE (F)
 YESTERDAY
  MAXIMUM         60    358 PM  87    1965  63     -3       47
  MINIMUM         37   1156 PM  21    1916  41     -4       27
  AVERAGE         49                        52     -3       37

PRECIPITATION (IN)
  YESTERDAY        0.00          2.69 1968   0.15  -0.15     0.00
  MONTH TO DATE    4.25                      3.99   0.26     4.22
  SINCE DEC 1     40.66                     47.05  -6.39    40.75
  SINCE JAN 1     36.51                     42.56  -6.05    36.40

SNOWFALL (IN)
  YESTERDAY        0.0
  MONTH TO DATE    0.0
  SINCE SEP 1      0.0
  SINCE JUL 1      0.0
  SNOW DEPTH       0

DEGREE DAYS
 HEATING
  YESTERDAY       16                        13      3       28
  MONTH TO DATE  376                       239    137      313
  SINCE SEP 1    397                       328     69      362
  SINCE JUL 1    397                       328     69      362

 COOLING
  YESTERDAY        0                         0      0        0
  MONTH TO DATE    3                        22    -19       15
  SINCE SEP 1    593                       477    116      632
  SINCE JAN 1   2447                      2417     30     2727
..................................................................


WIND (MPH)
  HIGHEST WIND SPEED    14   HIGHEST WIND DIRECTION     N (350)
  HIGHEST GUST SPEED    20   HIGHEST GUST DIRECTION     N (350)
  AVERAGE WIND SPEED     4.6


SKY COVER
  POSSIBLE SUNSHINE  MM
  AVERAGE SKY COVER 0.0


WEATHER CONDITIONS
 THE FOLLOWING WEATHER WAS RECORDED YESTERDAY.
  NO SIGNIFICANT WEATHER WAS OBSERVED.


RELATIVE HUMIDITY (PERCENT)
 HIGHEST    82          1100 PM
 LOWEST     24           100 PM
 AVERAGE    53

..........................................................


THE LONGVIEW CLIMATE NORMALS FOR TODAY
                         NORMAL    RECORD    YEAR
 MAXIMUM TEMPERATURE (F)   63        81      1964
 MINIMUM TEMPERATURE (F)   41        23      1959


SUNRISE AND SUNSET
NOVEMBER 28 2014......SUNRISE   700 AM CST   SUNSET   514 PM CST
NOVEMBER 29 2014......SUNRISE   701 AM CST   SUNSET   514 PM CST


-  INDICATES NEGATIVE NUMBERS.
R  INDICATES RECORD WAS SET OR TIED.
MM INDICATES DATA IS MISSING.
T  INDICATES TRACE AMOUNT.




$$
