000
CDUS44 KSHV 300801
CLIGGG


CLIMATE REPORT
NATIONAL WEATHER SERVICE SHREVEPORT, LA
300 AM CDT THU MAR 30 2017


...................................

...THE LONGVIEW CLIMATE SUMMARY FOR MARCH 29 2017...

CLIMATE NORMAL PERIOD 1981 TO 2010
CLIMATE RECORD PERIOD 1902 TO 2017


WEATHER ITEM   OBSERVED TIME   RECORD YEAR NORMAL DEPARTURE LAST
                VALUE   (LST)  VALUE       VALUE  FROM      YEAR
                                                  NORMAL
..................................................................
TEMPERATURE (F)
 YESTERDAY
  MAXIMUM         80    423 PM  89    1967  72      8       70
  MINIMUM         61    751 AM  26    1921  49     12       51
  AVERAGE         71                        60     11       61

PRECIPITATION (IN)
  YESTERDAY        0.45          8.70 1989   0.13   0.32     0.00
  MONTH TO DATE    2.45                      4.08  -1.63    10.54
  SINCE DEC 1     15.22                     15.93  -0.71    20.88
  SINCE JAN 1     10.42                     11.44  -1.02    14.82

SNOWFALL (IN)
  YESTERDAY        0.0
  MONTH TO DATE    0.0
  SINCE MAR 1      0.0
  SINCE JUL 1      0.0
  SNOW DEPTH       0

DEGREE DAYS
 HEATING
  YESTERDAY        0                         6     -6        4
  MONTH TO DATE  144                       244   -100      141
  SINCE MAR 1    144                       244   -100      141
  SINCE JUL 1   1245                      2148   -903     1590

 COOLING
  YESTERDAY        6                         1      5        0
  MONTH TO DATE   95                        29     66       24
  SINCE MAR 1     95                        29     66       24
  SINCE JAN 1    166                        41    125       30
..................................................................


WIND (MPH)
  HIGHEST WIND SPEED    26   HIGHEST WIND DIRECTION    NW (300)
  HIGHEST GUST SPEED    34   HIGHEST GUST DIRECTION    NW (300)
  AVERAGE WIND SPEED    11.2


SKY COVER
  POSSIBLE SUNSHINE  MM
  AVERAGE SKY COVER 0.6


WEATHER CONDITIONS
 THE FOLLOWING WEATHER WAS RECORDED YESTERDAY.
  THUNDERSTORM
  HEAVY RAIN
  RAIN
  LIGHT RAIN
  FOG


RELATIVE HUMIDITY (PERCENT)
 HIGHEST   100          1100 PM
 LOWEST     62           300 PM
 AVERAGE    81

..........................................................


THE LONGVIEW CLIMATE NORMALS FOR TODAY
                         NORMAL    RECORD    YEAR
 MAXIMUM TEMPERATURE (F)   72        93      1946
 MINIMUM TEMPERATURE (F)   49        29      2003


SUNRISE AND SUNSET
MARCH 30 2017.........SUNRISE   709 AM CDT   SUNSET   738 PM CDT
MARCH 31 2017.........SUNRISE   708 AM CDT   SUNSET   738 PM CDT


-  INDICATES NEGATIVE NUMBERS.
R  INDICATES RECORD WAS SET OR TIED.
MM INDICATES DATA IS MISSING.
T  INDICATES TRACE AMOUNT.




$$
