000
CDUS44 KSHV 250851
CLIGGG


CLIMATE REPORT
NATIONAL WEATHER SERVICE SHREVEPORT, LA
251 AM CST SUN FEB 25 2018


...................................

...THE LONGVIEW CLIMATE SUMMARY FOR FEBRUARY 24 2018...

CLIMATE NORMAL PERIOD 1981 TO 2010
CLIMATE RECORD PERIOD 1902 TO 2018


WEATHER ITEM   OBSERVED TIME   RECORD YEAR NORMAL DEPARTURE LAST
                VALUE   (LST)  VALUE       VALUE  FROM      YEAR
                                                  NORMAL
..................................................................
TEMPERATURE (F)
 YESTERDAY
  MAXIMUM         74    223 PM  87    1996  64     10       72
  MINIMUM         55   1159 PM  21    1914  41     14       50
  AVERAGE         65                        53     12       61

PRECIPITATION (IN)
  YESTERDAY        1.41          1.87 1965   0.15   1.26     0.00
  MONTH TO DATE    8.01                      3.43   4.58     2.36
  SINCE DEC 1     16.09                     11.24   4.85    12.66
  SINCE JAN 1     10.76                      6.75   4.01     7.86

SNOWFALL (IN)
  YESTERDAY        0.0
  MONTH TO DATE    T
  SINCE DEC 1      1.5
  SINCE JUL 1      1.5
  SNOW DEPTH       0

DEGREE DAYS
 HEATING
  YESTERDAY        0                        13    -13        4
  MONTH TO DATE  309                       373    -64      145
  SINCE DEC 1   1488                      1484      4      911
  SINCE JUL 1   1768                      1856    -88     1071

 COOLING
  YESTERDAY        0                         0      0        0
  MONTH TO DATE   23                         0     23       34
  SINCE DEC 1     30                        10     20       71
  SINCE JAN 1     26                         4     22       53
..................................................................


WIND (MPH)
  HIGHEST WIND SPEED    28   HIGHEST WIND DIRECTION     S (180)
  HIGHEST GUST SPEED    36   HIGHEST GUST DIRECTION     S (180)
  AVERAGE WIND SPEED    10.1


SKY COVER
  POSSIBLE SUNSHINE  MM
  AVERAGE SKY COVER 1.0


WEATHER CONDITIONS
 THE FOLLOWING WEATHER WAS RECORDED YESTERDAY.
  THUNDERSTORM
  HEAVY RAIN
  RAIN
  LIGHT RAIN
  FOG


RELATIVE HUMIDITY (PERCENT)
 HIGHEST   100          1200 AM
 LOWEST     84          1100 AM
 AVERAGE    92

..........................................................


THE LONGVIEW CLIMATE NORMALS FOR TODAY
                         NORMAL    RECORD    YEAR
 MAXIMUM TEMPERATURE (F)   64        87      1996
 MINIMUM TEMPERATURE (F)   41        19      1965


SUNRISE AND SUNSET
FEBRUARY 25 2018......SUNRISE   651 AM CST   SUNSET   613 PM CST
FEBRUARY 26 2018......SUNRISE   650 AM CST   SUNSET   614 PM CST


-  INDICATES NEGATIVE NUMBERS.
R  INDICATES RECORD WAS SET OR TIED.
MM INDICATES DATA IS MISSING.
T  INDICATES TRACE AMOUNT.




$$
