000
CDUS44 KSHV 180834
CLIGGG


CLIMATE REPORT
NATIONAL WEATHER SERVICE SHREVEPORT, LA
231 AM CST WED JAN 18 2017


...................................

...THE LONGVIEW CLIMATE SUMMARY FOR JANUARY 17 2017...

CLIMATE NORMAL PERIOD 1981 TO 2010
CLIMATE RECORD PERIOD 1902 TO 2017


WEATHER ITEM   OBSERVED TIME   RECORD YEAR NORMAL DEPARTURE LAST
                VALUE   (LST)  VALUE       VALUE  FROM      YEAR
                                                  NORMAL
..................................................................
TEMPERATURE (F)
 YESTERDAY
  MAXIMUM         57   1207 AM  77    1999  57      0       53
  MINIMUM         50   1159 PM  16    1957  36     14       27
  AVERAGE         54                        46      8       40

PRECIPITATION (IN)
  YESTERDAY        0.31          2.75 1949   0.10   0.21     0.00
  MONTH TO DATE    2.43                      1.74   0.69     0.75
  SINCE DEC 1      7.23                      6.23   1.00     6.81
  SINCE JAN 1      2.43                      1.74   0.69     0.75

SNOWFALL (IN)
  YESTERDAY        0.0
  MONTH TO DATE    0.0
  SINCE DEC 1      0.0
  SINCE JUL 1      0.0
  SNOW DEPTH       0

DEGREE DAYS
 HEATING
  YESTERDAY       11                        19     -8       25
  MONTH TO DATE  211                       323   -112      339
  SINCE DEC 1    626                       857   -231      696
  SINCE JUL 1    786                      1229   -443      896

 COOLING
  YESTERDAY        0                         0      0        0
  MONTH TO DATE   19                         0     19        0
  SINCE DEC 1     37                         6     31       22
  SINCE JAN 1     19                         0     19        0
..................................................................


WIND (MPH)
  HIGHEST WIND SPEED    13   HIGHEST WIND DIRECTION    NW (320)
  HIGHEST GUST SPEED    15   HIGHEST GUST DIRECTION    NE (60)
  AVERAGE WIND SPEED     4.6


SKY COVER
  POSSIBLE SUNSHINE  MM
  AVERAGE SKY COVER 0.8


WEATHER CONDITIONS
 THE FOLLOWING WEATHER WAS RECORDED YESTERDAY.
  RAIN
  LIGHT RAIN
  FOG


RELATIVE HUMIDITY (PERCENT)
 HIGHEST   100           600 AM
 LOWEST     83          1000 AM
 AVERAGE    92

..........................................................


THE LONGVIEW CLIMATE NORMALS FOR TODAY
                         NORMAL    RECORD    YEAR
 MAXIMUM TEMPERATURE (F)   57        78      2000
 MINIMUM TEMPERATURE (F)   36        -4      1930


SUNRISE AND SUNSET
JANUARY 18 2017.......SUNRISE   720 AM CST   SUNSET   539 PM CST
JANUARY 19 2017.......SUNRISE   719 AM CST   SUNSET   540 PM CST


-  INDICATES NEGATIVE NUMBERS.
R  INDICATES RECORD WAS SET OR TIED.
MM INDICATES DATA IS MISSING.
T  INDICATES TRACE AMOUNT.




$$
