000
CDUS44 KSHV 240853
CLIGGG


CLIMATE REPORT
NATIONAL WEATHER SERVICE SHREVEPORT, LA
253 AM CST FRI NOV 24 2017


...................................

...THE LONGVIEW CLIMATE SUMMARY FOR NOVEMBER 23 2017...

CLIMATE NORMAL PERIOD 1981 TO 2010
CLIMATE RECORD PERIOD 1902 TO 2017


WEATHER ITEM   OBSERVED TIME   RECORD YEAR NORMAL DEPARTURE LAST
                VALUE   (LST)  VALUE       VALUE  FROM      YEAR
                                                  NORMAL
..................................................................
TEMPERATURE (F)
 YESTERDAY
  MAXIMUM         63    358 PM  83    2010  65     -2       67
  MINIMUM         30    510 AM  23    1929  43    -13       46
  AVERAGE         47                        54     -7       57

PRECIPITATION (IN)
  YESTERDAY        0.00          3.04 1940   0.14  -0.14     1.91
  MONTH TO DATE    1.89                      3.38  -1.49     2.03
  SINCE DEC 1     44.30                     46.44  -2.14    49.89
  SINCE JAN 1     39.50                     41.95  -2.45    43.83

SNOWFALL (IN)
  YESTERDAY        0.0
  MONTH TO DATE    0.0
  SINCE SEP 1      0.0
  SINCE JUL 1      0.0
  SNOW DEPTH       0

DEGREE DAYS
 HEATING
  YESTERDAY       18                        12      6        8
  MONTH TO DATE  135                       189    -54       93
  SINCE SEP 1    224                       278    -54      107
  SINCE JUL 1    224                       278    -54      107

 COOLING
  YESTERDAY        0                         0      0        0
  MONTH TO DATE   83                        22     61       51
  SINCE SEP 1    631                       477    154      684
  SINCE JAN 1   2699                      2417    282     2729
..................................................................


WIND (MPH)
  HIGHEST WIND SPEED     7   HIGHEST WIND DIRECTION     S (200)
  HIGHEST GUST SPEED     9   HIGHEST GUST DIRECTION     W (280)
  AVERAGE WIND SPEED     1.4


SKY COVER
  POSSIBLE SUNSHINE  MM
  AVERAGE SKY COVER 0.0


WEATHER CONDITIONS
 THE FOLLOWING WEATHER WAS RECORDED YESTERDAY.
  NO SIGNIFICANT WEATHER WAS OBSERVED.


RELATIVE HUMIDITY (PERCENT)
 HIGHEST   100           400 AM
 LOWEST     32           300 PM
 AVERAGE    66

..........................................................


THE LONGVIEW CLIMATE NORMALS FOR TODAY
                         NORMAL    RECORD    YEAR
 MAXIMUM TEMPERATURE (F)   64        90      1910
 MINIMUM TEMPERATURE (F)   42        21      1916


SUNRISE AND SUNSET
NOVEMBER 24 2017......SUNRISE   657 AM CST   SUNSET   515 PM CST
NOVEMBER 25 2017......SUNRISE   657 AM CST   SUNSET   514 PM CST


-  INDICATES NEGATIVE NUMBERS.
R  INDICATES RECORD WAS SET OR TIED.
MM INDICATES DATA IS MISSING.
T  INDICATES TRACE AMOUNT.




$$
