000
CDUS45 KGGW 051231
CLIGGW


CLIMATE REPORT
NATIONAL WEATHER SERVICE GLASGOW MT
631 AM MDT SAT SEP 5 2015


...................................

...THE GLASGOW MT CLIMATE SUMMARY FOR SEPTEMBER 5 2015...
VALID AS OF 0600 AM LOCAL TIME.

CLIMATE NORMAL PERIOD 1981 TO 2010
CLIMATE RECORD PERIOD 1893 TO 2015


WEATHER ITEM   OBSERVED TIME   RECORD YEAR NORMAL DEPARTURE LAST
                VALUE   (LST)  VALUE       VALUE  FROM      YEAR
                                                  NORMAL
..................................................................
TEMPERATURE (F)
 TODAY
  MINIMUM         52    409 AM  31    1898  49      3       44

PRECIPITATION (IN)
  TODAY            0.22          1.23 1938   0.04   0.18     0.00
  MONTH TO DATE    0.23                      0.16   0.07      T
  SINCE OCT 1     10.98                     10.88   0.10    14.40
  SINCE JAN 1      9.72                      9.33   0.39    12.95

SNOWFALL (IN)
  TODAY            0.0           0.0  2002   0.0    0.0      0.0
                                      2001
                                      2000
  MONTH TO DATE    0.0                       0.0    0.0      0.0
  SINCE SEP 1      0.0                       0.0    0.0      0.0
  SINCE JUL 1      0.0                       0.0    0.0      0.0
  SNOW DEPTH       0

DEGREE DAYS
 HEATING
  TODAY           11                         4      7        5
  MONTH TO DATE   11                        19     -8       19
  SINCE SEP 1     11                        19     -8       19
  SINCE JUL 1     61                        72    -11       72

 COOLING
  TODAY            0                         2     -2        0
  MONTH TO DATE   23                        14      9        0
  SINCE SEP 1     23                        14      9        0
  SINCE JAN 1    587                       509     78      472
..................................................................





WEATHER CONDITIONS
 THE FOLLOWING WEATHER WAS RECORDED TODAY.
  THUNDERSTORM
  HEAVY RAIN
  RAIN
  LIGHT RAIN
  FOG


RELATIVE HUMIDITY (PERCENT)
 HIGHEST    89           300 AM

..........................................................


THE GLASGOW MT CLIMATE NORMALS FOR TOMORROW
                         NORMAL    RECORD    YEAR
 MAXIMUM TEMPERATURE (F)   77       100      1931
 MINIMUM TEMPERATURE (F)   49        28      1929


SUNRISE AND SUNSET
SEPTEMBER  5 2015.....SUNRISE   630 AM MDT   SUNSET   740 PM MDT
SEPTEMBER  6 2015.....SUNRISE   631 AM MDT   SUNSET   738 PM MDT


-  INDICATES NEGATIVE NUMBERS.
R  INDICATES RECORD WAS SET OR TIED.
MM INDICATES DATA IS MISSING.
T  INDICATES TRACE AMOUNT.

$$
