000
CDUS45 KGGW 230016
CLIGGW


CLIMATE REPORT
NATIONAL WEATHER SERVICE GLASGOW MT
615 PM MDT MON SEP 22 2014


...................................

...THE GLASGOW MT CLIMATE SUMMARY FOR SEPTEMBER 22 2014...
VALID TODAY AS OF 0500 PM LOCAL TIME.

CLIMATE NORMAL PERIOD 1981 TO 2010
CLIMATE RECORD PERIOD 1893 TO 2014


WEATHER ITEM   OBSERVED TIME   RECORD YEAR NORMAL DEPARTURE LAST
                VALUE   (LST)  VALUE       VALUE  FROM      YEAR
                                                  NORMAL
..................................................................
TEMPERATURE (F)
 TODAY
  MAXIMUM         82        MM  93    1938  69     13       76
                                      1935
                                      1917
  MINIMUM         47        MM  26    1932  42      5       54
  AVERAGE         65                        55     10       65

PRECIPITATION (IN)
  TODAY            0.00          0.96 2006   0.03  -0.03     0.00
  MONTH TO DATE    0.40                      0.68  -0.28     1.67
  SINCE OCT 1     14.80                     11.40   3.40    16.46
  SINCE JAN 1     13.35                      9.85   3.50    14.26

SNOWFALL (IN)
  TODAY            0.0           T    2000   0.0    0.0      0.0
  MONTH TO DATE    0.0                       0.1   -0.1      0.0
  SINCE SEP 1      0.0                       0.1   -0.1      0.0
  SINCE JUL 1      0.0                       0.1   -0.1      0.0
  SNOW DEPTH       0

DEGREE DAYS
 HEATING
  TODAY            0                        10    -10        0
  MONTH TO DATE  180                       145     35       32
  SINCE SEP 1    180                       145     35       32
  SINCE JUL 1    233                       198     35       47

 COOLING
  TODAY            0                         1     -1        0
  MONTH TO DATE    5                        37    -32       86
  SINCE SEP 1      5                        37    -32       86
  SINCE JAN 1    477                       532    -55      563
..................................................................


WIND (MPH)
  HIGHEST WIND SPEED    18   HIGHEST WIND DIRECTION     E (110)
  HIGHEST GUST SPEED    21   HIGHEST GUST DIRECTION    SE (130)
  AVERAGE WIND SPEED    12.5


SKY COVER
  POSSIBLE SUNSHINE  MM
  AVERAGE SKY COVER 0.0


WEATHER CONDITIONS
 THE FOLLOWING WEATHER WAS RECORDED TODAY.
  NO SIGNIFICANT WEATHER WAS OBSERVED.


RELATIVE HUMIDITY (PERCENT)
 HIGHEST    61           500 AM
 LOWEST     30           400 PM
 AVERAGE    46

..........................................................


THE GLASGOW MT CLIMATE NORMALS FOR TOMORROW
                         NORMAL    RECORD    YEAR
 MAXIMUM TEMPERATURE (F)   68        95      1992
 MINIMUM TEMPERATURE (F)   41        19      1894


SUNRISE AND SUNSET
SEPTEMBER 22 2014.....SUNRISE   653 AM MDT   SUNSET   704 PM MDT
SEPTEMBER 23 2014.....SUNRISE   655 AM MDT   SUNSET   702 PM MDT


-  INDICATES NEGATIVE NUMBERS.
R  INDICATES RECORD WAS SET OR TIED.
MM INDICATES DATA IS MISSING.
T  INDICATES TRACE AMOUNT.




$$
