000
CDUS45 KGGW 230025
CLIGGW


CLIMATE REPORT
NATIONAL WEATHER SERVICE GLASGOW MT
615 PM MDT THU JUN 22 2017


...................................

...THE GLASGOW MT CLIMATE SUMMARY FOR JUNE 22 2017...
VALID TODAY AS OF 0500 PM LOCAL TIME.

CLIMATE NORMAL PERIOD 1981 TO 2010
CLIMATE RECORD PERIOD 1893 TO 2017


WEATHER ITEM   OBSERVED TIME   RECORD YEAR NORMAL DEPARTURE LAST
                VALUE   (LST)  VALUE       VALUE  FROM      YEAR
                                                  NORMAL
..................................................................
TEMPERATURE (F)
 TODAY
  MAXIMUM         70        MM 109    1900  79     -9       77
  MINIMUM         47        MM  33    1942  53     -6       51
  AVERAGE         59                        66     -7       64

PRECIPITATION (IN)
  TODAY            0.01          1.26 1916   0.08  -0.07     0.00
  MONTH TO DATE    0.13                      1.78  -1.65     3.04
  SINCE OCT 1      6.27                      7.15  -0.88    14.23
  SINCE JAN 1      2.74                      5.60  -2.86    11.25

SNOWFALL (IN)
  TODAY            0.0           T    1993   0.0    0.0      0.0
  MONTH TO DATE    0.0                       0.0    0.0      0.0
  SINCE JUN 1      0.0                       0.0    0.0      0.0
  SINCE JUL 1     37.7                      34.8    2.9     27.6
  SNOW DEPTH       0

DEGREE DAYS
 HEATING
  TODAY            6                         2      4        1
  MONTH TO DATE   20                        91    -71       26
  SINCE JUN 1     20                        91    -71       26
  SINCE JUL 1   7933                      8422   -489     7083

 COOLING
  TODAY            0                         3     -3        0
  MONTH TO DATE   67                        45     22       48
  SINCE JUN 1     67                        45     22       48
  SINCE JAN 1     82                        62     20       59
..................................................................


WIND (MPH)
  HIGHEST WIND SPEED    35   HIGHEST WIND DIRECTION    NW (310)
  HIGHEST GUST SPEED    54   HIGHEST GUST DIRECTION    NW (310)
  AVERAGE WIND SPEED    16.0


SKY COVER
  POSSIBLE SUNSHINE  MM
  AVERAGE SKY COVER 0.3


WEATHER CONDITIONS
 THE FOLLOWING WEATHER WAS RECORDED TODAY.
  LIGHT RAIN


RELATIVE HUMIDITY (PERCENT)
 HIGHEST    86           500 AM
 LOWEST     22          1100 AM
 AVERAGE    54

..........................................................


THE GLASGOW MT CLIMATE NORMALS FOR TOMORROW
                         NORMAL    RECORD    YEAR
 MAXIMUM TEMPERATURE (F)   79       107      1900
 MINIMUM TEMPERATURE (F)   53        37      1967


SUNRISE AND SUNSET
JUNE 22 2017..........SUNRISE   506 AM MDT   SUNSET   911 PM MDT
JUNE 23 2017..........SUNRISE   506 AM MDT   SUNSET   911 PM MDT


-  INDICATES NEGATIVE NUMBERS.
R  INDICATES RECORD WAS SET OR TIED.
MM INDICATES DATA IS MISSING.
T  INDICATES TRACE AMOUNT.




$$
