000
CDUS45 KGGW 260740
CLIGGW


CLIMATE REPORT
NATIONAL WEATHER SERVICE GLASGOW MT
140 AM MDT THU MAY 26 2016


...................................

...THE GLASGOW MT CLIMATE SUMMARY FOR MAY 25 2016...

CLIMATE NORMAL PERIOD 1981 TO 2010
CLIMATE RECORD PERIOD 1893 TO 2016


WEATHER ITEM   OBSERVED TIME   RECORD YEAR NORMAL DEPARTURE LAST
                VALUE   (LST)  VALUE       VALUE  FROM      YEAR
                                                  NORMAL
..................................................................
TEMPERATURE (F)
 YESTERDAY
  MAXIMUM         67    257 PM  95    1931  70     -3       79
  MINIMUM         42    331 AM  22    1903  46     -4       49
  AVERAGE         55                        58     -3       64

PRECIPITATION (IN)
  YESTERDAY        0.00          1.53 2013   0.08  -0.08     0.00
  MONTH TO DATE    3.85                      1.44   2.41     0.73
  SINCE OCT 1     10.58                      4.89   5.69     4.99
  SINCE JAN 1      7.60                      3.34   4.26     3.73

SNOWFALL (IN)
  YESTERDAY        0.0           T    1984   0.1   -0.1      0.0
  MONTH TO DATE    0.0                       1.2   -1.2      0.0
  SINCE MAR 1      6.1                       7.8   -1.7      8.1
  SINCE JUL 1     27.6                      34.8   -7.2     43.2
  SNOW DEPTH       0

DEGREE DAYS
 HEATING
  YESTERDAY       10                         8      2        1
  MONTH TO DATE  223                       282    -59      309
  SINCE MAR 1   1546                      1919   -373     1650
  SINCE JUL 1   7011                      8289  -1278     7734

 COOLING
  YESTERDAY        0                         1     -1        0
  MONTH TO DATE   11                         5      6        0
  SINCE MAR 1     11                         6      5        0
  SINCE JAN 1     11                         6      5        0
..................................................................


WIND (MPH)
  HIGHEST WIND SPEED    18   HIGHEST WIND DIRECTION    NW (320)
  HIGHEST GUST SPEED    22   HIGHEST GUST DIRECTION     N (350)
  AVERAGE WIND SPEED     6.1


SKY COVER
  POSSIBLE SUNSHINE  MM
  AVERAGE SKY COVER 0.3


WEATHER CONDITIONS
 THE FOLLOWING WEATHER WAS RECORDED YESTERDAY.
  NO SIGNIFICANT WEATHER WAS OBSERVED.


RELATIVE HUMIDITY (PERCENT)
 HIGHEST    92           300 AM
 LOWEST     40           500 PM
 AVERAGE    66

..........................................................


THE GLASGOW MT CLIMATE NORMALS FOR TODAY
                         NORMAL    RECORD    YEAR
 MAXIMUM TEMPERATURE (F)   71        99      1934
 MINIMUM TEMPERATURE (F)   46        27      1904


SUNRISE AND SUNSET
MAY 26 2016...........SUNRISE   515 AM MDT   SUNSET   853 PM MDT
MAY 27 2016...........SUNRISE   514 AM MDT   SUNSET   854 PM MDT


-  INDICATES NEGATIVE NUMBERS.
R  INDICATES RECORD WAS SET OR TIED.
MM INDICATES DATA IS MISSING.
T  INDICATES TRACE AMOUNT.

$$
