000
CDUS45 KGGW 201332
CLIGGW


CLIMATE REPORT
NATIONAL WEATHER SERVICE GLASGOW MT
632 AM MST TUE FEB 20 2018


...................................

...THE GLASGOW MT CLIMATE SUMMARY FOR FEBRUARY 20 2018...
VALID AS OF 0600 AM LOCAL TIME.

CLIMATE NORMAL PERIOD 1981 TO 2010
CLIMATE RECORD PERIOD 1893 TO 2018


WEATHER ITEM   OBSERVED TIME   RECORD YEAR NORMAL DEPARTURE LAST
                VALUE   (LST)  VALUE       VALUE  FROM      YEAR
                                                  NORMAL
..................................................................
TEMPERATURE (F)
 TODAY
  MINIMUM        -14    524 AM -45    1918  11    -25       26

PRECIPITATION (IN)
  TODAY            0.00          0.50 1899   0.01  -0.01     0.01
  MONTH TO DATE    0.76                      0.17   0.59     0.28
  SINCE OCT 1      2.93                      2.09   0.84     4.28
  SINCE JAN 1      1.13                      0.54   0.59     0.75

SNOWFALL (IN)
  TODAY            0.0           6.6  2011   0.2   -0.2      0.0
  MONTH TO DATE   16.3                       3.1   13.2      7.0
  SINCE DEC 1     36.6                      19.1   17.5     28.9
  SINCE JUL 1     38.2                      25.7   12.5     29.3
  SNOW DEPTH       6

DEGREE DAYS
 HEATING
  TODAY           74                        44     30       25
  MONTH TO DATE 1320                       942    378      855
  SINCE DEC 1   4466                      4038    428     4169
  SINCE JUL 1   6401                      6031    370     5788

 COOLING
  TODAY            0                         0      0        0
  MONTH TO DATE    0                         0      0        0
  SINCE DEC 1      0                         0      0        0
  SINCE JAN 1      0                         0      0        0
..................................................................





WEATHER CONDITIONS
 THE FOLLOWING WEATHER WAS RECORDED TODAY.
  NO SIGNIFICANT WEATHER WAS OBSERVED.


RELATIVE HUMIDITY (PERCENT)
 HIGHEST    87           500 AM

..........................................................


THE GLASGOW MT CLIMATE NORMALS FOR TOMORROW
                         NORMAL    RECORD    YEAR
 MAXIMUM TEMPERATURE (F)   31        63      1995
 MINIMUM TEMPERATURE (F)   11       -43      1918


SUNRISE AND SUNSET
FEBRUARY 20 2018......SUNRISE   704 AM MST   SUNSET   537 PM MST
FEBRUARY 21 2018......SUNRISE   702 AM MST   SUNSET   538 PM MST


-  INDICATES NEGATIVE NUMBERS.
R  INDICATES RECORD WAS SET OR TIED.
MM INDICATES DATA IS MISSING.
T  INDICATES TRACE AMOUNT.




$$
