000
CDUS45 KGJT 180754
CLIGJT


CLIMATE REPORT
NATIONAL WEATHER SERVICE GRAND JUNCTION CO
1253 AM MST SAT NOV 18 2017


...................................

...THE GRAND JUNCTION CO CLIMATE SUMMARY FOR NOVEMBER 17 2017...

CLIMATE NORMAL PERIOD 1981 TO 2010
CLIMATE RECORD PERIOD 1893 TO 2017


WEATHER ITEM   OBSERVED TIME   RECORD YEAR NORMAL DEPARTURE LAST
                VALUE   (LST)  VALUE       VALUE  FROM      YEAR
                                                  NORMAL
..................................................................
TEMPERATURE (F)
 YESTERDAY
  MAXIMUM         68    259 PM  69    1999  49     19       61
  MINIMUM         30   1155 PM  10    2014  27      3       29
  AVERAGE         49                        38     11       45

PRECIPITATION (IN)
  YESTERDAY        0.01          0.35 1930   0.02  -0.01     0.22
  MONTH TO DATE    0.01                      0.44  -0.43     0.24
  SINCE SEP 1      1.03                      2.69  -1.66     1.28
  SINCE JAN 1      5.04                      8.54  -3.50     7.53

SNOWFALL (IN)
  YESTERDAY        T             2.3  1985   0.1   -0.1      0.1
  MONTH TO DATE    T                         0.9   -0.9      0.1
  SINCE SEP 1      T                         1.3   -1.3      0.1
  SINCE JUL 1      T                         1.3   -1.3      0.1
  SNOW DEPTH       0

DEGREE DAYS
 HEATING
  YESTERDAY       16                        27    -11       20
  MONTH TO DATE  289                       387    -98      237
  SINCE SEP 1    820                       832    -12      512
  SINCE JUL 1    820                       835    -15      512

 COOLING
  YESTERDAY        0                         0      0        0
  MONTH TO DATE    0                         0      0        0
  SINCE SEP 1    183                       106     77      131
  SINCE JAN 1   1479                      1125    354     1245
..................................................................


WIND (MPH)
  HIGHEST WIND SPEED    35   HIGHEST WIND DIRECTION    NW (300)
  HIGHEST GUST SPEED    45   HIGHEST GUST DIRECTION     W (290)
  AVERAGE WIND SPEED    13.5


SKY COVER
  POSSIBLE SUNSHINE  MM
  AVERAGE SKY COVER 0.4


WEATHER CONDITIONS
 THE FOLLOWING WEATHER WAS RECORDED YESTERDAY.
  THUNDERSTORM
  LIGHT RAIN
  HAIL


RELATIVE HUMIDITY (PERCENT)
 HIGHEST    76           600 PM
 LOWEST     28          1200 PM
 AVERAGE    52

..........................................................


THE GRAND JUNCTION CO CLIMATE NORMALS FOR TODAY
                         NORMAL    RECORD    YEAR
 MAXIMUM TEMPERATURE (F)   49        65      1973
 MINIMUM TEMPERATURE (F)   27        11      2014
                                             2000


SUNRISE AND SUNSET
NOVEMBER 18 2017......SUNRISE   701 AM MST   SUNSET   457 PM MST
NOVEMBER 19 2017......SUNRISE   702 AM MST   SUNSET   457 PM MST


-  INDICATES NEGATIVE NUMBERS.
R  INDICATES RECORD WAS SET OR TIED.
MM INDICATES DATA IS MISSING.
T  INDICATES TRACE AMOUNT.




$$
