000
CDUS45 KGJT 250736
CLIGJT


CLIMATE REPORT
NATIONAL WEATHER SERVICE GRAND JUNCTION CO
134 AM MDT THU MAY 25 2017


...................................

...THE GRAND JUNCTION CO CLIMATE SUMMARY FOR MAY 24 2017...

CLIMATE NORMAL PERIOD 1981 TO 2010
CLIMATE RECORD PERIOD 1893 TO 2017


WEATHER ITEM   OBSERVED TIME   RECORD YEAR NORMAL DEPARTURE LAST
                VALUE   (LST)  VALUE       VALUE  FROM      YEAR
                                                  NORMAL
..................................................................
TEMPERATURE (F)
 YESTERDAY
  MAXIMUM         88    455 PM  94    2005  79      9       78
  MINIMUM         47    514 AM  37    1971  49     -2       48
  AVERAGE         68                        64      4       63

PRECIPITATION (IN)
  YESTERDAY        0.00          1.83 1906   0.02  -0.02     0.00
  MONTH TO DATE    0.66                      0.71  -0.05     0.85
  SINCE MAR 1      1.28                      2.54  -1.26     3.54
  SINCE JAN 1      2.83                      3.66  -0.83     4.91

SNOWFALL (IN)
  YESTERDAY        0.0           0.0  2002   0.0    0.0      0.0
  MONTH TO DATE    T                         0.1   -0.1       T
  SINCE MAR 1      T                         3.6   -3.6      1.1
  SINCE JUL 1     13.9                      19.1   -5.2     28.5
  SNOW DEPTH       0

DEGREE DAYS
 HEATING
  YESTERDAY        0                         3     -3        2
  MONTH TO DATE  156                       137     19      170
  SINCE MAR 1    969                      1192   -223     1214
  SINCE JUL 1   4616                      5571   -955     5692

 COOLING
  YESTERDAY        3                         2      1        0
  MONTH TO DATE   20                        28     -8       12
  SINCE MAR 1     21                        31    -10       12
  SINCE JAN 1     21                        31    -10       12
..................................................................


WIND (MPH)
  HIGHEST WIND SPEED    26   HIGHEST WIND DIRECTION     W (270)
  HIGHEST GUST SPEED    33   HIGHEST GUST DIRECTION    NW (310)
  AVERAGE WIND SPEED     9.0


SKY COVER
  POSSIBLE SUNSHINE  MM
  AVERAGE SKY COVER 0.0


WEATHER CONDITIONS
 THE FOLLOWING WEATHER WAS RECORDED YESTERDAY.
  NO SIGNIFICANT WEATHER WAS OBSERVED.


RELATIVE HUMIDITY (PERCENT)
 HIGHEST    52           500 AM
 LOWEST     11           500 PM
 AVERAGE    32

..........................................................


THE GRAND JUNCTION CO CLIMATE NORMALS FOR TODAY
                         NORMAL    RECORD    YEAR
 MAXIMUM TEMPERATURE (F)   79        92      2006
                                             2001
 MINIMUM TEMPERATURE (F)   50        36      2010


SUNRISE AND SUNSET
MAY 25 2017...........SUNRISE   553 AM MDT   SUNSET   829 PM MDT
MAY 26 2017...........SUNRISE   553 AM MDT   SUNSET   830 PM MDT


-  INDICATES NEGATIVE NUMBERS.
R  INDICATES RECORD WAS SET OR TIED.
MM INDICATES DATA IS MISSING.
T  INDICATES TRACE AMOUNT.




$$
