000
CDUS45 KGJT 270744
CLIGJT


CLIMATE REPORT
NATIONAL WEATHER SERVICE GRAND JUNCTION CO
141 AM MDT THU AUG 27 2015


...................................

...THE GRAND JUNCTION CO CLIMATE SUMMARY FOR AUGUST 26 2015...

CLIMATE NORMAL PERIOD 1981 TO 2010
CLIMATE RECORD PERIOD 1893 TO 2015


WEATHER ITEM   OBSERVED TIME   RECORD YEAR NORMAL DEPARTURE LAST
                VALUE   (LST)  VALUE       VALUE  FROM      YEAR
                                                  NORMAL
..................................................................
TEMPERATURE (F)
 YESTERDAY
  MAXIMUM         81   1206 PM  99    1969  88     -7       79
  MINIMUM         63   1156 PM  49    1992  59      4       57
                                      1987
  AVERAGE         72                        74     -2       68

PRECIPITATION (IN)
  YESTERDAY        0.05          0.63 1952   0.03   0.02     0.26
  MONTH TO DATE    0.12                      0.78  -0.66     2.89
  SINCE JUN 1      2.56                      1.85   0.71     4.04
  SINCE JAN 1      7.66                      5.68   1.98     7.82

SNOWFALL (IN)
  YESTERDAY        0.0           0.0  2014   0.0    0.0      0.0
  MONTH TO DATE    T                         0.0    0.0      0.0
  SINCE JUN 1      T                         0.0    0.0      0.0
  SINCE JUL 1      T                         0.0    0.0      0.0
  SNOW DEPTH       0

DEGREE DAYS
 HEATING
  YESTERDAY        0                         0      0        0
  MONTH TO DATE    0                         0      0        4
  SINCE JUN 1     12                        23    -11       23
  SINCE JUL 1      0                         1     -1        4

 COOLING
  YESTERDAY        7                         9     -2        3
  MONTH TO DATE  282                       288     -6      200
  SINCE JUN 1    849                       929    -80      848
  SINCE JAN 1    857                       980   -123      907
..................................................................


WIND (MPH)
  HIGHEST WIND SPEED    23   HIGHEST WIND DIRECTION    NW (330)
  HIGHEST GUST SPEED    27   HIGHEST GUST DIRECTION    NW (330)
  AVERAGE WIND SPEED     6.4


SKY COVER
  POSSIBLE SUNSHINE  MM
  AVERAGE SKY COVER 0.5


WEATHER CONDITIONS
 THE FOLLOWING WEATHER WAS RECORDED YESTERDAY.
  LIGHT RAIN
  FOG


RELATIVE HUMIDITY (PERCENT)
 HIGHEST    93           900 PM
 LOWEST     27          1200 AM
 AVERAGE    60

..........................................................


THE GRAND JUNCTION CO CLIMATE NORMALS FOR TODAY
                         NORMAL    RECORD    YEAR
 MAXIMUM TEMPERATURE (F)   88        97      2001
                                             1969
 MINIMUM TEMPERATURE (F)   59        45      1992


SUNRISE AND SUNSET
AUGUST 27 2015........SUNRISE   638 AM MDT   SUNSET   753 PM MDT
AUGUST 28 2015........SUNRISE   639 AM MDT   SUNSET   751 PM MDT


-  INDICATES NEGATIVE NUMBERS.
R  INDICATES RECORD WAS SET OR TIED.
MM INDICATES DATA IS MISSING.
T  INDICATES TRACE AMOUNT.




$$
