000
CDUS45 KGJT 210805
CLIGJT


CLIMATE REPORT
NATIONAL WEATHER SERVICE GRAND JUNCTION CO
103 AM MST SUN DEC 21 2014


...................................

...THE GRAND JUNCTION CO CLIMATE SUMMARY FOR DECEMBER 20 2014...

CLIMATE NORMAL PERIOD 1981 TO 2010
CLIMATE RECORD PERIOD 1893 TO 2014


WEATHER ITEM   OBSERVED TIME   RECORD YEAR NORMAL DEPARTURE LAST
                VALUE   (LST)  VALUE       VALUE  FROM      YEAR
                                                  NORMAL
..................................................................
TEMPERATURE (F)
 YESTERDAY
  MAXIMUM         39    157 PM  59    1921  37      2       32
  MINIMUM         27    649 AM  -6    1908  18      9       14
  AVERAGE         33                        28      5       23

PRECIPITATION (IN)
  YESTERDAY        0.00          0.25 1998   0.01  -0.01     0.00
  MONTH TO DATE    0.55                      0.38   0.17     0.93
  SINCE DEC 1      0.55                      0.38   0.17     0.93
  SINCE JAN 1     11.45                      9.21   2.24    12.40

SNOWFALL (IN)
  YESTERDAY        0.0           6.3  1998   0.2   -0.2      0.0
  MONTH TO DATE    0.5                       2.8   -2.3     10.0
  SINCE DEC 1      0.5                       2.8   -2.3     10.0
  SINCE JUL 1      0.5                       5.3   -4.8     14.8
  SNOW DEPTH       0

DEGREE DAYS
 HEATING
  YESTERDAY       32                        38     -6       42
  MONTH TO DATE  557                       712   -155     1016
  SINCE DEC 1    557                       712   -155     1016
  SINCE JUL 1   1781                      1940   -159     2355

 COOLING
  YESTERDAY        0                         0      0        0
  MONTH TO DATE    0                         0      0        0
  SINCE DEC 1      0                         0      0        0
  SINCE JAN 1   1046                      1125    -79     1269
..................................................................


WIND (MPH)
  HIGHEST WIND SPEED    15   HIGHEST WIND DIRECTION    SE (130)
  HIGHEST GUST SPEED    18   HIGHEST GUST DIRECTION    SE (120)
  AVERAGE WIND SPEED     3.9


SKY COVER
  POSSIBLE SUNSHINE  MM
  AVERAGE SKY COVER 0.7


WEATHER CONDITIONS
 THE FOLLOWING WEATHER WAS RECORDED YESTERDAY.
  NO SIGNIFICANT WEATHER WAS OBSERVED.


RELATIVE HUMIDITY (PERCENT)
 HIGHEST    92          1200 AM
 LOWEST     54          1200 PM
 AVERAGE    73

..........................................................


THE GRAND JUNCTION CO CLIMATE NORMALS FOR TODAY
                         NORMAL    RECORD    YEAR
 MAXIMUM TEMPERATURE (F)   37        61      1921
 MINIMUM TEMPERATURE (F)   17       -10      1990


SUNRISE AND SUNSET
DECEMBER 21 2014......SUNRISE   730 AM MST   SUNSET   455 PM MST
DECEMBER 22 2014......SUNRISE   730 AM MST   SUNSET   455 PM MST


-  INDICATES NEGATIVE NUMBERS.
R  INDICATES RECORD WAS SET OR TIED.
MM INDICATES DATA IS MISSING.
T  INDICATES TRACE AMOUNT.




$$
