000
CDUS45 KGJT 180737
CLIGJT


CLIMATE REPORT
NATIONAL WEATHER SERVICE GRAND JUNCTION CO
135 AM MDT THU SEP 18 2014


...................................

...THE GRAND JUNCTION CO CLIMATE SUMMARY FOR SEPTEMBER 17 2014...

CLIMATE NORMAL PERIOD 1981 TO 2010
CLIMATE RECORD PERIOD 1893 TO 2014


WEATHER ITEM   OBSERVED TIME   RECORD YEAR NORMAL DEPARTURE LAST
                VALUE   (LST)  VALUE       VALUE  FROM      YEAR
                                                  NORMAL
..................................................................
TEMPERATURE (F)
 YESTERDAY
  MAXIMUM         87    439 PM  96    1895  80      7       75
  MINIMUM         55    518 AM  32    2006  52      3       57
  AVERAGE         71                        66      5       66

PRECIPITATION (IN)
  YESTERDAY        0.00          0.62 2007   0.04  -0.04     0.07
  MONTH TO DATE    0.44                      0.65  -0.21     2.31
  SINCE SEP 1      0.44                      0.65  -0.21     2.31
  SINCE JAN 1      8.53                      6.50   2.03     8.28

SNOWFALL (IN)
  YESTERDAY        0.0           T    2001   0.0    0.0      0.0
  MONTH TO DATE    0.0                       0.0    0.0      0.0
  SINCE SEP 1      0.0                       0.0    0.0      0.0
  SINCE JUL 1      0.0                       0.0    0.0      0.0
  SNOW DEPTH       0

DEGREE DAYS
 HEATING
  YESTERDAY        0                         2     -2        0
  MONTH TO DATE   10                        18     -8       11
  SINCE SEP 1     10                        18     -8       11
  SINCE JUL 1     15                        21     -6       11

 COOLING
  YESTERDAY        6                         3      3        1
  MONTH TO DATE   64                        83    -19      126
  SINCE SEP 1     64                        83    -19      126
  SINCE JAN 1    990                      1102   -112     1252
..................................................................


WIND (MPH)
  HIGHEST WIND SPEED    14   HIGHEST WIND DIRECTION    SE (130)
  HIGHEST GUST SPEED    17   HIGHEST GUST DIRECTION     E (100)
  AVERAGE WIND SPEED     7.4


SKY COVER
  POSSIBLE SUNSHINE  MM
  AVERAGE SKY COVER 0.0


WEATHER CONDITIONS
 THE FOLLOWING WEATHER WAS RECORDED YESTERDAY.
  NO SIGNIFICANT WEATHER WAS OBSERVED.


RELATIVE HUMIDITY (PERCENT)
 HIGHEST    61           600 AM
 LOWEST     18           400 PM
 AVERAGE    40

..........................................................


THE GRAND JUNCTION CO CLIMATE NORMALS FOR TODAY
                         NORMAL    RECORD    YEAR
 MAXIMUM TEMPERATURE (F)   79        95      1895
 MINIMUM TEMPERATURE (F)   51        31      1971


SUNRISE AND SUNSET
SEPTEMBER 18 2014.....SUNRISE   658 AM MDT   SUNSET   718 PM MDT
SEPTEMBER 19 2014.....SUNRISE   659 AM MDT   SUNSET   716 PM MDT


-  INDICATES NEGATIVE NUMBERS.
R  INDICATES RECORD WAS SET OR TIED.
MM INDICATES DATA IS MISSING.
T  INDICATES TRACE AMOUNT.




$$
