000
CDUS45 KGJT 310733
CLIGJT


CLIMATE REPORT
NATIONAL WEATHER SERVICE GRAND JUNCTION CO
129 AM MDT WED AUG 31 2016


...................................

...THE GRAND JUNCTION CO CLIMATE SUMMARY FOR AUGUST 30 2016...

CLIMATE NORMAL PERIOD 1981 TO 2010
CLIMATE RECORD PERIOD 1893 TO 2016


WEATHER ITEM   OBSERVED TIME   RECORD YEAR NORMAL DEPARTURE LAST
                VALUE   (LST)  VALUE       VALUE  FROM      YEAR
                                                  NORMAL
..................................................................
TEMPERATURE (F)
 YESTERDAY
  MAXIMUM         88    445 PM  97    1919  87      1       90
  MINIMUM         56    541 AM  50    1964  58     -2       59
                                      1910
  AVERAGE         72                        72      0       75

PRECIPITATION (IN)
  YESTERDAY        0.00          0.44 1901   0.03  -0.03     0.22
  MONTH TO DATE    0.55                      0.91  -0.36     0.68
  SINCE JUN 1      1.28                      1.98  -0.70     3.12
  SINCE JAN 1      6.25                      5.81   0.44     8.22

SNOWFALL (IN)
  YESTERDAY        0.0           0.0  2015   0.0    0.0      0.0
  MONTH TO DATE    0.0                       0.0    0.0       T
  SINCE JUN 1      0.0                       0.0    0.0       T
  SINCE JUL 1      0.0                       0.0    0.0       T
  SNOW DEPTH       0

DEGREE DAYS
 HEATING
  YESTERDAY        0                         0      0        0
  MONTH TO DATE    0                         0      0        0
  SINCE JUN 1      1                        23    -22       12
  SINCE JUL 1      0                         1     -1        0

 COOLING
  YESTERDAY        7                         8     -1       10
  MONTH TO DATE  296                       320    -24      314
  SINCE JUN 1   1090                       961    129      881
  SINCE JAN 1   1103                      1012     91      889
..................................................................


WIND (MPH)
  HIGHEST WIND SPEED    15   HIGHEST WIND DIRECTION     E (110)
  HIGHEST GUST SPEED    23   HIGHEST GUST DIRECTION    SE (150)
  AVERAGE WIND SPEED     8.1


SKY COVER
  POSSIBLE SUNSHINE  MM
  AVERAGE SKY COVER 0.0


WEATHER CONDITIONS
 THE FOLLOWING WEATHER WAS RECORDED YESTERDAY.
  NO SIGNIFICANT WEATHER WAS OBSERVED.


RELATIVE HUMIDITY (PERCENT)
 HIGHEST    57           500 AM
 LOWEST     16           300 PM
 AVERAGE    37

..........................................................


THE GRAND JUNCTION CO CLIMATE NORMALS FOR TODAY
                         NORMAL    RECORD    YEAR
 MAXIMUM TEMPERATURE (F)   86        98      1995
 MINIMUM TEMPERATURE (F)   58        45      1943


SUNRISE AND SUNSET
AUGUST 31 2016........SUNRISE   643 AM MDT   SUNSET   745 PM MDT
SEPTEMBER  1 2016.....SUNRISE   643 AM MDT   SUNSET   744 PM MDT


-  INDICATES NEGATIVE NUMBERS.
R  INDICATES RECORD WAS SET OR TIED.
MM INDICATES DATA IS MISSING.
T  INDICATES TRACE AMOUNT.




$$
