000
CDUS45 KGJT 300741
CLIGJT


CLIMATE REPORT
NATIONAL WEATHER SERVICE GRAND JUNCTION CO
130 AM MDT THU OCT 30 2014


...................................

...THE GRAND JUNCTION CO CLIMATE SUMMARY FOR OCTOBER 29 2014...

CLIMATE NORMAL PERIOD 1981 TO 2010
CLIMATE RECORD PERIOD 1893 TO 2014


WEATHER ITEM   OBSERVED TIME   RECORD YEAR NORMAL DEPARTURE LAST
                VALUE   (LST)  VALUE       VALUE  FROM      YEAR
                                                  NORMAL
..................................................................
TEMPERATURE (F)
 YESTERDAY
  MAXIMUM         63    257 PM  79    1964  60      3       58
  MINIMUM         29    718 AM  16    1917  35     -6       38
  AVERAGE         46                        47     -1       48

PRECIPITATION (IN)
  YESTERDAY        0.00          0.39 2013   0.03  -0.03     0.39
  MONTH TO DATE    0.58                      1.00  -0.42     1.32
  SINCE SEP 1      2.42                      2.19   0.23     4.41
  SINCE JAN 1     10.51                      8.04   2.47    10.38

SNOWFALL (IN)
  YESTERDAY        0.0           2.3  1972   0.0    0.0      0.0
  MONTH TO DATE    0.0                       0.3   -0.3      0.1
  SINCE SEP 1      0.0                       0.3   -0.3      0.1
  SINCE JUL 1      0.0                       0.3   -0.3      0.1
  SNOW DEPTH       0

DEGREE DAYS
 HEATING
  YESTERDAY       19                        18      1       17
  MONTH TO DATE  294                       338    -44      440
  SINCE SEP 1    335                       409    -74      522
  SINCE JUL 1    340                       412    -72      522

 COOLING
  YESTERDAY        0                         0      0        0
  MONTH TO DATE    0                         1     -1        0
  SINCE SEP 1    120                       104     16      143
  SINCE JAN 1   1046                      1123    -77     1269
..................................................................


WIND (MPH)
  HIGHEST WIND SPEED    12   HIGHEST WIND DIRECTION     E (110)
  HIGHEST GUST SPEED    15   HIGHEST GUST DIRECTION    NW (310)
  AVERAGE WIND SPEED     5.1


SKY COVER
  POSSIBLE SUNSHINE  MM
  AVERAGE SKY COVER 0.0


WEATHER CONDITIONS
 THE FOLLOWING WEATHER WAS RECORDED YESTERDAY.
  NO SIGNIFICANT WEATHER WAS OBSERVED.


RELATIVE HUMIDITY (PERCENT)
 HIGHEST    58           700 AM
 LOWEST     14           200 PM
 AVERAGE    36

..........................................................


THE GRAND JUNCTION CO CLIMATE NORMALS FOR TODAY
                         NORMAL    RECORD    YEAR
 MAXIMUM TEMPERATURE (F)   60        78      1950
 MINIMUM TEMPERATURE (F)   34        19      1972


SUNRISE AND SUNSET
OCTOBER 30 2014.......SUNRISE   740 AM MDT   SUNSET   615 PM MDT
OCTOBER 31 2014.......SUNRISE   741 AM MDT   SUNSET   614 PM MDT


-  INDICATES NEGATIVE NUMBERS.
R  INDICATES RECORD WAS SET OR TIED.
MM INDICATES DATA IS MISSING.
T  INDICATES TRACE AMOUNT.




$$
