000
CDUS45 KGJT 210746
CLIGJT


CLIMATE REPORT
NATIONAL WEATHER SERVICE GRAND JUNCTION CO
130 AM MDT TUE OCT 21 2014


...................................

...THE GRAND JUNCTION CO CLIMATE SUMMARY FOR OCTOBER 20 2014...

CLIMATE NORMAL PERIOD 1981 TO 2010
CLIMATE RECORD PERIOD 1893 TO 2014


WEATHER ITEM   OBSERVED TIME   RECORD YEAR NORMAL DEPARTURE LAST
                VALUE   (LST)  VALUE       VALUE  FROM      YEAR
                                                  NORMAL
..................................................................
TEMPERATURE (F)
 YESTERDAY
  MAXIMUM         72    345 PM  79    2003  64      8       58
  MINIMUM         41    616 AM  25    1976  38      3       32
                                      1905
  AVERAGE         57                        51      6       45

PRECIPITATION (IN)
  YESTERDAY        0.00          0.27 1963   0.04  -0.04     0.00
  MONTH TO DATE    0.57                      0.72  -0.15     0.93
  SINCE SEP 1      2.41                      1.91   0.50     4.02
  SINCE JAN 1     10.50                      7.76   2.74     9.99

SNOWFALL (IN)
  YESTERDAY        0.0           0.7  1996   0.0    0.0      0.0
  MONTH TO DATE    0.0                       0.2   -0.2      0.1
  SINCE SEP 1      0.0                       0.2   -0.2      0.1
  SINCE JUL 1      0.0                       0.2   -0.2      0.1
  SNOW DEPTH       0

DEGREE DAYS
 HEATING
  YESTERDAY        8                        14     -6       20
  MONTH TO DATE  195                       196     -1      311
  SINCE SEP 1    236                       267    -31      393
  SINCE JUL 1    241                       270    -29      393

 COOLING
  YESTERDAY        0                         0      0        0
  MONTH TO DATE    0                         1     -1        0
  SINCE SEP 1    120                       104     16      143
  SINCE JAN 1   1046                      1123    -77     1269
..................................................................


WIND (MPH)
  HIGHEST WIND SPEED    16   HIGHEST WIND DIRECTION    SE (120)
  HIGHEST GUST SPEED    21   HIGHEST GUST DIRECTION    SE (120)
  AVERAGE WIND SPEED     5.8


SKY COVER
  POSSIBLE SUNSHINE  MM
  AVERAGE SKY COVER 0.1


WEATHER CONDITIONS
 THE FOLLOWING WEATHER WAS RECORDED YESTERDAY.
  NO SIGNIFICANT WEATHER WAS OBSERVED.


RELATIVE HUMIDITY (PERCENT)
 HIGHEST    67           600 AM
 LOWEST     31           400 PM
 AVERAGE    49

..........................................................


THE GRAND JUNCTION CO CLIMATE NORMALS FOR TODAY
                         NORMAL    RECORD    YEAR
 MAXIMUM TEMPERATURE (F)   64        80      2003
 MINIMUM TEMPERATURE (F)   38        22      1905


SUNRISE AND SUNSET
OCTOBER 21 2014.......SUNRISE   730 AM MDT   SUNSET   627 PM MDT
OCTOBER 22 2014.......SUNRISE   731 AM MDT   SUNSET   626 PM MDT


-  INDICATES NEGATIVE NUMBERS.
R  INDICATES RECORD WAS SET OR TIED.
MM INDICATES DATA IS MISSING.
T  INDICATES TRACE AMOUNT.




$$
