000
CDUS45 KGJT 282343
CLIGJT


CLIMATE REPORT
NATIONAL WEATHER SERVICE GRAND JUNCTION CO
441 PM MST FRI NOV 28 2014


...................................

...THE GRAND JUNCTION CO CLIMATE SUMMARY FOR NOVEMBER 28 2014...
VALID TODAY AS OF 0400 PM LOCAL TIME.

CLIMATE NORMAL PERIOD 1981 TO 2010
CLIMATE RECORD PERIOD 1893 TO 2014


WEATHER ITEM   OBSERVED TIME   RECORD YEAR NORMAL DEPARTURE LAST
                VALUE   (LST)  VALUE       VALUE  FROM      YEAR
                                                  NORMAL
..................................................................
TEMPERATURE (F)
 TODAY
  MAXIMUM         50    359 PM  60    1949  44      6       39
  MINIMUM         20    730 AM  -2    1976  23     -3       28
  AVERAGE         35                        33      2       34

PRECIPITATION (IN)
  TODAY            0.00          0.53 1928   0.02  -0.02     0.00
  MONTH TO DATE    0.39                      0.69  -0.30     1.05
  SINCE SEP 1      2.81                      2.94  -0.13     5.50
  SINCE JAN 1     10.90                      8.79   2.11    11.47

SNOWFALL (IN)
  TODAY            0.0           6.8  2004   0.1   -0.1      0.0
  MONTH TO DATE    T                         1.9   -1.9      4.7
  SINCE SEP 1      T                         2.3   -2.3      4.8
  SINCE JUL 1      T                         2.3   -2.3      4.8
  SNOW DEPTH       0

DEGREE DAYS
 HEATING
  TODAY           30                        32     -2       31
  MONTH TO DATE  807                       713     94      708
  SINCE SEP 1   1168                      1158     10     1278
  SINCE JUL 1   1173                      1161     12     1278

 COOLING
  TODAY            0                         0      0        0
  MONTH TO DATE    0                         0      0        0
  SINCE SEP 1    120                       106     14      143
  SINCE JAN 1   1046                      1125    -79     1269
..................................................................


WIND (MPH)
  HIGHEST WIND SPEED     7   HIGHEST WIND DIRECTION    NW (300)
  HIGHEST GUST SPEED    10   HIGHEST GUST DIRECTION    NW (300)
  AVERAGE WIND SPEED     3.9


SKY COVER
  POSSIBLE SUNSHINE  MM
  AVERAGE SKY COVER 0.0


WEATHER CONDITIONS
 THE FOLLOWING WEATHER WAS RECORDED TODAY.
  NO SIGNIFICANT WEATHER WAS OBSERVED.


RELATIVE HUMIDITY (PERCENT)
 HIGHEST    92           500 AM
 LOWEST     36           400 PM
 AVERAGE    64

..........................................................


THE GRAND JUNCTION CO CLIMATE NORMALS FOR TOMORROW
                         NORMAL    RECORD    YEAR
 MAXIMUM TEMPERATURE (F)   43        63      1949
 MINIMUM TEMPERATURE (F)   22         2      2004


SUNRISE AND SUNSET
NOVEMBER 28 2014......SUNRISE   711 AM MST   SUNSET   453 PM MST
NOVEMBER 29 2014......SUNRISE   712 AM MST   SUNSET   452 PM MST


-  INDICATES NEGATIVE NUMBERS.
R  INDICATES RECORD WAS SET OR TIED.
MM INDICATES DATA IS MISSING.
T  INDICATES TRACE AMOUNT.




$$
