511
CDUS43 KGLD 210805
CLIGLD

CLIMATE REPORT
NATIONAL WEATHER SERVICE GOODLAND
203 AM MDT SAT OCT 21 2017

...................................

...THE GOODLAND KS CLIMATE SUMMARY FOR OCTOBER 20 2017...

CLIMATE NORMAL PERIOD 1981 TO 2010
CLIMATE RECORD PERIOD 1895 TO 2017

WEATHER ITEM   OBSERVED TIME   RECORD YEAR NORMAL DEPARTURE LAST
                VALUE   (LST)  VALUE       VALUE  FROM      YEAR
                                                  NORMAL
..................................................................
TEMPERATURE (F)
 YESTERDAY
  MAXIMUM         80    223 PM  89    2007  65     15       62
                                      1947
  MINIMUM         52    645 AM  16    1916  36     16       34
  AVERAGE         66                        50     16       48

PRECIPITATION (IN)
  YESTERDAY        0.00          0.79 1918   0.05  -0.05     0.00
  MONTH TO DATE    0.44                      0.94  -0.50     0.04
  SINCE SEP 1      4.29                      2.16   2.13     2.53
  SINCE JAN 1     26.25                     18.06   8.19    16.57

SNOWFALL (IN)
  YESTERDAY        0.0                       0.1   -0.1      0.0
  MONTH TO DATE    T                         1.1   -1.1      0.0
  SINCE SEP 1      T                         1.5   -1.5       T
  SINCE JUL 1      T                         1.5   -1.5       T
  SNOW DEPTH       0

DEGREE DAYS
 HEATING
  YESTERDAY        0                        15    -15       17
  MONTH TO DATE  185                       229    -44      163
  SINCE SEP 1    293                       341    -48      221
  SINCE JUL 1    293                       353    -60      228

 COOLING
  YESTERDAY        1                         0      1        0
  MONTH TO DATE    1                         5     -4       22
  SINCE SEP 1    140                       105     35      144
  SINCE JAN 1    959                       938     21     1093
..................................................................

WIND (MPH)
  HIGHEST WIND SPEED    29   HIGHEST WIND DIRECTION     S (180)
  HIGHEST GUST SPEED    40   HIGHEST GUST DIRECTION     S (170)
  AVERAGE WIND SPEED    16.6


SKY COVER
  AVERAGE SKY COVER 0.0


WEATHER CONDITIONS
 THE FOLLOWING WEATHER WAS RECORDED YESTERDAY.
  NO SIGNIFICANT WEATHER WAS OBSERVED.


RELATIVE HUMIDITY (PERCENT)
 HIGHEST    96
 LOWEST     25
 AVERAGE    61

..........................................................


THE GOODLAND KS CLIMATE NORMALS FOR TODAY
                         NORMAL    RECORD    YEAR
 MAXIMUM TEMPERATURE (F)   64        90      1921
 MINIMUM TEMPERATURE (F)   36        18      1976


SUNRISE AND SUNSET
OCTOBER 21 2017.......SUNRISE   703 AM MDT   SUNSET   559 PM MDT
OCTOBER 22 2017.......SUNRISE   704 AM MDT   SUNSET   558 PM MDT


-  INDICATES NEGATIVE NUMBERS.
R  INDICATES RECORD WAS SET OR TIED.
MM INDICATES DATA IS MISSING.
T  INDICATES TRACE AMOUNT.

&&

THE AVERAGE SOIL TEMPERATURE AT THE FOUR INCH DEPTH... 58

$$
