000
CDUS43 KGLD 170800
CLIGLD

CLIMATE REPORT
NATIONAL WEATHER SERVICE GOODLAND
158 AM MDT THU AUG 17 2017

...................................

...THE GOODLAND KS CLIMATE SUMMARY FOR AUGUST 16 2017...

CLIMATE NORMAL PERIOD 1981 TO 2010
CLIMATE RECORD PERIOD 1895 TO 2017

WEATHER ITEM   OBSERVED TIME   RECORD YEAR NORMAL DEPARTURE LAST
                VALUE   (LST)  VALUE       VALUE  FROM      YEAR
                                                  NORMAL
..................................................................
TEMPERATURE (F)
 YESTERDAY
  MAXIMUM         80    205 PM 105    1983  88     -8       93
                                      1914
  MINIMUM         55   1133 PM  50    1897  60     -5       57
  AVERAGE         68                        74     -6       75

PRECIPITATION (IN)
  YESTERDAY        0.04          2.51 1897   0.09  -0.05     0.00
  MONTH TO DATE    1.69                      1.62   0.07     0.79
  SINCE JUN 1      9.51                      8.34   1.17     5.16
  SINCE JAN 1     21.90                     14.82   7.08    12.52

SNOWFALL (IN)
  YESTERDAY        0.0                       0.0    0.0      0.0
  MONTH TO DATE    T                         0.0    0.0      0.0
  SINCE JUN 1      T                         0.0    0.0      0.0
  SINCE JUL 1      T                         0.0    0.0      0.0
  SNOW DEPTH       0

DEGREE DAYS
 HEATING
  YESTERDAY        0                         0      0        0
  MONTH TO DATE    0                         0      0        0
  SINCE JUN 1     13                        41    -28        2
  SINCE JUL 1      0                         4     -4        0

 COOLING
  YESTERDAY        3                         9     -6       10
  MONTH TO DATE   79                       159    -80      164
  SINCE JUN 1    670                       672     -2      855
  SINCE JAN 1    708                       713     -5      879
..................................................................

WIND (MPH)
  HIGHEST WIND SPEED    22   HIGHEST WIND DIRECTION     N (360)
  HIGHEST GUST SPEED    28   HIGHEST GUST DIRECTION     N (10)
  AVERAGE WIND SPEED    10.3


SKY COVER
  AVERAGE SKY COVER 0.5


WEATHER CONDITIONS
 THE FOLLOWING WEATHER WAS RECORDED YESTERDAY.
  FOG


RELATIVE HUMIDITY (PERCENT)
 HIGHEST   100
 LOWEST     42
 AVERAGE    71

..........................................................


THE GOODLAND KS CLIMATE NORMALS FOR TODAY
                         NORMAL    RECORD    YEAR
 MAXIMUM TEMPERATURE (F)   88       105      1983
                                             1914
 MINIMUM TEMPERATURE (F)   60        45      1897


SUNRISE AND SUNSET
AUGUST 17 2017........SUNRISE   602 AM MDT   SUNSET   739 PM MDT
AUGUST 18 2017........SUNRISE   603 AM MDT   SUNSET   738 PM MDT


-  INDICATES NEGATIVE NUMBERS.
R  INDICATES RECORD WAS SET OR TIED.
MM INDICATES DATA IS MISSING.
T  INDICATES TRACE AMOUNT.

&&

THE AVERAGE SOIL TEMPERATURE AT THE FOUR INCH DEPTH... 74

$$
